000
CXUS51 KCLE 041715
CLSCAK
CLIMATE REPORT
NATIONAL WEATHER SERVICE CLEVELAND, OH
115 PM EDT MON SEP 04 2023
...................................
...THE AKRON CANTON OH CLIMATE SUMMARY FOR THE SEASON, FROM
6/1/2023 TO 8/31/2023...
CLIMATE NORMAL PERIOD 1991 TO 2020
CLIMATE RECORD PERIOD 1887 TO 2023
WEATHER OBSERVED NORMAL DEPART
VALUE DATE(S) VALUE FROM
NORMAL
................................................
TEMPERATURE (F)
RECORD
HIGH 104 08/06/1918
LOW 32 06/11/1972
HIGHEST 89 07/05
LOWEST 43 06/08
AVG. MAXIMUM 79.3 82.5 -3.2
AVG. MINIMUM 59.1 61.5 -2.4
MEAN 69.2 72.0 -2.8
DAYS MAX >= 90 0 9.2
DAYS MAX <= 32 0 0.0
DAYS MIN <= 32 0 0.0
DAYS MIN <= 0 0 0.0
PRECIPITATION (INCHES)
RECORD
MAXIMUM 19.89 1990
MINIMUM 3.19 1991
TOTALS 13.32 12.18 1.14
DAYS >= .01 37 34.3
DAYS >= .10 24 21.8
DAYS >= .50 10 8.1
DAYS >= 1.00 4 3.1
SNOWFALL (INCHES)
RECORDS
TOTAL T 2002
TOTALS 0.0 0.0
DAYS >= TRACE 0
DAYS >= 1.0 0 0.0
DEGREE DAYS
HEATING TOTAL 64 39 25
COOLING TOTAL 477 687 -210
................................................
WIND (MPH)
HIGHEST GUST SPEED/DIRECTION 49/340 DATE 08/24
SKY COVER
POSSIBLE SUNSHINE (PERCENT) MM
NUMBER OF DAYS FAIR 20
NUMBER OF DAYS PC 46
NUMBER OF DAYS CLOUDY 26
WEATHER CONDITIONS. NUMBER OF DAYS WITH
THUNDERSTORM 27 MIXED PRECIP 0
HEAVY RAIN 11 RAIN 17
LIGHT RAIN 38 FREEZING RAIN 0
LT FREEZING RAIN 0 HAIL 0
HEAVY SNOW 0 SNOW 0
LIGHT SNOW 0 SLEET 0
FOG 66 FOG W/VIS <= 1/4 MILE 5
HAZE 29
- INDICATES NEGATIVE NUMBERS.
R INDICATES RECORD WAS SET OR TIED.
MM INDICATES DATA IS MISSING.
T INDICATES TRACE AMOUNT.
$$