000
CXUS54 KLUB 010730
CF6CDS
PRELIMINARY LOCAL CLIMATOLOGICAL DATA (WS FORM: F-6)
STATION: CHILDRESS
MONTH: MARCH
YEAR: 2022
LATITUDE: 34 25 N
LONGITUDE: 100 17 W
TEMPERATURE IN F: :PCPN: SNOW: WIND :SUNSHINE: SKY :PK WND
================================================================================
1 2 3 4 5 6A 6B 7 8 9 10 11 12 13 14 15 16 17 18
12Z AVG MX 2MIN
DY MAX MIN AVG DEP HDD CDD WTR SNW DPTH SPD SPD DIR MIN PSBL S-S WX SPD DR
================================================================================
1 76 38 57 8 8 0 0.00 0.0 0 6.6 13 200 M M 0 24 260
2 78 37 58 9 7 0 0.00 0.0 0 7.2 13 240 M M 0 20 170
3 82 38 60 10 5 0 0.00 0.0 0 8.9 16 180 M M 0 25 170
4 77 49 63 13 2 0 0.00 0.0 0 15.4 26 210 M M 1 38 210
5 79 51 65 15 0 0 0.00 0.0 0 15.8 32 260 M M 0 8 43 260
6 54 26 40 -11 25 0 T 0.0 0 14.2 25 30 M M 5 34 60
7 47 18 33 -18 32 0 0.00 0.0 0 7.6 20 20 M M 0 27 20
8 50 26 38 -13 27 0 0.00 0.0 0 3.9 10 240 M M 1 15 90
9 59 26 43 -9 22 0 0.00 0.0 0 10.9 23 180 M M 0 38 200
10 42 26 34 -18 31 0 0.00 0.0 0 15.5 29 10 M M 3 36 10
11 40 23 32 -20 33 0 T T 0 14.1 26 10 M M 6 1 34 10
12 62 19 41 -12 24 0 0.00 0.0 0 13.0 25 210 M M 0 34 200
13 73 29 51 -2 14 0 0.00 0.0 0 16.1 29 180 M M 0 41 190
14 72 38 55 2 10 0 0.00 0.0 0 16.0 32 330 M M 2 53 350
15 71 36 54 0 11 0 0.00 0.0 0 9.2 22 320 M M 0 27 310
16 86 39 63 9 2 0 0.00 0.0 0 13.4 29 220 M M 0 38 210
17 70 42 56 2 9 0 0.00 0.0 0 17.5 41 330 M M 2 8 53 330
18 65 39 52 -3 13 0 0.00 0.0 0 15.4 35 350 M M 3 48 10
19 77 32 55 0 10 0 0.00 0.0 0 7.5 21 240 M M 0 27 270
20 82 42 62 7 3 0 0.00 0.0 0 18.0 35 170 M M 0 47 170
21 64 41 53 -3 12 0 0.01 0.0 0 18.3 35 310 M M 5 3 46 330
22 54 40 47 -9 18 0 0.00 0.0 0 27.6 45 360 M M 7 66 360
23 59 34 47 -9 18 0 0.00 0.0 0 14.3 35 330 M M 2 47 350
24 74 29 52 -5 13 0 0.00 0.0 0 10.1 24 330 M M 0 32 340
25 83 41 62 5 3 0 0.00 0.0 0 8.5 26 60 M M 0 37 60
26 77 36 57 0 8 0 0.00 0.0 0 5.4 12 130 M M 0 17 110
27 81 44 63 5 2 0 0.00 0.0 0 7.5 17 60 M M 0 24 90
28 91 39 65 7 0 0 0.00 0.0 0 9.1 20 140 M M 0 26 180
29 94 67 81 23 0 16 0.00 0.0 0 17.8 37 260 M M 2 8 53 250
30 69 42 56 -2 9 0 T 0.0 0 18.6 39 360 M M 6 61 350
31 70 40 55 -4 10 0 0.02 0.0 0 10.0 24 340 M M 1 33 350
================================================================================
SM 2158 1127 381 16 0.03 T 393.4 M 46
================================================================================
AV 69.6 36.4 12.7 FASTST M M 1 MAX(MPH)
MISC ----> 45 360 66 360
================================================================================
NOTES:
# LAST OF SEVERAL OCCURRENCES
COLUMN 17 PEAK WIND IN M.P.H.
PRELIMINARY LOCAL CLIMATOLOGICAL DATA (WS FORM: F-6) , PAGE 2
STATION: CHILDRESS
MONTH: MARCH
YEAR: 2022
LATITUDE: 34 25 N
LONGITUDE: 100 17 W
[TEMPERATURE DATA] [PRECIPITATION DATA] SYMBOLS USED IN COLUMN 16
AVERAGE MONTHLY: 53.0 TOTAL FOR MONTH: 0.03 1 = FOG OR MIST
DPTR FM NORMAL: -1.0 DPTR FM NORMAL: -1.33 2 = FOG REDUCING VISIBILITY
HIGHEST: 94 ON 29 GRTST 24HR 0.02 ON 30-31 TO 1/4 MILE OR LESS
LOWEST: 18 ON 7 3 = THUNDER
SNOW, ICE PELLETS, HAIL 4 = ICE PELLETS
TOTAL MONTH: T 5 = HAIL
GRTST 24HR T ON 11-11 6 = FREEZING RAIN OR DRIZZLE
GRTST DEPTH: 0 7 = DUSTSTORM OR SANDSTORM:
VSBY 1/2 MILE OR LESS
8 = SMOKE OR HAZE
[NO. OF DAYS WITH] [WEATHER - DAYS WITH] 9 = BLOWING SNOW
X = TORNADO
MAX 32 OR BELOW: 0 0.01 INCH OR MORE: 2
MAX 90 OR ABOVE: 2 0.10 INCH OR MORE: 0
MIN 32 OR BELOW: 10 0.50 INCH OR MORE: 0
MIN 0 OR BELOW: 0 1.00 INCH OR MORE: 0
[HDD (BASE 65) ]
TOTAL THIS MO. 381 CLEAR (SCALE 0-3) 25
DPTR FM NORMAL 19 PTCLDY (SCALE 4-7) 6
TOTAL FM JUL 1 2513 CLOUDY (SCALE 8-10) 0
DPTR FM NORMAL -373
[CDD (BASE 65) ]
TOTAL THIS MO. 16
DPTR FM NORMAL -3 [PRESSURE DATA]
TOTAL FM JAN 1 16 HIGHEST SLP M ON M
DPTR FM NORMAL -5 LOWEST SLP 29.26 ON 29
[REMARKS]
#FINAL-03-22#