000
CXUS53 KFGF 010815
CF6GFK
PRELIMINARY LOCAL CLIMATOLOGICAL DATA (WS FORM: F-6)
STATION: GRAND FORKS INTL AP ND
MONTH: MARCH
YEAR: 2023
LATITUDE: 47 57 N
LONGITUDE: 97 11 W
TEMPERATURE IN F: :PCPN: SNOW: WIND :SUNSHINE: SKY :PK WND
================================================================================
1 2 3 4 5 6A 6B 7 8 9 10 11 12 13 14 15 16 17 18
12Z AVG MX 2MIN
DY MAX MIN AVG DEP HDD CDD WTR SNW DPTH SPD SPD DIR MIN PSBL S-S WX SPD DR
================================================================================
1 17 -8 5 -11 60 0 T T 9 16.4 25 10 M M 8 8 31 10
2 16 -10 3 -14 62 0 T T 9 13.1 25 180 M M 5 189 31 180
3 37 11 24 7 41 0 0.00 0.0 9 12.0 22 180 M M 3 1 28 180
4 33 10 22 4 43 0 T 0.0 9 7.0 14 180 M M 3 1 16 180
5 21 1 11 -7 54 0 0.00 0.0 8 9.6 23 350 M M 6 18 28 350
6 19 -3 8 -11 57 0 0.00 0.0 9 22.1 30 350 M M 1 36 350
7 13 -7 3 -16 62 0 0.04 0.4 7 12.0 18 360 M M 7 1 22 360
8 19 12 16 -4 49 0 0.14 2.2 9 16.2 22 350 M M 10 19 27 350
9 24 18 21 1 44 0 0.02 0.4 10 16.6 24 350 M M 10 1 29 350
10 32 18 25 4 40 0 0.01 0.3 10 8.5 17 350 M M 8 1 20 350
11 27 22 25 3 40 0 0.42 9.1 10 21.5 30 100 M M 9 129 41 110
12 23 1 12 -10 53 0 0.06 1.0 19 19.1 28 350 M M 6 128 34 10
13 18 -11 4 -19 61 0 0.00 0.0 16 4.8 10 150 M M 1 10 150
14 26 -1 13 -10 52 0 T T 15 18.2 29 180 M M 3 19 41 180
15 30 13 22 -2 43 0 T T 12 13.5 26 360 M M 8 18 33 360
16 26 3 15 -9 50 0 T T 14 19.6 26 340 M M 8 128 33 340
17 9 -3 3 -22 62 0 T T 12 21.5 32 340 M M 7 89 42 340
18 17 2 10 -16 55 0 0.00 0.0 12 14.1 28 340 M M 2 8 34 340
19 26 -2 12 -14 53 0 0.00 0.0 11 10.8 16 350 M M 1 19 340
20 19 -1 9 -18 56 0 0.00 0.0 12 10.3 16 350 M M 2 20 350
21 29 -2 14 -13 51 0 0.23 2.3 12 8.0 17 70 M M 8 1 24 70
22 28 5 17 -11 48 0 0.01 0.1 13 12.9 21 340 M M 6 1 25 350
23 20 -6 7 -21 58 0 0.00 0.0 12 10.5 17 180 M M 1 1 M M
24 28 4 16 -13 49 0 0.00 0.0 12 9.7 20 180 M M 4 18 23 190
25 27 6 17 -13 48 0 0.00 0.0 12 12.8 22 350 M M 4 128 30 340
26 30 -2 14 -16 51 0 0.00 0.0 12 7.1 10 280 M M 3 18 12 270
27 14 -9 3 -28 62 0 0.00 0.0 12 12.0 21 350 M M 3 1 25 350
28 17 -8 5 -26 60 0 0.12 1.2 12 7.8 14 290 M M 5 18 17 290
29 20 -13 4 -28 61 0 0.00 0.0 12 9.8 15 200 M M 1 1 18 230
30 27 -4 12 -20 53 0 0.00 0.0 13 10.2 18 10 M M 4 21 10
31 34 17 26 -7 39 0 0.00 0.0 12 17.9 32 20 M M 6 38 10
================================================================================
SM 726 53 1617 0 1.05 17.0 405.6 M 153
================================================================================
AV 23.4 1.7 13.1 FASTST M M 5 MAX(MPH)
MISC ----> # 32 340 42 340
================================================================================
NOTES:
# LAST OF SEVERAL OCCURRENCES
COLUMN 17 PEAK WIND IN M.P.H.
PRELIMINARY LOCAL CLIMATOLOGICAL DATA (WS FORM: F-6) , PAGE 2
STATION: GRAND FORKS INTL AP ND
MONTH: MARCH
YEAR: 2023
LATITUDE: 47 57 N
LONGITUDE: 97 11 W
[TEMPERATURE DATA] [PRECIPITATION DATA] SYMBOLS USED IN COLUMN 16
AVERAGE MONTHLY: 12.6 TOTAL FOR MONTH: 1.05 1 = FOG OR MIST
DPTR FM NORMAL: -11.8 DPTR FM NORMAL: 0.14 2 = FOG REDUCING VISIBILITY
HIGHEST: 37 ON 3 GRTST 24HR 0.44 ON 11-12 TO 1/4 MILE OR LESS
LOWEST: -13 ON 29 3 = THUNDER
SNOW, ICE PELLETS, HAIL 4 = ICE PELLETS
TOTAL MONTH: 17.0 INCHES 5 = HAIL
GRTST 24HR 9.1 ON 11-11 6 = FREEZING RAIN OR DRIZZLE
GRTST DEPTH: 19 ON 12 7 = DUSTSTORM OR SANDSTORM:
VSBY 1/2 MILE OR LESS
8 = SMOKE OR HAZE
[NO. OF DAYS WITH] [WEATHER - DAYS WITH] 9 = BLOWING SNOW
X = TORNADO
MAX 32 OR BELOW: 28 0.01 INCH OR MORE: 9
MAX 90 OR ABOVE: 0 0.10 INCH OR MORE: 4
MIN 32 OR BELOW: 31 0.50 INCH OR MORE: 0
MIN 0 OR BELOW: 16 1.00 INCH OR MORE: 0
[HDD (BASE 65) ]
TOTAL THIS MO. 1617 CLEAR (SCALE 0-3) 10
DPTR FM NORMAL 360 PTCLDY (SCALE 4-7) 15
TOTAL FM JUL 1 8543 CLOUDY (SCALE 8-10) 6
DPTR FM NORMAL 179
[CDD (BASE 65) ]
TOTAL THIS MO. 0
DPTR FM NORMAL 0 [PRESSURE DATA]
TOTAL FM JAN 1 0 HIGHEST SLP M ON M
DPTR FM NORMAL 0 LOWEST SLP 29.55 ON 3
[REMARKS]
#FINAL-03-23#