000
CXUS54 KSHV 011400
CF6GGG
PRELIMINARY LOCAL CLIMATOLOGICAL DATA (WS FORM: F-6)
STATION: LONGVIEW
MONTH: JANUARY
YEAR: 2023
LATITUDE: 32 22 N
LONGITUDE: 94 43 W
TEMPERATURE IN F: :PCPN: SNOW: WIND :SUNSHINE: SKY :PK WND
================================================================================
1 2 3 4 5 6A 6B 7 8 9 10 11 12 13 14 15 16 17 18
12Z AVG MX 2MIN
DY MAX MIN AVG DEP HDD CDD WTR SNW DPTH SPD SPD DIR MIN PSBL S-S WX SPD DR
================================================================================
1 73 56 65 18 0 0 0.00 0.0 0 11.9 23 200 M M 4 1 33 200
2 77 66 72 25 0 7 0.57 0.0 0 10.3 29 180 M M 8 13 36 190
3 72 52 62 15 3 0 0.15 0.0 0 6.1 20 220 M M 2 13 37 260
4 60 39 50 3 15 0 0.00 0.0 0 3.1 10 310 M M 0 14 300
5 64 34 49 2 16 0 0.00 0.0 0 3.3 13 330 M M 0 18 360
6 73 35 54 7 11 0 0.00 0.0 0 7.0 18 200 M M 0 26 220
7 73 54 64 17 1 0 0.00 0.0 0 8.3 15 320 M M 6 18 22 220
8 66 40 53 6 12 0 0.00 0.0 0 4.4 12 340 M M 2 3 16 330
9 65 35 50 3 15 0 0.00 0.0 0 3.7 14 140 M M 0 19 140
10 72 43 58 11 7 0 0.00 0.0 0 10.4 20 210 M M 2 8 27 210
11 80 61 71 24 0 6 0.00 0.0 0 14.8 25 210 M M 0 8 37 190
12 68 39 54 7 11 0 0.00 0.0 0 14.6 26 340 M M 0 36 320
13 59 33 46 -1 19 0 0.00 0.0 0 7.3 20 350 M M 0 27 320
14 59 30 45 -2 20 0 0.00 0.0 0 5.9 12 140 M M 0 16 170
15 70 40 55 8 10 0 0.00 0.0 0 13.7 22 180 M M 5 30 190
16 75 59 67 20 0 2 0.00 0.0 0 11.1 23 210 M M 3 31 220
17 80 59 70 23 0 5 0.00 0.0 0 8.3 17 190 M M 3 1 23 200
18 68 54 61 14 4 0 1.32 0.0 0 9.1 23 310 M M 6 13 34 300
19 61 39 50 3 15 0 0.00 0.0 0 7.9 21 330 M M 0 29 310
20 57 33 45 -3 20 0 T 0.0 0 4.0 13 90 M M 3 17 40
21 53 44 49 1 16 0 0.01 0.0 0 4.8 12 110 M M 9 1 17 100
22 52 36 44 -4 21 0 0.00 0.0 0 9.1 22 320 M M 3 1 29 330
23 56 28 42 -6 23 0 0.00 0.0 0 3.7 12 70 M M 0 15 80
24 45 39 42 -6 23 0 1.47 0.0 0 9.6 21 290 M M 9 13 29 290
25 46 36 41 -7 24 0 T 0.0 0 10.1 21 300 M M 10 28 290
26 53 30 42 -6 23 0 0.00 0.0 0 5.7 15 330 M M 0 20 330
27 60 30 45 -3 20 0 0.00 0.0 0 7.8 18 210 M M 0 26 210
28 65 44 55 7 10 0 0.70 0.0 0 10.0 20 190 M M 10 13 27 180
29 67 38 53 5 12 0 1.43 0.0 0 7.1 22 320 M M 10 13 29 220
30 38 33 36 -12 29 0 0.22 0.0 0 9.5 15 340 M M 10 1 20 320
31 38 33 36 -13 29 0 0.92 0.0 0 8.0 17 310 M M 10 16 22 310
================================================================================
SM 1945 1292 409 20 6.79 0.0 250.6 M 115
================================================================================
AV 62.7 41.7 8.1 FASTST M M 4 MAX(MPH)
MISC ----> 29 180 # 37 260
================================================================================
NOTES:
# LAST OF SEVERAL OCCURRENCES
COLUMN 17 PEAK WIND IN M.P.H.
PRELIMINARY LOCAL CLIMATOLOGICAL DATA (WS FORM: F-6) , PAGE 2
STATION: LONGVIEW
MONTH: JANUARY
YEAR: 2023
LATITUDE: 32 22 N
LONGITUDE: 94 43 W
[TEMPERATURE DATA] [PRECIPITATION DATA] SYMBOLS USED IN COLUMN 16
AVERAGE MONTHLY: 52.2 TOTAL FOR MONTH: 6.79 1 = FOG OR MIST
DPTR FM NORMAL: 4.7 DPTR FM NORMAL: 3.17 2 = FOG REDUCING VISIBILITY
HIGHEST: 80 ON 17,11 GRTST 24HR 2.00 ON 24-24 TO 1/4 MILE OR LESS
LOWEST: 28 ON 23 3 = THUNDER
SNOW, ICE PELLETS, HAIL 4 = ICE PELLETS
TOTAL MONTH: 0.0 INCH 5 = HAIL
GRTST 24HR 0.0 6 = FREEZING RAIN OR DRIZZLE
GRTST DEPTH: 0 7 = DUSTSTORM OR SANDSTORM:
VSBY 1/2 MILE OR LESS
8 = SMOKE OR HAZE
[NO. OF DAYS WITH] [WEATHER - DAYS WITH] 9 = BLOWING SNOW
X = TORNADO
MAX 32 OR BELOW: 0 0.01 INCH OR MORE: 9
MAX 90 OR ABOVE: 0 0.10 INCH OR MORE: 8
MIN 32 OR BELOW: 4 0.50 INCH OR MORE: 6
MIN 0 OR BELOW: 0 1.00 INCH OR MORE: 3
[HDD (BASE 65) ]
TOTAL THIS MO. 409 CLEAR (SCALE 0-3) 15
DPTR FM NORMAL -139 PTCLDY (SCALE 4-7) 9
TOTAL FM JUL 1 1275 CLOUDY (SCALE 8-10) 7
DPTR FM NORMAL -138
[CDD (BASE 65) ]
TOTAL THIS MO. 20
DPTR FM NORMAL 15 [PRESSURE DATA]
TOTAL FM JAN 1 20 HIGHEST SLP 30.43 ON 26
DPTR FM NORMAL 15 LOWEST SLP 29.68 ON 18
[REMARKS]
#FINAL-01-23#