000
CXUS53 KAPX 010730
CF6GLR
PRELIMINARY LOCAL CLIMATOLOGICAL DATA (WS FORM: F-6)
STATION: GAYLORD
MONTH: APRIL
YEAR: 2023
LATITUDE: 45 0 N
LONGITUDE: 84 42 W
TEMPERATURE IN F: :PCPN: SNOW: WIND :SUNSHINE: SKY :PK WND
================================================================================
1 2 3 4 5 6A 6B 7 8 9 10 11 12 13 14 15 16 17 18
12Z AVG MX 2MIN
DY MAX MIN AVG DEP HDD CDD WTR SNW DPTH SPD SPD DIR MIN PSBL S-S WX SPD DR
================================================================================
1 35 26 31 -3 34 0 0.50 M M 9.7 20 60 M M 7 16 46 60
2 41 13 27 -7 38 0 T M M 10.0 20 160 M M 3 1 32 160
3 52 35 44 9 21 0 0.00 M M 10.9 23 210 M M 2 33 210
4 38 31 35 0 30 0 0.15 M M 9.4 18 80 M M 8 1236 34 110
5 60 34 47 11 18 0 0.91 M M 12.4 31 240 M M 8 1368 43 250
6 43 28 36 0 29 0 0.00 M M 20.3 35 250 M M 4 47 240
7 40 24 32 -5 33 0 T M M 5.0 15 300 M M 1 23 300
8 41 26 34 -3 31 0 0.04 M M 4.4 10 130 M M 8 12 14 130
9 65 29 47 10 18 0 0.00 M M 8.2 15 240 M M 2 12 20 240
10 68 48 58 20 7 0 0.00 M M 15.0 26 230 M M 2 34 220
11 72 47 60 22 5 0 0.00 M M 13.6 26 260 M M 0 39 250
12 83 52 68 29 0 3 0.00 M M 16.2 30 230 M M 0 41 230
13 85 59 72 33 0 7 0.00 M M 10.9 22 240 M M 0 31 240
14 84 46 65 25 0 0 0.00 M M 3.9 15 190 M M 0 22 180
15 85 47 66 26 0 1 T M M 4.2 23 240 M M 5 30 250
16 77 M M M M M 0.59 M M 9.5 17 200 M M 7 1 37 230
17 77 29 53 12 12 0 0.07 M M 10.6 26 230 M M 10 1238 37 230
18 34 28 31 -10 34 0 0.01 M M 12.3 22 280 M M 10 18 36 280
19 45 32 39 -3 26 0 0.08 M M 4.4 13 40 M M 8 18 20 30
20 51 36 44 2 21 0 0.10 M M 8.4 18 130 M M 8 13 31 130
21 55 42 49 6 16 0 0.00 M M 10.7 22 260 M M 5 18 32 250
22 48 35 42 -1 23 0 0.15 M M 3.7 10 290 M M 10 18 16 290
23 40 31 36 -8 29 0 0.01 M M 8.5 20 250 M M 10 18 27 270
24 44 32 38 -6 27 0 T M M 7.0 18 260 M M 7 30 270
25 45 32 39 -5 26 0 T M M 6.5 15 310 M M 9 18 25 290
26 42 30 36 -9 29 0 0.00 M M 4.1 10 260 M M 8 17 280
27 57 29 43 -2 22 0 0.00 M M 8.0 20 170 M M 6 27 180
28 65 40 53 7 12 0 0.00 M M 5.9 14 120 M M 3 21 90
29 56 44 50 4 15 0 0.43 M M 4.6 13 260 M M 10 18 18 260
30 48 38 43 -4 22 0 T M M 6.2 15 220 M M 9 1 18 220
================================================================================
SM 1676 1023 578 11 3.04 M 264.5 M 170
================================================================================
AV 55.9 35.3 8.8 FASTST M M 6 MAX(MPH)
MISC ----> 35 250 47 240
================================================================================
NOTES:
# LAST OF SEVERAL OCCURRENCES
COLUMN 17 PEAK WIND IN M.P.H.
PRELIMINARY LOCAL CLIMATOLOGICAL DATA (WS FORM: F-6) , PAGE 2
STATION: GAYLORD
MONTH: APRIL
YEAR: 2023
LATITUDE: 45 0 N
LONGITUDE: 84 42 W
[TEMPERATURE DATA] [PRECIPITATION DATA] SYMBOLS USED IN COLUMN 16
AVERAGE MONTHLY: 45.6 TOTAL FOR MONTH: 3.04 1 = FOG OR MIST
DPTR FM NORMAL: 5.3 DPTR FM NORMAL: 0.31 2 = FOG REDUCING VISIBILITY
HIGHEST: 85 ON 15,13 GRTST 24HR 1.06 ON 4- 5 TO 1/4 MILE OR LESS
LOWEST: 13 ON 2 3 = THUNDER
SNOW, ICE PELLETS, HAIL 4 = ICE PELLETS
TOTAL MONTH: M 5 = HAIL
GRTST 24HR M ON M 6 = FREEZING RAIN OR DRIZZLE
GRTST DEPTH: M ON M 7 = DUSTSTORM OR SANDSTORM:
VSBY 1/2 MILE OR LESS
8 = SMOKE OR HAZE
[NO. OF DAYS WITH] [WEATHER - DAYS WITH] 9 = BLOWING SNOW
X = TORNADO
MAX 32 OR BELOW: 0 0.01 INCH OR MORE: 12
MAX 90 OR ABOVE: 0 0.10 INCH OR MORE: 7
MIN 32 OR BELOW: 15 0.50 INCH OR MORE: 3
MIN 0 OR BELOW: 0 1.00 INCH OR MORE: 0
[HDD (BASE 65) ]
TOTAL THIS MO. 578 CLEAR (SCALE 0-3) 10
DPTR FM NORMAL -164 PTCLDY (SCALE 4-7) 11
TOTAL FM JUL 1 6618 CLOUDY (SCALE 8-10) 9
DPTR FM NORMAL -1227
[CDD (BASE 65) ]
TOTAL THIS MO. 11
DPTR FM NORMAL 10 [PRESSURE DATA]
TOTAL FM JAN 1 11 HIGHEST SLP 30.62 ON 7
DPTR FM NORMAL 10 LOWEST SLP 29.13 ON 1
[REMARKS]
#FINAL-04-23#