000
CXUS52 KJAX 011313
CLMGNV
CLIMATE REPORT
NATIONAL WEATHER SERVICE JACKSONVILLE FL
913 AM EDT WED NOV 01 2023
...................................
...THE GAINESVILLE CLIMATE SUMMARY FOR THE MONTH OF OCTOBER 2023...
CLIMATE NORMAL PERIOD: 1991 TO 2020
CLIMATE RECORD PERIOD: 1890 TO 2023
WEATHER OBSERVED NORMAL DEPART LAST YEAR`S
VALUE DATE(S) VALUE FROM VALUE DATE(S)
NORMAL
................................................................
TEMPERATURE (F)
RECORD
HIGH 96 10/09/1941
LOW 32 10/29/2008
HIGHEST 89 10/05 90 -1 89 10/08
10/06
LOWEST 44 10/18 43 1 37 10/20
AVG. MAXIMUM 83.1 82.1 1.0 82.4
AVG. MINIMUM 59.8 60.6 -0.8 55.8
MEAN 71.5 71.4 0.1 69.1
DAYS MAX >= 90 0 1.8 -1.8 0
DAYS MIN <= 32 0 0.0 0.0 0
PRECIPITATION (INCHES)
RECORD
MAXIMUM 15.78 1941
MINIMUM T 2010
TOTALS 3.73 2.68 1.05 0.16
DAILY AVG. 0.12 0.09 0.03 0.01
DAYS >= .01 2 7.2 -5.2 3
DAYS >= .10 2 4.0 -2.0 1
DAYS >= .50 2 1.6 0.4 0
DAYS >= 1.00 1 0.7 0.3 0
GREATEST
24 HR. TOTAL 3.73 10/11 TO 10/12
SNOWFALL (INCHES)
RECORDS
TOTAL T 1942
TOTALS 0.0 0.0 0.0 0.0
DEGREE DAYS
HEATING TOTAL 16 25 -9 37
SINCE 7/1 16 22 -6 MM
COOLING TOTAL 224 222 2 173
SINCE 1/1 3062 2651 411 MM
................................................................
WIND (MPH)
AVERAGE WIND SPEED 5.7
HIGHEST WIND SPEED/DIRECTION 23/050 DATE 10/03
HIGHEST GUST SPEED/DIRECTION 35/210 DATE 10/12
SKY COVER
AVERAGE SKY COVER 0.30
AVERAGE RH (PERCENT) 72
WEATHER CONDITIONS. NUMBER OF DAYS WITH
THUNDERSTORM 1 MIXED PRECIP 0
HEAVY RAIN 2 RAIN 2
LIGHT RAIN 6 FREEZING RAIN 0
LT FREEZING RAIN 0 HAIL 0
HEAVY SNOW 0 SNOW 0
LIGHT SNOW 0 SLEET 0
FOG 15 FOG W/VIS <= 1/4 MILE 6
HAZE 3
- INDICATES NEGATIVE NUMBERS.
R INDICATES RECORD WAS SET OR TIED.
MM INDICATES DATA IS MISSING.
T INDICATES TRACE AMOUNT.
$$