000
CXUS54 KHUN 012140
CF6HSV
PRELIMINARY LOCAL CLIMATOLOGICAL DATA (WS FORM: F-6)
STATION: HUNTSVILLE
MONTH: FEBRUARY
YEAR: 2021
LATITUDE: 34 39 N
LONGITUDE: 86 46 W
TEMPERATURE IN F: :PCPN: SNOW: WIND :SUNSHINE: SKY :PK WND
================================================================================
1 2 3 4 5 6A 6B 7 8 9 10 11 12 13 14 15 16 17 18
12Z AVG MX 2MIN
DY MAX MIN AVG DEP HDD CDD WTR SNW DPTH SPD SPD DIR MIN PSBL S-S WX SPD DR
================================================================================
1 39 32 36 -7 29 0 T T 0 15.3 22 320 M M 9 33 330
2 45 28 37 -6 28 0 0.00 0.0 0 9.5 17 330 M M 1 24 350
3 49 23 36 -7 29 0 0.00 0.0 0 5.3 15 20 M M 1 21 30
4 57 25 41 -2 24 0 0.17 0.0 0 11.5 24 190 M M 8 1 33 180
5 49 30 40 -3 25 0 0.00 0.0 0 5.0 21 320 M M 4 25 330
6 51 26 39 -5 26 0 0.24 0.0 0 8.8 22 120 M M 6 14 27 130
7 38 33 36 -8 29 0 0.04 T 0 7.8 17 20 M M 10 14 21 10
8 58 31 45 1 20 0 0.00 0.0 0 4.6 14 150 M M 6 1 17 160
9 64 41 53 9 12 0 0.00 0.0 0 3.2 12 310 M M 6 15 300
10 72 36 54 10 11 0 0.00 0.0 0 6.4 15 180 M M 4 12 21 190
11 55 35 45 0 20 0 0.56 0.0 0 7.4 13 360 M M 10 1 16 360
12 36 31 34 -11 31 0 T 0.0 0 10.7 16 10 M M 10 168 19 10
13 34 29 32 -13 33 0 0.09 0.0 0 9.2 16 360 M M 10 16 20 10
14 32 28 30 -15 35 0 0.02 0.0 0 10.9 18 10 M M 10 168 22 10
15 38 18 28 -18 37 0 1.07 T 0 10.0 23 300 M M 10 16 31 300
16 19 13 16 -30 49 0 0.01 0.2 T 8.7 18 270 M M 10 1 23 270
17 38 16 27 -19 38 0 0.96 3.1 T 5.9 13 360 M M 6 14 16 360
18 37 30 34 -12 31 0 0.10 T 2 8.7 17 10 M M 10 16 21 10
19 36 23 30 -17 35 0 0.00 0.0 1 8.9 21 10 M M 5 1 25 20
20 48 20 34 -13 31 0 0.00 0.0 T 2.5 7 80 M M 0 1 9 270
21 60 28 44 -3 21 0 0.00 0.0 0 11.0 23 170 M M 3 32 160
22 57 36 47 -1 18 0 0.33 0.0 0 9.0 20 200 M M 5 1 27 290
23 70 30 50 2 15 0 0.00 0.0 0 4.9 16 260 M M 0 23 260
24 72 36 54 6 11 0 0.00 0.0 0 7.3 20 230 M M 2 24 220
25 68 49 59 11 6 0 T 0.0 0 8.5 18 50 M M 4 24 30
26 60 45 53 4 12 0 1.46 0.0 0 7.7 21 270 M M 10 1 28 280
27 74 60 67 18 0 2 0.04 0.0 0 10.5 22 200 M M 9 1 32 200
28 75 59 67 18 0 2 0.35 0.0 0 11.9 26 220 M M 9 1 36 210
================================================================================
SM 1431 891 656 4 5.44 3.3 231.1 M 178
================================================================================
AV 51.1 31.8 8.3 FASTST M M 6 MAX(MPH)
MISC ----> 26 220 36 210
================================================================================
NOTES:
# LAST OF SEVERAL OCCURRENCES
COLUMN 17 PEAK WIND IN M.P.H.
PRELIMINARY LOCAL CLIMATOLOGICAL DATA (WS FORM: F-6) , PAGE 2
STATION: HUNTSVILLE
MONTH: FEBRUARY
YEAR: 2021
LATITUDE: 34 39 N
LONGITUDE: 86 46 W
[TEMPERATURE DATA] [PRECIPITATION DATA] SYMBOLS USED IN COLUMN 16
AVERAGE MONTHLY: 41.5 TOTAL FOR MONTH: 5.44 1 = FOG OR MIST
DPTR FM NORMAL: -4.2 DPTR FM NORMAL: 0.60 2 = FOG REDUCING VISIBILITY
HIGHEST: 75 ON 28 GRTST 24HR 1.46 ON 26-26 TO 1/4 MILE OR LESS
LOWEST: 13 ON 16 3 = THUNDER
SNOW, ICE PELLETS, HAIL 4 = ICE PELLETS
TOTAL MONTH: 3.3 INCHES 5 = HAIL
GRTST 24HR 3.1 ON 17-17 6 = FREEZING RAIN OR DRIZZLE
GRTST DEPTH: 2 ON 18 7 = DUSTSTORM OR SANDSTORM:
VSBY 1/2 MILE OR LESS
8 = SMOKE OR HAZE
[NO. OF DAYS WITH] [WEATHER - DAYS WITH] 9 = BLOWING SNOW
X = TORNADO
MAX 32 OR BELOW: 2 0.01 INCH OR MORE: 14
MAX 90 OR ABOVE: 0 0.10 INCH OR MORE: 9
MIN 32 OR BELOW: 18 0.50 INCH OR MORE: 4
MIN 0 OR BELOW: 0 1.00 INCH OR MORE: 2
[HDD (BASE 65) ]
TOTAL THIS MO. 656 CLEAR (SCALE 0-3) 6
DPTR FM NORMAL 114 PTCLDY (SCALE 4-7) 10
TOTAL FM JUL 1 2443 CLOUDY (SCALE 8-10) 12
DPTR FM NORMAL -9
[CDD (BASE 65) ]
TOTAL THIS MO. 4
DPTR FM NORMAL 3 [PRESSURE DATA]
TOTAL FM JAN 1 4 HIGHEST SLP 30.46 ON 20
DPTR FM NORMAL 4 LOWEST SLP 29.69 ON 4
[REMARKS]
#FINAL-02-21#