000
CXUS54 KHUN 052242
CF6HSV
PRELIMINARY LOCAL CLIMATOLOGICAL DATA (WS FORM: F-6)
STATION: HUNTSVILLE
MONTH: JANUARY
YEAR: 2024
LATITUDE: 34 39 N
LONGITUDE: 86 46 W
TEMPERATURE IN F: :PCPN: SNOW: WIND :SUNSHINE: SKY :PK WND
================================================================================
1 2 3 4 5 6A 6B 7 8 9 10 11 12 13 14 15 16 17 18
12Z AVG MX 2MIN
DY MAX MIN AVG DEP HDD CDD WTR SNW DPTH SPD SPD DIR MIN PSBL S-S WX SPD DR
================================================================================
1 41 33 37 -6 28 0 0.00 0.0 0 11.5 18 30 M M 8 24 20
2 49 29 39 -4 26 0 0.00 0.0 0 3.5 14 50 M M 6 17 50
3 41 26 34 -9 31 0 0.00 0.0 0 1.9 8 190 M M 6 1 9 180
4 44 25 35 -8 30 0 0.00 0.0 0 5.9 16 20 M M 4 12 23 30
5 49 22 36 -7 29 0 0.15 0.0 0 9.9 22 120 M M 7 1 31 120
6 50 41 46 3 19 0 0.10 0.0 0 9.2 21 130 M M 10 1 29 130
7 50 31 41 -2 24 0 T 0.0 0 7.2 14 320 M M 6 22 310
8 55 29 42 0 23 0 0.70 0.0 0 18.5 35 140 M M 7 13 56 120
9 52 37 45 3 20 0 1.47 T 0 17.3 30 250 M M 10 134 47 230
10 50 36 43 1 22 0 T T 0 10.0 22 270 M M 6 33 250
11 62 35 49 7 16 0 0.00 0.0 0 6.6 18 150 M M 1 24 140
12 58 34 46 4 19 0 0.51 0.0 0 17.5 36 150 M M 8 13 47 150
13 45 29 37 -5 28 0 T T 0 8.7 24 270 M M 4 33 270
14 40 26 33 -9 32 0 0.01 0.0 0 6.7 15 10 M M 5 6 19 20
15 27 16 22 -20 43 0 0.43 0.8 0 8.7 14 350 M M 10 146 22 340
16 21 11 16 -26 49 0 T T 1 10.4 17 330 M M 5 1 25 340
17 31 8 20 -22 45 0 0.00 0.0 1 2.6 9 130 M M 0 14 310
18 40 17 29 -13 36 0 0.23 0.0 1 6.6 15 160 M M 7 12 19 170
19 37 20 29 -13 36 0 0.00 0.0 T 10.9 18 330 M M 8 12 26 320
20 22 13 18 -24 47 0 0.00 0.0 0 10.1 16 360 M M 1 22 360
21 37 10 24 -18 41 0 0.00 0.0 0 5.0 10 110 M M 2 14 30
22 51 24 38 -5 27 0 0.00 0.0 0 9.3 17 150 M M 4 23 140
23 57 44 51 8 14 0 0.02 0.0 0 11.3 20 130 M M 8 1 25 130
24 62 54 58 15 7 0 1.49 0.0 0 9.9 23 150 M M 10 1 32 140
25 68 57 63 20 2 0 1.21 0.0 0 7.5 16 160 M M 9 138 22 200
26 67 51 59 16 6 0 0.00 0.0 0 2.1 7 170 M M 8 1 10 270
27 67 44 56 13 9 0 0.64 0.0 0 11.6 22 270 M M 10 1 35 280
28 47 42 45 2 20 0 T 0.0 0 12.3 22 290 M M 10 1 33 290
29 49 31 40 -3 25 0 0.00 0.0 0 6.8 17 360 M M 6 24 350
30 64 27 46 2 19 0 T 0.0 0 8.0 20 320 M M 4 12 27 320
31 50 34 42 -2 23 0 0.00 0.0 0 6.5 17 20 M M 3 22 20
================================================================================
SM 1483 936 796 0 6.96 0.8 274.0 M 193
================================================================================
AV 47.8 30.2 8.8 FASTST M M 6 MAX(MPH)
MISC ----> 36 150 56 120
================================================================================
NOTES:
# LAST OF SEVERAL OCCURRENCES
COLUMN 17 PEAK WIND IN M.P.H.
PRELIMINARY LOCAL CLIMATOLOGICAL DATA (WS FORM: F-6) , PAGE 2
STATION: HUNTSVILLE
MONTH: JANUARY
YEAR: 2024
LATITUDE: 34 39 N
LONGITUDE: 86 46 W
[TEMPERATURE DATA] [PRECIPITATION DATA] SYMBOLS USED IN COLUMN 16
AVERAGE MONTHLY: 39.0 TOTAL FOR MONTH: 6.96 1 = FOG OR MIST
DPTR FM NORMAL: -3.7 DPTR FM NORMAL: 1.97 2 = FOG REDUCING VISIBILITY
HIGHEST: 68 ON 25 GRTST 24HR 2.00 ON 24-25 TO 1/4 MILE OR LESS
LOWEST: 8 ON 17 3 = THUNDER
SNOW, ICE PELLETS, HAIL 4 = ICE PELLETS
TOTAL MONTH: 0.8 INCH 5 = HAIL
GRTST 24HR 0.8 ON 15-15 6 = FREEZING RAIN OR DRIZZLE
GRTST DEPTH: 1 ON 18,17 7 = DUSTSTORM OR SANDSTORM:
VSBY 1/2 MILE OR LESS
8 = SMOKE OR HAZE
[NO. OF DAYS WITH] [WEATHER - DAYS WITH] 9 = BLOWING SNOW
X = TORNADO
MAX 32 OR BELOW: 4 0.01 INCH OR MORE: 12
MAX 90 OR ABOVE: 0 0.10 INCH OR MORE: 10
MIN 32 OR BELOW: 18 0.50 INCH OR MORE: 6
MIN 0 OR BELOW: 0 1.00 INCH OR MORE: 3
[HDD (BASE 65) ]
TOTAL THIS MO. 796 CLEAR (SCALE 0-3) 5
DPTR FM NORMAL 104 PTCLDY (SCALE 4-7) 17
TOTAL FM JUL 1 1760 CLOUDY (SCALE 8-10) 9
DPTR FM NORMAL -54
[CDD (BASE 65) ]
TOTAL THIS MO. 0
DPTR FM NORMAL -1 [PRESSURE DATA]
TOTAL FM JAN 1 0 HIGHEST SLP 30.67 ON 21
DPTR FM NORMAL -1 LOWEST SLP 29.27 ON 9
[REMARKS]
#FINAL-01-24#