000
CXUS55 KVEF 012007
CF6LAS
PRELIMINARY LOCAL CLIMATOLOGICAL DATA (WS FORM: F-6)
STATION: LAS VEGAS NV
MONTH: MARCH
YEAR: 2022
LATITUDE: 36 4 N
LONGITUDE: 115 10 W
TEMPERATURE IN F: :PCPN: SNOW: WIND :SUNSHINE: SKY :PK WND
================================================================================
1 2 3 4 5 6A 6B 7 8 9 10 11 12 13 14 15 16 17 18
12Z AVG MX 2MIN
DY MAX MIN AVG DEP HDD CDD WTR SNW DPTH SPD SPD DIR MIN PSBL S-S WX SPD DR
================================================================================
1 78 46 62 5 3 0 0.00 0.0 0 3.1 9 280 M M 1 10 290
2 79 49 64 7 1 0 0.00 0.0 0 2.4 8 60 M M 5 11 70
3 79 54 67 10 0 2 0.00 0.0 0 5.1 15 200 M M 8 24 190
4 66 54 60 2 5 0 0.00 0.0 0 11.6 20 190 M M 6 30 220
5 56 44 50 -8 15 0 0.00 0.0 0 15.7 28 220 M M 4 43 220
6 60 40 50 -8 15 0 0.00 0.0 0 8.3 20 330 M M 4 26 340
7 58 44 51 -8 14 0 0.00 0.0 0 14.6 30 340 M M 1 46 350
8 61 41 51 -8 14 0 0.00 0.0 0 4.6 14 50 M M 2 17 40
9 71 44 58 -1 7 0 0.00 0.0 0 5.8 20 340 M M 3 28 350
10 59 43 51 -8 14 0 T 0.0 0 19.0 36 350 M M 5 49 340
11 61 37 49 -11 16 0 0.00 0.0 0 6.1 21 10 M M 0 27 10
12 68 41 55 -5 10 0 0.00 0.0 0 2.6 9 70 M M 0 14 60
13 72 45 59 -1 6 0 0.00 0.0 0 3.7 10 70 M M 3 15 10
14 69 52 61 1 4 0 0.00 0.0 0 6.0 21 70 M M 4 26 60
15 77 50 64 3 1 0 0.00 0.0 0 3.6 12 80 M M 5 17 80
16 76 57 67 6 0 2 0.00 0.0 0 11.9 40 350 M M 4 56 350
17 68 51 60 -1 5 0 0.00 0.0 0 6.5 17 350 M M 4 28 340
18 75 48 62 1 3 0 0.00 0.0 0 4.1 10 100 M M 2 13 50
19 79 52 66 4 0 1 0.00 0.0 0 8.1 23 250 M M 6 36 170
20 70 51 61 -1 4 0 0.00 0.0 0 20.7 39 340 M M 3 63 340
21 71 50 61 -1 4 0 0.00 0.0 0 11.0 29 10 M M 6 36 10
22 75 53 64 2 1 0 0.00 0.0 0 10.1 20 50 M M 2 24 60
23 76 53 65 2 0 0 0.00 0.0 0 4.7 18 40 M M 0 23 40
24 84 54 69 6 0 4 0.00 0.0 0 3.8 8 90 M M 1 13 20
25 90 59 75 12 0 10 0.00 0.0 0 4.8 14 70 M M 4 18 180
26 93 62 78 15 0 13 0.00 0.0 0 6.1 15 200 M M 5 24 160
27 88 63 76 13 0 11 0.00 0.0 0 8.0 22 190 M M 5 39 210
28 79 51 65 1 0 0 0.10 0.0 0 12.1 33 240 M M 7 46 250
29 72 51 62 -2 3 0 0.00 0.0 0 5.2 22 10 M M 6 26 10
30 77 57 67 3 0 2 0.00 0.0 0 5.5 17 10 M M 4 24 360
31 78 59 69 5 0 4 0.00 0.0 0 5.6 15 80 M M 8 20 160
================================================================================
SM 2265 1555 145 49 0.10 0.0 240.4 M 118
================================================================================
AV 73.1 50.2 7.8 FASTST M M 4 MAX(MPH)
MISC ----> 40 350 63 340
================================================================================
NOTES:
# LAST OF SEVERAL OCCURRENCES
COLUMN 17 PEAK WIND IN M.P.H.
PRELIMINARY LOCAL CLIMATOLOGICAL DATA (WS FORM: F-6) , PAGE 2
STATION: LAS VEGAS NV
MONTH: MARCH
YEAR: 2022
LATITUDE: 36 4 N
LONGITUDE: 115 10 W
[TEMPERATURE DATA] [PRECIPITATION DATA] SYMBOLS USED IN COLUMN 16
AVERAGE MONTHLY: 61.6 TOTAL FOR MONTH: 0.10 1 = FOG OR MIST
DPTR FM NORMAL: 0.8 DPTR FM NORMAL: -0.32 2 = FOG REDUCING VISIBILITY
HIGHEST: 93 ON 26 GRTST 24HR 0.10 ON 28-28 TO 1/4 MILE OR LESS
LOWEST: 37 ON 11 3 = THUNDER
SNOW, ICE PELLETS, HAIL 4 = ICE PELLETS
TOTAL MONTH: 0.0 INCH 5 = HAIL
GRTST 24HR 0.0 6 = FREEZING RAIN OR DRIZZLE
GRTST DEPTH: 0 7 = DUSTSTORM OR SANDSTORM:
VSBY 1/2 MILE OR LESS
8 = SMOKE OR HAZE
[NO. OF DAYS WITH] [WEATHER - DAYS WITH] 9 = BLOWING SNOW
X = TORNADO
MAX 32 OR BELOW: 0 0.01 INCH OR MORE: 1
MAX 90 OR ABOVE: 2 0.10 INCH OR MORE: 1
MIN 32 OR BELOW: 0 0.50 INCH OR MORE: 0
MIN 0 OR BELOW: 0 1.00 INCH OR MORE: 0
[HDD (BASE 65) ]
TOTAL THIS MO. 145 CLEAR (SCALE 0-3) 11
DPTR FM NORMAL -21 PTCLDY (SCALE 4-7) 20
TOTAL FM JUL 1 1559 CLOUDY (SCALE 8-10) 0
DPTR FM NORMAL -211
[CDD (BASE 65) ]
TOTAL THIS MO. 49
DPTR FM NORMAL 13 [PRESSURE DATA]
TOTAL FM JAN 1 49 HIGHEST SLP 30.44 ON 11
DPTR FM NORMAL 12 LOWEST SLP 29.47 ON 28
[REMARKS]
#FINAL-03-22#