000
CXUS53 KLMK 010800
CF6LEX
PRELIMINARY LOCAL CLIMATOLOGICAL DATA (WS FORM: F-6)
STATION: LEXINGTON KY
MONTH: SEPTEMBER
YEAR: 2020
LATITUDE: 38 1 N
LONGITUDE: 84 36 W
TEMPERATURE IN F: :PCPN: SNOW: WIND :SUNSHINE: SKY :PK WND
================================================================================
1 2 3 4 5 6A 6B 7 8 9 10 11 12 13 14 15 16 17 18
12Z AVG MX 2MIN
DY MAX MIN AVG DEP HDD CDD WTR SNW DPTH SPD SPD DIR MIN PSBL S-S WX SPD DR
================================================================================
1 85 68 77 4 0 12 0.00 0.0 0 6.4 13 210 M M 4 12 17 210
2 84 71 78 5 0 13 0.89 0.0 0 8.4 25 230 M M 6 13 34 220
3 82 71 77 4 0 12 0.16 0.0 0 10.6 22 220 M M 7 13 32 210
4 80 61 71 -1 0 6 T 0.0 0 6.7 15 290 M M 4 22 280
5 79 51 65 -7 0 0 0.00 0.0 0 2.8 10 130 M M 0 17 150
6 81 55 68 -4 0 3 0.00 0.0 0 4.2 14 180 M M 0 19 170
7 83 62 73 1 0 8 0.00 0.0 0 9.3 16 210 M M 0 23 210
8 86 63 75 4 0 10 0.00 0.0 0 4.7 9 200 M M 0 15 210
9 86 62 74 3 0 9 0.00 0.0 0 2.6 10 110 M M 0 14 50
10 87 64 76 6 0 11 0.00 0.0 0 3.8 13 40 M M 2 16 60
11 76 66 71 1 0 6 0.00 0.0 0 9.9 15 50 M M 7 1 21 60
12 82 64 73 3 0 8 0.37 0.0 0 6.4 14 190 M M 7 13 21 210
13 77 65 71 2 0 6 2.24 0.0 0 3.6 14 230 M M 7 13 21 190
14 77 62 70 1 0 5 0.00 0.0 0 8.6 15 40 M M 0 1 19 70
15 72 54 63 -5 2 0 0.00 0.0 0 8.3 14 60 M M 0 18 60
16 78 54 66 -2 0 1 0.00 0.0 0 1.5 7 240 M M 2 1 10 250
17 77 59 68 0 0 3 0.00 0.0 0 7.7 15 10 M M 0 1 21 20
18 69 50 60 -7 5 0 0.00 0.0 0 11.3 18 40 M M 1 27 360
19 68 42 55 -12 10 0 0.00 0.0 0 8.9 15 60 M M 0 20 10
20 71 44 58 -8 7 0 0.00 0.0 0 9.7 18 70 M M 0 26 70
21 72 48 60 -6 5 0 0.00 0.0 0 5.8 13 80 M M 0 16 70
22 72 44 58 -8 7 0 0.00 0.0 0 3.1 9 320 M M 1 18 12 320
23 71 49 60 -5 5 0 0.00 0.0 0 1.8 8 10 M M 0 1 12 350
24 73 57 65 0 0 0 T 0.0 0 4.2 13 170 M M 6 1 18 190
25 76 55 66 2 0 1 T 0.0 0 3.5 7 190 M M 6 1 10 160
26 76 59 68 4 0 3 0.00 0.0 0 6.2 15 210 M M 4 1 24 230
27 79 59 69 5 0 4 0.00 0.0 0 7.3 15 240 M M 4 12 22 240
28 75 53 64 1 1 0 0.24 0.0 0 9.0 24 200 M M 7 1 33 200
29 60 47 54 -9 11 0 0.31 0.0 0 5.0 15 290 M M 7 123 23 310
30 72 44 58 -4 7 0 T 0.0 0 13.5 28 200 M M 2 37 200
================================================================================
SM 2306 1703 60 121 4.21 0.0 194.8 M 84
================================================================================
AV 76.9 56.8 6.5 FASTST M M 3 MAX(MPH)
MISC ----> # 28 200 # 37 200
================================================================================
NOTES:
# LAST OF SEVERAL OCCURRENCES
COLUMN 17 PEAK WIND IN M.P.H.
PRELIMINARY LOCAL CLIMATOLOGICAL DATA (WS FORM: F-6) , PAGE 2
STATION: LEXINGTON KY
MONTH: SEPTEMBER
YEAR: 2020
LATITUDE: 38 1 N
LONGITUDE: 84 36 W
[TEMPERATURE DATA] [PRECIPITATION DATA] SYMBOLS USED IN COLUMN 16
AVERAGE MONTHLY: 66.8 TOTAL FOR MONTH: 4.21 1 = FOG OR MIST
DPTR FM NORMAL: -1.3 DPTR FM NORMAL: 1.30 2 = FOG REDUCING VISIBILITY
HIGHEST: 87 ON 10 GRTST 24HR 2.24 ON 13-13 TO 1/4 MILE OR LESS
LOWEST: 42 ON 19 3 = THUNDER
SNOW, ICE PELLETS, HAIL 4 = ICE PELLETS
TOTAL MONTH: 0.0 INCH 5 = HAIL
GRTST 24HR 0.0 6 = FREEZING RAIN OR DRIZZLE
GRTST DEPTH: 0 7 = DUSTSTORM OR SANDSTORM:
VSBY 1/2 MILE OR LESS
8 = SMOKE OR HAZE
[NO. OF DAYS WITH] [WEATHER - DAYS WITH] 9 = BLOWING SNOW
X = TORNADO
MAX 32 OR BELOW: 0 0.01 INCH OR MORE: 6
MAX 90 OR ABOVE: 0 0.10 INCH OR MORE: 6
MIN 32 OR BELOW: 0 0.50 INCH OR MORE: 2
MIN 0 OR BELOW: 0 1.00 INCH OR MORE: 1
[HDD (BASE 65) ]
TOTAL THIS MO. 60 CLEAR (SCALE 0-3) 17
DPTR FM NORMAL 8 PTCLDY (SCALE 4-7) 13
TOTAL FM JUL 1 60 CLOUDY (SCALE 8-10) 0
DPTR FM NORMAL 6
[CDD (BASE 65) ]
TOTAL THIS MO. 121
DPTR FM NORMAL -25 [PRESSURE DATA]
TOTAL FM JAN 1 1149 HIGHEST SLP 30.43 ON 21
DPTR FM NORMAL -14 LOWEST SLP 29.71 ON 28
[REMARKS]
#FINAL-09-20#