000
CXUS55 KBOU 011000
CF6LIC
PRELIMINARY LOCAL CLIMATOLOGICAL DATA (WS FORM: F-6)
STATION: LIMON CO
MONTH: NOVEMBER
YEAR: 2022
LATITUDE: 39 10 N
LONGITUDE: 103 42 W
TEMPERATURE IN F: :PCPN: SNOW: WIND :SUNSHINE: SKY :PK WND
================================================================================
1 2 3 4 5 6A 6B 7 8 9 10 11 12 13 14 15 16 17 18
12Z AVG MX 2MIN
DY MAX MIN AVG DEP HDD CDD WTR SNW DPTH SPD SPD DIR MIN PSBL S-S WX SPD DR
================================================================================
1 72 23 48 8 17 0 0.00 M M 9.2 24 180 M M 0 32 190
2 73 29 51 11 14 0 0.00 M M 8.5 23 240 M M 0 37 240
3 60 28 44 4 21 0 T M M 15.0 28 360 M M 4 36 250
4 45 14 30 -9 35 0 0.00 M M 9.4 18 330 M M 3 26 350
5 65 14 40 1 25 0 0.00 M M 5.3 15 300 M M 0 20 280
6 52 30 41 2 24 0 0.00 M M 11.0 21 30 M M 4 26 350
7 56 29 43 5 22 0 0.00 M M 20.8 32 160 M M 3 42 160
8 74 37 56 18 9 0 0.00 M M 12.0 29 190 M M 0 39 180
9 75 29 52 14 13 0 0.00 M M 16.4 40 190 M M 2 12 57 190
10 50 18 34 -3 31 0 0.00 M M 7.3 29 30 M M 4 35 30
11 36 8 22 -15 43 0 0.02 M M 5.4 15 360 M M 6 17 350
12 49 4 27 -9 38 0 0.00 M M 4.9 16 150 M M 0 20 170
13 50 6 28 -8 37 0 0.00 M M 11.2 23 350 M M 2 30 350
14 36 11 24 -12 41 0 0.00 M M 10.1 21 340 M M 5 29 340
15 31 12 22 -13 43 0 0.00 M M 7.8 12 340 M M 3 M M
16 42 6 24 -11 41 0 0.00 M M 10.5 26 330 M M 0 41 330
17 27 5 16 -18 49 0 0.01 M M 10.9 23 20 M M 7 29 20
18 22 3 13 -21 52 0 0.02 M M 5.3 14 230 M M 6 19 200
19 41 3 22 -12 43 0 0.00 M M 6.1 14 320 M M 0 18 320
20 53 2 28 -5 37 0 0.00 M M 5.5 10 350 M M 0 13 50
21 55 7 31 -2 34 0 0.00 M M 4.7 14 160 M M 0 17 140
22 55 13 34 2 31 0 0.00 M M 7.1 21 20 M M 0 26 10
23 57 8 33 1 32 0 0.00 M M 15.4 32 10 M M 0 41 10
24 42 13 28 -4 37 0 0.00 M M 16.9 31 340 M M 5 41 330
25 57 10 34 3 31 0 0.00 M M 3.6 12 210 M M 0 16 290
26 59 14 37 6 28 0 0.00 M M 13.7 35 360 M M 0 45 350
27 47 14 31 1 34 0 0.03 M M 7.2 16 210 M M 3 1 23 200
28 58 12 35 5 30 0 0.00 M M 9.6 24 350 M M 0 31 350
29 26 -3 12 -18 53 0 0.01 M M 9.5 23 360 M M 7 1 29 350
30 35 -4 16 -13 49 0 0.00 M M 8.7 23 170 M M 0 31 160
================================================================================
SM 1500 395 994 0 0.09 M 289.0 M 64
================================================================================
AV 50.0 13.2 9.6 FASTST M M 2 MAX(MPH)
MISC ----> 40 190 57 190
================================================================================
NOTES:
# LAST OF SEVERAL OCCURRENCES
COLUMN 17 PEAK WIND IN M.P.H.
PRELIMINARY LOCAL CLIMATOLOGICAL DATA (WS FORM: F-6) , PAGE 2
STATION: LIMON CO
MONTH: NOVEMBER
YEAR: 2022
LATITUDE: 39 10 N
LONGITUDE: 103 42 W
[TEMPERATURE DATA] [PRECIPITATION DATA] SYMBOLS USED IN COLUMN 16
AVERAGE MONTHLY: 31.6 TOTAL FOR MONTH: 0.09 1 = FOG OR MIST
DPTR FM NORMAL: -3.3 DPTR FM NORMAL: -0.31 2 = FOG REDUCING VISIBILITY
HIGHEST: 75 ON 9 GRTST 24HR 0.03 ON 17-18 TO 1/4 MILE OR LESS
LOWEST: -4 ON 30 3 = THUNDER
SNOW, ICE PELLETS, HAIL 4 = ICE PELLETS
TOTAL MONTH: M 5 = HAIL
GRTST 24HR M ON M 6 = FREEZING RAIN OR DRIZZLE
GRTST DEPTH: M ON M 7 = DUSTSTORM OR SANDSTORM:
VSBY 1/2 MILE OR LESS
8 = SMOKE OR HAZE
[NO. OF DAYS WITH] [WEATHER - DAYS WITH] 9 = BLOWING SNOW
X = TORNADO
MAX 32 OR BELOW: 4 0.01 INCH OR MORE: 5
MAX 90 OR ABOVE: 0 0.10 INCH OR MORE: 0
MIN 32 OR BELOW: 29 0.50 INCH OR MORE: 0
MIN 0 OR BELOW: 2 1.00 INCH OR MORE: 0
[HDD (BASE 65) ]
TOTAL THIS MO. 994 CLEAR (SCALE 0-3) 18
DPTR FM NORMAL 91 PTCLDY (SCALE 4-7) 12
TOTAL FM JUL 1 1452 CLOUDY (SCALE 8-10) 0
DPTR FM NORMAL -232
[CDD (BASE 65) ]
TOTAL THIS MO. 0
DPTR FM NORMAL 0 [PRESSURE DATA]
TOTAL FM JAN 1 760 HIGHEST SLP 30.55 ON 25
DPTR FM NORMAL 358 LOWEST SLP 29.40 ON 28
[REMARKS]
#FINAL-11-22#