000
CXUS54 KLZK 011330
CF6LLQ
PRELIMINARY LOCAL CLIMATOLOGICAL DATA (WS FORM: F-6)
STATION: MONTICELLO
MONTH: NOVEMBER
YEAR: 2022
LATITUDE: 33 37 N
LONGITUDE: 91 45 W
TEMPERATURE IN F: :PCPN: SNOW: WIND :SUNSHINE: SKY :PK WND
================================================================================
1 2 3 4 5 6A 6B 7 8 9 10 11 12 13 14 15 16 17 18
12Z AVG MX 2MIN
DY MAX MIN AVG DEP HDD CDD WTR SNW DPTH SPD SPD DIR MIN PSBL S-S WX SPD DR
================================================================================
1 68 49 59 0 6 0 0.04 0.0 0 0.5 5 310 M M 3 12 6 180
2 77 52 65 7 0 0 0.00 0.0 0 1.3 9 190 M M 3 12 13 190
3 80 52 66 8 0 1 0.00 0.0 0 3.4 13 150 M M 1 18 120
4 79 55 67 9 0 2 0.66 0.0 0 7.0 29 240 M M 6 13 43 250
5 68 50 59 2 6 0 0.96 M M 5.5 21 240 M M 4 13 31 260
6 68 44 56 -1 9 0 T M M 2.5 9 140 M M 7 12 13 140
7 72 63 68 11 0 3 0.05 0.0 M 4.1 10 40 M M 10 1 15 50
8 70 61 66 10 0 1 0.00 0.0 M 2.9 8 80 M M 7 12 11 30
9 82 61 72 16 0 7 0.00 0.0 0 3.9 14 140 M M 1 128 18 140
10 74 48 61 5 4 0 0.00 0.0 0 2.0 9 80 M M 0 12 80
11 70 47 59 4 6 0 0.01 0.0 0 4.4 14 330 M M 5 21 340
12 51 34 43 -12 22 0 0.07 0.0 0 5.6 15 320 M M 5 1 25 330
13 46 27 37 -18 28 0 0.00 0.0 0 4.6 15 70 M M 0 21 50
14 50 30 40 -14 25 0 0.28 0.0 0 5.3 17 80 M M 5 1 22 80
15 49 40 45 -9 20 0 0.00 0.0 0 5.8 13 320 M M 8 1 17 310
16 54 32 43 -11 22 0 0.00 0.0 0 4.0 12 320 M M 0 18 330
17 50 25 38 -15 27 0 0.00 0.0 0 2.4 13 300 M M 0 20 290
18 50 29 40 -13 25 0 0.00 0.0 0 2.8 17 50 M M 1 22 50
19 45 29 37 -16 28 0 0.00 0.0 0 3.1 8 50 M M 5 11 280
20 48 28 38 -14 27 0 0.00 0.0 0 3.0 13 60 M M 0 17 60
21 54 28 41 -11 24 0 0.00 0.0 0 0.9 8 80 M M 7 10 70
22 63 35 49 -3 16 0 0.00 0.0 0 1.4 8 60 M M 3 9 190
23 68 35 52 0 13 0 T 0.0 0 2.4 9 90 M M 5 12 120
24 57 51 54 3 11 0 1.55 0.0 0 5.1 13 310 M M 7 138 15 100
25 58 52 55 4 10 0 0.00 0.0 0 5.6 14 40 M M 8 1 19 50
26 65 50 58 7 7 0 0.34 0.0 0 9.0 25 260 M M 9 1 40 270
27 57 42 50 0 15 0 0.00 0.0 0 6.5 17 270 M M 5 1 26 290
28 66 38 52 2 13 0 0.00 0.0 M 3.3 10 200 M M 0 1 15 200
29 73 49 61 11 4 0 0.35 M M 7.5 20 200 M M 6 13 27 200
30 68 30 49 -1 16 0 0.00 0.0 M 5.4 16 320 M M 1 25 30
================================================================================
SM 1880 1266 384 14 4.31 0.0 121.2 M 122
================================================================================
AV 62.7 42.2 4.0 FASTST M M 4 MAX(MPH)
MISC ----> 29 240 43 250
================================================================================
NOTES:
# LAST OF SEVERAL OCCURRENCES
COLUMN 17 PEAK WIND IN M.P.H.
PRELIMINARY LOCAL CLIMATOLOGICAL DATA (WS FORM: F-6) , PAGE 2
STATION: MONTICELLO
MONTH: NOVEMBER
YEAR: 2022
LATITUDE: 33 37 N
LONGITUDE: 91 45 W
[TEMPERATURE DATA] [PRECIPITATION DATA] SYMBOLS USED IN COLUMN 16
AVERAGE MONTHLY: 52.4 TOTAL FOR MONTH: 4.31 1 = FOG OR MIST
DPTR FM NORMAL: -1.5 DPTR FM NORMAL: 0.06 2 = FOG REDUCING VISIBILITY
HIGHEST: 82 ON 9 GRTST 24HR 1.62 ON 4- 5 TO 1/4 MILE OR LESS
LOWEST: 25 ON 17 3 = THUNDER
SNOW, ICE PELLETS, HAIL 4 = ICE PELLETS
TOTAL MONTH: 0.0 INCH 5 = HAIL
GRTST 24HR 0.0 6 = FREEZING RAIN OR DRIZZLE
GRTST DEPTH: 0 7 = DUSTSTORM OR SANDSTORM:
VSBY 1/2 MILE OR LESS
8 = SMOKE OR HAZE
[NO. OF DAYS WITH] [WEATHER - DAYS WITH] 9 = BLOWING SNOW
X = TORNADO
MAX 32 OR BELOW: 0 0.01 INCH OR MORE: 10
MAX 90 OR ABOVE: 0 0.10 INCH OR MORE: 6
MIN 32 OR BELOW: 9 0.50 INCH OR MORE: 3
MIN 0 OR BELOW: 0 1.00 INCH OR MORE: 1
[HDD (BASE 65) ]
TOTAL THIS MO. 384 CLEAR (SCALE 0-3) 12
DPTR FM NORMAL 36 PTCLDY (SCALE 4-7) 14
TOTAL FM JUL 1 472 CLOUDY (SCALE 8-10) 4
DPTR FM NORMAL 8
[CDD (BASE 65) ]
TOTAL THIS MO. 14
DPTR FM NORMAL -3 [PRESSURE DATA]
TOTAL FM JAN 1 2461 HIGHEST SLP 30.54 ON 20
DPTR FM NORMAL 143 LOWEST SLP 29.60 ON 26
[REMARKS]
#FINAL-11-22#