000
CXUS54 KLZK 020103
CF6LLQ
PRELIMINARY LOCAL CLIMATOLOGICAL DATA (WS FORM: F-6)
STATION: MONTICELLO
MONTH: OCTOBER
YEAR: 2023
LATITUDE: 33 37 N
LONGITUDE: 91 45 W
TEMPERATURE IN F: :PCPN: SNOW: WIND :SUNSHINE: SKY :PK WND
================================================================================
1 2 3 4 5 6A 6B 7 8 9 10 11 12 13 14 15 16 17 18
12Z AVG MX 2MIN
DY MAX MIN AVG DEP HDD CDD WTR SNW DPTH SPD SPD DIR MIN PSBL S-S WX SPD DR
================================================================================
1 94 64 79 8 0 14 0.00 0.0 0 1.5 13 110 M M 1 17 110
2 90 65 78 7 0 13 0.00 0.0 0 1.9 10 60 M M 6 14 110
3 90 60 75 5 0 10 0.00 0.0 0 2.3 12 140 M M 0 17 160
4 74 67 71 1 0 6 0.45 0.0 0 4.6 16 50 M M 8 13 21 130
5 71 65 68 -1 0 3 0.67 0.0 0 3.8 10 60 M M 8 13 16 130
6 82 63 73 4 0 8 0.00 0.0 0 3.5 9 40 M M 4 12 17 30
7 68 47 58 -11 7 0 0.00 0.0 0 4.9 14 60 M M 1 24 60
8 73 45 59 -9 6 0 0.00 0.0 0 3.0 10 280 M M 0 16 320
9 84 56 70 2 0 5 0.00 0.0 0 7.0 15 200 M M 0 22 220
10 85 61 73 6 0 8 0.00 0.0 0 4.0 13 200 M M 0 17 200
11 71 57 64 -3 1 0 0.00 0.0 0 2.9 10 210 M M 1 14 210
12 68 57 63 -4 2 0 0.00 0.0 0 2.4 8 90 M M 9 1 12 120
13 78 56 67 1 0 2 0.00 0.0 0 3.5 14 210 M M 6 1 21 190
14 69 54 62 -4 3 0 0.00 0.0 0 6.7 15 290 M M 2 23 290
15 67 50 59 -6 6 0 0.03 0.0 0 5.5 14 340 M M 8 23 340
16 67 46 57 -8 8 0 0.00 0.0 0 4.9 14 310 M M 1 22 280
17 71 43 57 -8 8 0 0.00 0.0 0 1.5 9 310 M M 0 12 290
18 78 47 63 -1 2 0 0.00 0.0 0 4.6 14 220 M M 0 21 190
19 83 61 72 8 0 7 0.00 0.0 0 7.3 15 260 M M 2 22 220
20 87 57 72 9 0 7 0.00 0.0 0 3.9 14 270 M M 0 22 310
21 89 51 70 7 0 5 0.00 0.0 0 3.4 14 210 M M 0 19 210
22 82 56 69 6 0 4 0.00 0.0 0 3.1 12 80 M M 0 17 80
23 88 62 75 13 0 10 0.00 0.0 0 2.9 13 170 M M 0 19 170
24 88 66 77 15 0 12 0.00 0.0 0 5.3 15 150 M M 0 23 140
25 86 62 74 13 0 9 0.00 0.0 0 5.0 14 150 M M 1 19 160
26 86 65 76 15 0 11 0.02 0.0 0 5.6 15 190 M M 4 23 190
27 81 70 76 15 0 11 0.00 0.0 0 3.0 12 220 M M 8 1 19 190
28 84 69 77 17 0 12 0.00 0.0 0 4.2 13 200 M M 7 19 190
29 84 50 67 7 0 2 0.04 0.0 0 6.7 13 250 M M 7 1 23 10
30 50 40 45 -15 20 0 0.87 0.0 0 5.8 12 40 M M 6 1 22 10
31 57 35 46 -13 19 0 0.00 0.0 0 4.1 12 320 M M 0 20 40
================================================================================
SM 2425 1747 82 159 2.08 0.0 128.8 M 90
================================================================================
AV 78.2 56.4 4.2 FASTST M M 3 MAX(MPH)
MISC ----> 16 50 24 60
================================================================================
NOTES:
# LAST OF SEVERAL OCCURRENCES
COLUMN 17 PEAK WIND IN M.P.H.
PRELIMINARY LOCAL CLIMATOLOGICAL DATA (WS FORM: F-6) , PAGE 2
STATION: MONTICELLO
MONTH: OCTOBER
YEAR: 2023
LATITUDE: 33 37 N
LONGITUDE: 91 45 W
[TEMPERATURE DATA] [PRECIPITATION DATA] SYMBOLS USED IN COLUMN 16
AVERAGE MONTHLY: 67.3 TOTAL FOR MONTH: 2.08 1 = FOG OR MIST
DPTR FM NORMAL: 2.3 DPTR FM NORMAL: -2.20 2 = FOG REDUCING VISIBILITY
HIGHEST: 94 ON 1 GRTST 24HR 1.07 ON 4- 5 TO 1/4 MILE OR LESS
LOWEST: 35 ON 31 3 = THUNDER
SNOW, ICE PELLETS, HAIL 4 = ICE PELLETS
TOTAL MONTH: 0.0 INCH 5 = HAIL
GRTST 24HR 0.0 6 = FREEZING RAIN OR DRIZZLE
GRTST DEPTH: 0 7 = DUSTSTORM OR SANDSTORM:
VSBY 1/2 MILE OR LESS
8 = SMOKE OR HAZE
[NO. OF DAYS WITH] [WEATHER - DAYS WITH] 9 = BLOWING SNOW
X = TORNADO
MAX 32 OR BELOW: 0 0.01 INCH OR MORE: 6
MAX 90 OR ABOVE: 3 0.10 INCH OR MORE: 3
MIN 32 OR BELOW: 0 0.50 INCH OR MORE: 2
MIN 0 OR BELOW: 0 1.00 INCH OR MORE: 0
[HDD (BASE 65) ]
TOTAL THIS MO. 82 CLEAR (SCALE 0-3) 19
DPTR FM NORMAL -26 PTCLDY (SCALE 4-7) 10
TOTAL FM JUL 1 82 CLOUDY (SCALE 8-10) 2
DPTR FM NORMAL -34
[CDD (BASE 65) ]
TOTAL THIS MO. 159
DPTR FM NORMAL 51 [PRESSURE DATA]
TOTAL FM JAN 1 2610 HIGHEST SLP 30.43 ON 31
DPTR FM NORMAL 309 LOWEST SLP 29.72 ON 12
[REMARKS]
#FINAL-10-23#