000
CXUS51 KCAR 010700
CF6MLT
PRELIMINARY LOCAL CLIMATOLOGICAL DATA (WS FORM: F-6)
STATION: MILLINOCKET ME
MONTH: AUGUST
YEAR: 2023
LATITUDE: 45 39 N
LONGITUDE: 68 41 W
TEMPERATURE IN F: :PCPN: SNOW: WIND :SUNSHINE: SKY :PK WND
================================================================================
1 2 3 4 5 6A 6B 7 8 9 10 11 12 13 14 15 16 17 18
12Z AVG MX 2MIN
DY MAX MIN AVG DEP HDD CDD WTR SNW DPTH SPD SPD DIR MIN PSBL S-S WX SPD DR
================================================================================
1 70 52 61 -7 4 0 0.06 M M 2.8 17 290 M M 2 38 30 290
2 75 48 62 -6 3 0 0.00 M M 3.7 12 300 M M 1 18 320
3 75 47 61 -7 4 0 T M M 4.7 12 170 M M 5 12 22 190
4 63 61 62 -6 3 0 1.05 M M 4.7 10 160 M M 10 1 18 190
5 77 60 69 1 0 4 0.03 M M 4.6 13 300 M M 5 13 22 310
6 79 56 68 0 0 3 0.00 M M 5.8 18 310 M M 1 30 290
7 77 57 67 -1 0 2 T M M 2.8 8 100 M M 2 13 10
8 65 59 62 -6 3 0 2.55 M M 7.0 14 110 M M 10 13 22 110
9 71 62 67 -1 0 2 0.07 M M 9.4 21 310 M M 9 1 31 290
10 83 59 71 4 0 6 T M M 3.9 13 290 M M 1 19 300
11 75 64 70 3 0 5 0.79 M M 8.0 18 280 M M 6 13 33 290
12 77 60 69 2 0 4 0.00 M M 4.5 14 310 M M 2 23 280
13 73 60 67 0 0 2 0.22 M M 0.8 7 190 M M 6 1 11 180
14 77 56 67 0 0 2 0.00 M M 4.7 15 310 M M 3 24 310
15 78 58 68 1 0 3 0.00 M M 0.5 7 120 M M 4 10 120
16 77 57 67 0 0 2 0.05 M M 1.6 8 160 M M 7 12 19 190
17 74 62 68 1 0 3 T M M 3.5 10 140 M M 10 1 17 140
18 70 64 67 1 0 2 0.64 M M 4.9 15 90 M M 10 1 22 80
19 74 59 67 1 0 2 0.06 M M 3.5 12 310 M M 7 1 20 250
20 77 59 68 2 0 3 0.01 M M 3.7 13 310 M M 5 1 22 300
21 76 55 66 0 0 1 0.00 M M 5.0 14 300 M M 4 21 310
22 73 50 62 -4 3 0 0.00 M M 5.1 17 340 M M 3 25 330
23 78 46 62 -4 3 0 0.00 M M 4.8 16 310 M M 1 25 300
24 79 51 65 -1 0 0 T M M 1.2 8 130 M M 2 10 170
25 62 56 59 -6 6 0 0.50 M M 4.6 13 170 M M 9 1 22 170
26 76 61 69 4 0 4 0.25 M M 3.7 13 310 M M 9 13 19 280
27 75 53 64 -1 1 0 0.00 M M 3.7 12 310 M M 4 19 40
28 78 48 63 -2 2 0 0.00 M M 2.1 8 190 M M 2 14 210
29 76 61 69 5 0 4 0.01 M M 2.3 8 160 M M 8 1 14 160
30 72 60 66 2 0 1 0.12 M M 2.7 13 300 M M 8 1 21 290
31 68 50 59 -5 6 0 0.00 M M 9.4 21 340 M M 3 33 330
================================================================================
SM 2300 1751 38 55 6.41 M 129.7 M 159
================================================================================
AV 74.2 56.5 4.2 FASTST M M 5 MAX(MPH)
MISC ----> # 21 310 # 33 290
================================================================================
NOTES:
# LAST OF SEVERAL OCCURRENCES
COLUMN 17 PEAK WIND IN M.P.H.
PRELIMINARY LOCAL CLIMATOLOGICAL DATA (WS FORM: F-6) , PAGE 2
STATION: MILLINOCKET ME
MONTH: AUGUST
YEAR: 2023
LATITUDE: 45 39 N
LONGITUDE: 68 41 W
[TEMPERATURE DATA] [PRECIPITATION DATA] SYMBOLS USED IN COLUMN 16
AVERAGE MONTHLY: 65.3 TOTAL FOR MONTH: 6.41 1 = FOG OR MIST
DPTR FM NORMAL: -1.2 DPTR FM NORMAL: 2.61 2 = FOG REDUCING VISIBILITY
HIGHEST: 83 ON 10 GRTST 24HR 2.61 ON 8- 9 TO 1/4 MILE OR LESS
LOWEST: 46 ON 23 3 = THUNDER
SNOW, ICE PELLETS, HAIL 4 = ICE PELLETS
TOTAL MONTH: M 5 = HAIL
GRTST 24HR M ON M 6 = FREEZING RAIN OR DRIZZLE
GRTST DEPTH: M ON M 7 = DUSTSTORM OR SANDSTORM:
VSBY 1/2 MILE OR LESS
8 = SMOKE OR HAZE
[NO. OF DAYS WITH] [WEATHER - DAYS WITH] 9 = BLOWING SNOW
X = TORNADO
MAX 32 OR BELOW: 0 0.01 INCH OR MORE: 15
MAX 90 OR ABOVE: 0 0.10 INCH OR MORE: 8
MIN 32 OR BELOW: 0 0.50 INCH OR MORE: 5
MIN 0 OR BELOW: 0 1.00 INCH OR MORE: 2
[HDD (BASE 65) ]
TOTAL THIS MO. 38 CLEAR (SCALE 0-3) 12
DPTR FM NORMAL -6 PTCLDY (SCALE 4-7) 10
TOTAL FM JUL 1 41 CLOUDY (SCALE 8-10) 9
DPTR FM NORMAL -31
[CDD (BASE 65) ]
TOTAL THIS MO. 55
DPTR FM NORMAL -35 [PRESSURE DATA]
TOTAL FM JAN 1 359 HIGHEST SLP 30.19 ON 2
DPTR FM NORMAL 91 LOWEST SLP 29.44 ON 9
[REMARKS]
#FINAL-08-23#