000
CXUS56 KPDT 020532
CF6PDT
PRELIMINARY LOCAL CLIMATOLOGICAL DATA (WS FORM: F-6)
STATION: PENDLETON OR
MONTH: AUGUST
YEAR: 2020
LATITUDE: 45 40 N
LONGITUDE: 118 51 W
TEMPERATURE IN F: :PCPN: SNOW: WIND :SUNSHINE: SKY :PK WND
================================================================================
1 2 3 4 5 6A 6B 7 8 9 10 11 12 13 14 15 16 17 18
12Z AVG MX 2MIN
DY MAX MIN AVG DEP HDD CDD WTR SNW DPTH SPD SPD DIR MIN PSBL S-S WX SPD DR
================================================================================
1 91 65 78 4 0 13 0.00 0.0 0 8.1 20 280 M M 0 8 28 300
2 92 58 75 1 0 10 0.00 0.0 0 10.8 24 250 M M 0 33 310
3 88 61 75 1 0 10 0.00 0.0 0 9.1 21 250 M M 0 8 29 260
4 93 55 74 0 0 9 0.00 0.0 0 6.2 14 310 M M 0 8 19 320
5 96 59 78 4 0 13 0.05 0.0 0 10.0 28 290 M M 0 38 37 260
6 82 60 71 -3 0 6 T 0.0 0 19.3 36 290 M M 4 8 48 280
7 79 50 65 -9 0 0 0.00 0.0 0 5.3 16 250 M M 1 8 23 250
8 84 53 69 -5 0 4 0.00 0.0 0 10.2 20 280 M M 0 29 290
9 84 50 67 -6 0 2 0.00 0.0 0 6.2 13 350 M M 0 20 310
10 93 55 74 1 0 9 0.00 0.0 0 7.1 15 240 M M 0 8 21 230
11 90 66 78 5 0 13 0.00 0.0 0 13.9 26 240 M M 0 8 47 320
12 78 61 70 -3 0 5 T 0.0 0 11.9 26 240 M M 6 8 34 250
13 79 50 65 -8 0 0 0.00 0.0 0 8.1 21 280 M M 0 8 31 310
14 87 47 67 -5 0 2 0.00 0.0 0 6.0 13 290 M M 0 8 19 320
15 100 54 77 5 0 12 0.00 0.0 0 7.1 15 20 M M 0 22 40
16 103 65 84 12 0 19 0.00 0.0 0 8.8 24 270 M M 0 38 35 260
17 103 65 84 12 0 19 T 0.0 0 6.7 20 260 M M 0 38 25 260
18 99 72 86 14 0 21 T 0.0 0 8.3 24 270 M M 0 38 31 270
19 94 63 79 8 0 14 0.00 0.0 0 6.8 15 260 M M 0 8 22 260
20 90 64 77 6 0 12 0.00 0.0 0 7.1 17 300 M M 1 8 22 230
21 89 58 74 3 0 9 0.00 0.0 0 10.9 26 280 M M 2 8 34 280
22 83 58 71 0 0 6 0.00 0.0 0 8.6 15 260 M M 3 20 230
23 91 53 72 2 0 7 0.00 0.0 0 5.4 10 30 M M 0 16 320
24 88 55 72 2 0 7 0.00 0.0 0 5.0 14 300 M M 0 8 17 270
25 84 57 71 1 0 6 0.00 0.0 0 4.1 13 240 M M 0 8 16 250
26 85 52 69 -1 0 4 0.00 0.0 0 5.3 12 150 M M 0 8 16 320
27 85 53 69 0 0 4 0.00 0.0 0 6.5 13 280 M M 1 8 19 300
28 89 53 71 2 0 6 0.00 0.0 0 7.5 14 310 M M 1 8 22 310
29 86 57 72 3 0 7 0.00 0.0 0 15.2 36 270 M M 0 8 45 280
30 77 45 61 -8 4 0 T 0.0 0 5.3 17 260 M M 1 22 260
31 77 60 69 1 0 4 0.00 0.0 0 11.6 29 270 M M 6 8 37 270
================================================================================
SM 2739 1774 4 253 0.05 0.0 262.4 M 26
================================================================================
AV 88.4 57.2 8.5 FASTST M M 1 MAX(MPH)
MISC ----> # 36 290 # 48 280
================================================================================
NOTES:
# LAST OF SEVERAL OCCURRENCES
COLUMN 17 PEAK WIND IN M.P.H.
PRELIMINARY LOCAL CLIMATOLOGICAL DATA (WS FORM: F-6) , PAGE 2
STATION: PENDLETON OR
MONTH: AUGUST
YEAR: 2020
LATITUDE: 45 40 N
LONGITUDE: 118 51 W
[TEMPERATURE DATA] [PRECIPITATION DATA] SYMBOLS USED IN COLUMN 16
AVERAGE MONTHLY: 72.8 TOTAL FOR MONTH: 0.05 1 = FOG OR MIST
DPTR FM NORMAL: 1.0 DPTR FM NORMAL: -0.33 2 = FOG REDUCING VISIBILITY
HIGHEST: 103 ON 17,16 GRTST 24HR 0.05 ON 5- 5 TO 1/4 MILE OR LESS
LOWEST: 45 ON 30 3 = THUNDER
SNOW, ICE PELLETS, HAIL 4 = ICE PELLETS
TOTAL MONTH: 0.0 INCH 5 = HAIL
GRTST 24HR 0.0 6 = FREEZING RAIN OR DRIZZLE
GRTST DEPTH: 0 7 = DUSTSTORM OR SANDSTORM:
VSBY 1/2 MILE OR LESS
8 = SMOKE OR HAZE
[NO. OF DAYS WITH] [WEATHER - DAYS WITH] 9 = BLOWING SNOW
X = TORNADO
MAX 32 OR BELOW: 0 0.01 INCH OR MORE: 1
MAX 90 OR ABOVE: 13 0.10 INCH OR MORE: 0
MIN 32 OR BELOW: 0 0.50 INCH OR MORE: 0
MIN 0 OR BELOW: 0 1.00 INCH OR MORE: 0
[HDD (BASE 65) ]
TOTAL THIS MO. 4 CLEAR (SCALE 0-3) 28
DPTR FM NORMAL -7 PTCLDY (SCALE 4-7) 3
TOTAL FM JUL 1 5 CLOUDY (SCALE 8-10) 0
DPTR FM NORMAL -17
[CDD (BASE 65) ]
TOTAL THIS MO. 253
DPTR FM NORMAL 31 [PRESSURE DATA]
TOTAL FM JAN 1 637 HIGHEST SLP 30.17 ON 9
DPTR FM NORMAL 67 LOWEST SLP 29.63 ON 5
[REMARKS]
#FINAL-08-20#