631
CXUS53 KMPX 022059
CF6RWF
PRELIMINARY LOCAL CLIMATOLOGICAL DATA (WS FORM: F-6)
STATION: REDWOOD FALLS MN
MONTH: NOVEMBER
YEAR: 2020
LATITUDE: 44 32 N
LONGITUDE: 95 5 W
TEMPERATURE IN F: :PCPN: SNOW: WIND :SUNSHINE: SKY :PK WND
================================================================================
1 2 3 4 5 6A 6B 7 8 9 10 11 12 13 14 15 16 17 18
12Z AVG MX 2MIN
DY MAX MIN AVG DEP HDD CDD WTR SNW DPTH SPD SPD DIR MIN PSBL S-S WX SPD DR
================================================================================
1 38 24 31 -10 34 0 0.00 M M 11.7 28 320 M M 1 45 330
2 66 24 45 5 20 0 0.00 M M 9.5 15 280 M M 0 21 300
3 81 31 56 16 9 0 0.00 M M 9.0 15 290 M M 0 27 230
4 80 37 59 20 6 0 0.00 M M 7.3 15 260 M M 0 M M
5 69 43 56 18 9 0 0.00 M M 8.5 16 210 M M 0 8 22 210
6 79 50 65 27 0 0 0.00 M M 17.8 28 220 M M 0 38 210
7 72 59 66 29 0 1 0.00 M M 20.6 28 180 M M 0 39 180
8 73 54 64 27 1 0 0.00 M M 22.2 39 180 M M 2 52 170
9 65 29 47 11 18 0 0.23 M M 11.2 24 310 M M 8 13 34 330
10 30 23 27 -9 38 0 0.48 M M 11.5 29 280 M M 6 12 38 290
11 34 10 22 -13 43 0 0.26 M M 8.4 17 200 M M 1 21 220
12 28 12 20 -14 45 0 0.00 M M 7.9 17 300 M M 5 128 22 300
13 34 7 21 -13 44 0 0.09 M M 12.2 25 160 M M 0 32 160
14 40 29 35 2 30 0 0.00 M M 13.4 24 150 M M 4 32 140
15 40 28 34 2 31 0 0.00 M M 17.7 30 300 M M 5 45 300
16 44 22 33 1 32 0 0.00 M M 11.6 25 320 M M 4 38 320
17 35 16 26 -5 39 0 0.00 M M 8.9 17 150 M M 3 24 140
18 54 32 43 12 22 0 0.00 M M 13.4 25 180 M M 0 32 160
19 55 33 44 14 21 0 0.00 M M 6.3 14 320 M M 0 1 24 330
20 40 25 33 4 32 0 0.00 M M 8.2 20 300 M M 3 1 28 300
21 43 19 31 2 34 0 0.00 M M 7.5 14 190 M M 2 1 18 180
22 45 26 36 8 29 0 0.03 M M 12.3 22 310 M M 3 30 300
23 37 18 28 0 37 0 0.00 M M 10.2 18 140 M M 4 1 24 150
24 38 31 35 8 30 0 T M M 9.8 20 140 M M 10 1 27 320
25 35 31 33 7 32 0 T M M 7.2 16 200 M M 10 18 21 200
26 37 28 33 7 32 0 0.00 M M 8.4 15 190 M M 8 25 320
27 40 23 32 7 33 0 0.00 M M 9.9 16 270 M M 0 22 260
28 59 31 45 20 20 0 0.00 M M 11.0 17 220 M M 0 23 220
29 43 19 31 7 34 0 0.00 M M 15.2 30 320 M M 4 47 330
30 32 12 22 -2 43 0 0.00 M M 5.7 12 140 M M 0 15 310
================================================================================
SM 1466 826 798 1 1.09 M 334.5 M 83
================================================================================
AV 48.9 27.5 11.1 FASTST M M 3 MAX(MPH)
MISC ----> 39 180 52 170
================================================================================
NOTES:
# LAST OF SEVERAL OCCURRENCES
COLUMN 17 PEAK WIND IN M.P.H.
PRELIMINARY LOCAL CLIMATOLOGICAL DATA (WS FORM: F-6) , PAGE 2
STATION: REDWOOD FALLS MN
MONTH: NOVEMBER
YEAR: 2020
LATITUDE: 44 32 N
LONGITUDE: 95 5 W
[TEMPERATURE DATA] [PRECIPITATION DATA] SYMBOLS USED IN COLUMN 16
AVERAGE MONTHLY: 38.2 TOTAL FOR MONTH: 1.09 1 = FOG OR MIST
DPTR FM NORMAL: 6.0 DPTR FM NORMAL: -0.34 2 = FOG REDUCING VISIBILITY
HIGHEST: 81 ON 3 GRTST 24HR 0.65 ON 9- 9 TO 1/4 MILE OR LESS
LOWEST: 7 ON 13 3 = THUNDER
SNOW, ICE PELLETS, HAIL 4 = ICE PELLETS
TOTAL MONTH: M 5 = HAIL
GRTST 24HR M ON M 6 = FREEZING RAIN OR DRIZZLE
GRTST DEPTH: M ON M 7 = DUSTSTORM OR SANDSTORM:
VSBY 1/2 MILE OR LESS
8 = SMOKE OR HAZE
[NO. OF DAYS WITH] [WEATHER - DAYS WITH] 9 = BLOWING SNOW
X = TORNADO
MAX 32 OR BELOW: 3 0.01 INCH OR MORE: 5
MAX 90 OR ABOVE: 0 0.10 INCH OR MORE: 3
MIN 32 OR BELOW: 24 0.50 INCH OR MORE: 0
MIN 0 OR BELOW: 0 1.00 INCH OR MORE: 0
[HDD (BASE 65) ]
TOTAL THIS MO. 798 CLEAR (SCALE 0-3) 18
DPTR FM NORMAL -188 PTCLDY (SCALE 4-7) 9
TOTAL FM JUL 1 1659 CLOUDY (SCALE 8-10) 3
DPTR FM NORMAL -58
[CDD (BASE 65) ]
TOTAL THIS MO. 1
DPTR FM NORMAL 1 [PRESSURE DATA]
TOTAL FM JAN 1 805 HIGHEST SLP 30.60 ON 21
DPTR FM NORMAL 136 LOWEST SLP 29.43 ON 14
[REMARKS]
#FINAL-11-20#
THE PRECIPITATION DATA IS FROM THE REDWOOD FALLS
COOP STATION WITH AN OBSERVATION TIME OF 7 AM.