000
CXUS54 KFWD 310730
CF6AFW
PRELIMINARY LOCAL CLIMATOLOGICAL DATA (WS FORM: F-6)

                                          STATION:   FORT WORTH ALLIANCE
                                          MONTH:     JULY
                                          YEAR:      2014
                                          LATITUDE:   32 58 N
                                          LONGITUDE:  97 19 W

  TEMPERATURE IN F:       :PCPN:    SNOW:  WIND      :SUNSHINE: SKY     :PK WND
================================================================================
1   2   3   4   5  6A  6B    7    8   9   10  11  12  13   14  15   16   17  18
                                     12Z  AVG MX 2MIN
DY MAX MIN AVG DEP HDD CDD  WTR  SNW DPTH SPD SPD DIR MIN PSBL S-S WX    SPD DR
================================================================================

 1  94  73  84   1   0  19 0.00  0.0    0  8.9 17 170   M    M   6        29 190
 2  89  73  81  -2   0  16 0.00  0.0    0  4.8 15  30   M    M   8        20  50
 3  84  70  77  -7   0  12 0.00  0.0    0  6.7 23  40   M    M   8        29  40
 4  93  70  82  -2   0  17 0.00  0.0    0  4.6 16 130   M    M   5        21 130
 5  92  72  82  -2   0  17 0.00  0.0    0  7.0 14 150   M    M   2        18 160
 6  94  71  83  -1   0  18 0.00  0.0    0  8.1 15 230   M    M   4        21 220
 7  98  73  86   2   0  21 0.00  0.0    0  7.2 16  70   M    M   5 3      24 180
 8  97  75  86   2   0  21 0.00  0.0    0  7.0 14 210   M    M   5        20 210
 9  96  73  85   1   0  20 0.00  0.0    0  5.4 15 140   M    M   6        22 150
10  97  76  87   3   0  22 0.00  0.0    0  9.0 16 170   M    M   3        23 160
11  95  71  83  -2   0  18 0.00  0.0    0  8.4 17 170   M    M   1        25 230
12  97  69  83  -2   0  18 0.00  0.0    0  6.7 16 160   M    M   1        22 180
13  99  73  86   1   0  21 0.00  0.0    0  5.0 14 230   M    M   1        18 230
14 102  73  88   3   0  23 0.09  0.0    0  5.6 20 360   M    M   5 3      22 360
15  90  71  81  -4   0  16 0.00  0.0    0  9.3 20  50   M    M   6        24  10
16  90  67  79  -6   0  14 0.01  0.0    0  7.2 16 150   M    M   8        23 150
17  78  66  72 -13   0   7 1.87  0.0    0  7.5 16  80   M    M  10 13     22 350
18  75  64  70 -15   0   5    T  0.0    0  7.2 13  30   M    M  10 18     16  10
19  78  66  72 -13   0   7 0.00  0.0    0  3.4 10 110   M    M   8 18     14 110
20  92  65  79  -7   0  14 0.00  0.0    0  6.3 13 130   M    M   3 18     16 130
21  96  74  85  -1   0  20 0.00  0.0    0  6.8 14 130   M    M   4 18     20 130
22  96  75  86   0   0  21 0.00  0.0    0  4.4 12  60   M    M   3 18     18  40
23  94  70  82  -4   0  17 0.00  0.0    0  3.4 20 110   M    M   4 18     28  80
24  94  72  83  -3   0  18 0.00  0.0    0  4.5 10  60   M    M   3        15  40
25  98  72  85  -1   0  20 0.00  0.0    0  5.8 13 170   M    M   2        18 160
26  99  77  88   2   0  23 0.00  0.0    0  8.0 15 160   M    M   2        21 190
27 102  79  91   5   0  26 0.00  0.0    0  6.4 13 180   M    M   2        18 170
28  92  75  84  -2   0  19 0.00  0.0    0  8.8 22  10   M    M   6        29  10
29  81  70  76 -10   0  11 0.03  0.0    0  2.7 10 220   M    M   9        13  50
30  89  69  79  -7   0  14 0.21  0.0    0  9.1 18 160   M    M   8 18     24 160
================================================================================
SM 2771 2144         0 515  2.21     0.0 195.2          M      148
================================================================================
AV 92.4 71.5                               6.5 FASTST   M    M   5    MAX(MPH)
                                 MISC ---->  # 23  40               # 29  190
================================================================================
NOTES:
# LAST OF SEVERAL OCCURRENCES

COLUMN 17 PEAK WIND IN M.P.H.

PRELIMINARY LOCAL CLIMATOLOGICAL DATA (WS FORM: F-6) , PAGE 2

                                          STATION:  FORT WORTH ALLIANCE
                                          MONTH:    JULY
                                          YEAR:     2014
                                          LATITUDE:   32 58 N
                                          LONGITUDE:  97 19 W

[TEMPERATURE DATA]      [PRECIPITATION DATA]       SYMBOLS USED IN COLUMN 16

AVERAGE MONTHLY: 81.9   TOTAL FOR MONTH:   2.21    1 = FOG OR MIST
DPTR FM NORMAL:  -3.0   DPTR FM NORMAL:   -0.29    2 = FOG REDUCING VISIBILITY
HIGHEST:   102 ON 27,14 GRTST 24HR  1.88 ON 16-17      TO 1/4 MILE OR LESS
LOWEST:     64 ON 18                               3 = THUNDER
                        SNOW, ICE PELLETS, HAIL    4 = ICE PELLETS
                        TOTAL MONTH:   0.0 INCH    5 = HAIL
                        GRTST 24HR     0.0         6 = FREEZING RAIN OR DRIZZLE
                        GRTST DEPTH:   0           7 = DUSTSTORM OR SANDSTORM:
                                                       VSBY 1/2 MILE OR LESS
                                                   8 = SMOKE OR HAZE
[NO. OF DAYS WITH]      [WEATHER - DAYS WITH]      9 = BLOWING SNOW
                                                   X = TORNADO
MAX 32 OR BELOW:   0    0.01 INCH OR MORE:   5
MAX 90 OR ABOVE:  23    0.10 INCH OR MORE:   2
MIN 32 OR BELOW:   0    0.50 INCH OR MORE:   1
MIN  0 OR BELOW:   0    1.00 INCH OR MORE:   1

[HDD (BASE 65) ]
TOTAL THIS MO.     0    CLEAR  (SCALE 0-3)   9
DPTR FM NORMAL     0    PTCLDY (SCALE 4-7)  17
TOTAL FM JUL 1     0    CLOUDY (SCALE 8-10)  4
DPTR FM NORMAL     0

[CDD (BASE 65) ]
TOTAL THIS MO.   515
DPTR FM NORMAL   -83    [PRESSURE DATA]
TOTAL FM JAN 1  1350    HIGHEST SLP M ON M
DPTR FM NORMAL   -92    LOWEST  SLP 29.80 ON  1

[REMARKS]
