000
CXUS55 KVEF 280940
CF6BIH
PRELIMINARY LOCAL CLIMATOLOGICAL DATA (WS FORM: F-6)

                                          STATION:   BISHOP CA
                                          MONTH:     JUNE
                                          YEAR:      2017
                                          LATITUDE:   37 22 N
                                          LONGITUDE: 118 22 W

  TEMPERATURE IN F:       :PCPN:    SNOW:  WIND      :SUNSHINE: SKY     :PK WND
================================================================================
1   2   3   4   5  6A  6B    7    8   9   10  11  12  13   14  15   16   17  18
                                     12Z  AVG MX 2MIN
DY MAX MIN AVG DEP HDD CDD  WTR  SNW DPTH SPD SPD DIR MIN PSBL S-S WX    SPD DR
================================================================================

 1  86  43  65  -3   0   0 0.00  0.0    0  5.5 15 160   M    M   0        20 160
 2  93  48  71   3   0   6 0.00  0.0    0  7.3 17 190   M    M   0        22 190
 3  96  50  73   5   0   8 0.00  0.0    0  7.3 20 270   M    M   0        24 190
 4  94  52  73   5   0   8 0.00  0.0    0  7.8 25 270   M    M   0        33 270
 5  94  51  73   4   0   8 0.00  0.0    0  6.3 14 180   M    M   0        17 180
 6  96  51  74   5   0   9 0.00  0.0    0  7.6 20 160   M    M   0        28 130
 7  97  48  73   4   0   8 0.00  0.0    0 10.8 28 160   M    M   0        34 140
 8  87  54  71   1   0   6 0.00  0.0    0  9.8 26 270   M    M   0        36 360
 9  92  53  73   3   0   8 0.00  0.0    0 10.8 25 260   M    M   0        30 260
10  89  46  68  -2   0   3 0.00  0.0    0  7.5 25  20   M    M   0        31  30
11  79  41  60 -10   5   0 0.00  0.0    0 13.4 33 270   M    M   0        42 280
12  75  39  57 -13   8   0 0.00  0.0    0  9.9 22 330   M    M   0        30 340
13  84  43  64  -7   1   0 0.00  0.0    0  8.2 16 170   M    M   0        23 170
14  92  48  70  -1   0   5 0.00  0.0    0  6.0 13 160   M    M   0        19 170
15  98  49  74   3   0   9 0.00  0.0    0  5.2 10 280   M    M   0        13  40
16 100  61  81   9   0  16 0.00  0.0    0  6.6 13 250   M    M   0        21 220
17 104  62  83  11   0  18 0.00  0.0    0  5.7 15 340   M    M   0        17 360
18 103  69  86  14   0  21 0.00  0.0    0  6.5 20 330   M    M   0        27 330
19 106  67  87  15   0  22 0.00  0.0    0  7.1 22 150   M    M   0        30 130
20 107  60  84  11   0  19 0.00  0.0    0  7.1 20 160   M    M   0        25 140
21 105  62  84  11   0  19 0.00  0.0    0  5.5 28 360   M    M   0 8      35  10
22 105  67  86  13   0  21 0.00  0.0    M  7.3 15 330   M    M   0        20 350
23 103  67  85  11   0  20 0.00  0.0    0  6.1 16 260   M    M   0        19 260
24 104  64  84  10   0  19    T  0.0    0  7.3 36 250   M    M   0        47 260
25 104  59  82   8   0  17 0.00  0.0    0  7.0 20 270   M    M   0        26 260
26 100  59  80   6   0  15 0.00  0.0    0 10.2 26 250   M    M   0        36 270
27 100  49  75   0   0  10 0.00  0.0    0  6.4 17 360   M    M   0        23 360
================================================================================
SM 2593 1462        14 295    T      0.0 206.2          M        0
================================================================================
AV 96.0 54.2                               7.6 FASTST   M    M   0    MAX(MPH)
                                 MISC ---->  # 36 250               # 47  260
================================================================================
NOTES:
# LAST OF SEVERAL OCCURRENCES

COLUMN 17 PEAK WIND IN M.P.H.

PRELIMINARY LOCAL CLIMATOLOGICAL DATA (WS FORM: F-6) , PAGE 2

                                          STATION:  BISHOP CA
                                          MONTH:    JUNE
                                          YEAR:     2017
                                          LATITUDE:   37 22 N
                                          LONGITUDE: 118 22 W

[TEMPERATURE DATA]      [PRECIPITATION DATA]       SYMBOLS USED IN COLUMN 16

AVERAGE MONTHLY: 75.1   TOTAL FOR MONTH:      T    1 = FOG OR MIST
DPTR FM NORMAL:   4.0   DPTR FM NORMAL:   -0.18    2 = FOG REDUCING VISIBILITY
HIGHEST:   107 ON 20    GRTST 24HR    T  ON 24-24      TO 1/4 MILE OR LESS
LOWEST:     39 ON 12                               3 = THUNDER
                        SNOW, ICE PELLETS, HAIL    4 = ICE PELLETS
                        TOTAL MONTH:   0.0 INCH    5 = HAIL
                        GRTST 24HR     0.0         6 = FREEZING RAIN OR DRIZZLE
                        GRTST DEPTH:   0           7 = DUSTSTORM OR SANDSTORM:
                                                       VSBY 1/2 MILE OR LESS
                                                   8 = SMOKE OR HAZE
[NO. OF DAYS WITH]      [WEATHER - DAYS WITH]      9 = BLOWING SNOW
                                                   X = TORNADO
MAX 32 OR BELOW:   0    0.01 INCH OR MORE:   0
MAX 90 OR ABOVE:  21    0.10 INCH OR MORE:   0
MIN 32 OR BELOW:   0    0.50 INCH OR MORE:   0
MIN  0 OR BELOW:   0    1.00 INCH OR MORE:   0

[HDD (BASE 65) ]
TOTAL THIS MO.    14    CLEAR  (SCALE 0-3)  27
DPTR FM NORMAL    -3    PTCLDY (SCALE 4-7)   0
TOTAL FM JUL 1  3797    CLOUDY (SCALE 8-10)  0
DPTR FM NORMAL  -378

[CDD (BASE 65) ]
TOTAL THIS MO.   295
DPTR FM NORMAL   113    [PRESSURE DATA]
TOTAL FM JAN 1   352    HIGHEST SLP M ON M
DPTR FM NORMAL   102    LOWEST  SLP 29.49 ON 11

[REMARKS]
