000
CXUS54 KSHV 271300
CF6DEQ
PRELIMINARY LOCAL CLIMATOLOGICAL DATA (WS FORM: F-6)

                                          STATION:   DE QUEEN
                                          MONTH:     DECEMBER
                                          YEAR:      2014
                                          LATITUDE:   34  2 N
                                          LONGITUDE:  94 24 W

  TEMPERATURE IN F:       :PCPN:    SNOW:  WIND      :SUNSHINE: SKY     :PK WND
================================================================================
1   2   3   4   5  6A  6B    7    8   9   10  11  12  13   14  15   16   17  18
                                     12Z  AVG MX 2MIN
DY MAX MIN AVG DEP HDD CDD  WTR  SNW DPTH SPD SPD DIR MIN PSBL S-S WX    SPD DR
================================================================================

 1  63  37  50   4  15   0    T  0.0    0  4.7 12 330   M    M  10 18     16 350
 2  45  35  40  -5  25   0 0.00  0.0    0  3.8  8 240   M    M   8 128     9 250
 3  47  40  44  -1  21   0 0.05  0.0    0  6.7 12  90   M    M  10 1      17  80
 4  54  46  50   5  15   0 0.00  0.0    0  5.2  8 100   M    M  10 1      10 120
 5  73  54  64  19   1   0 0.44  0.0    0  3.5 15 330   M    M  10 1      20 340
 6  66  46  56  12   9   0 0.00  0.0    0  4.7 14  30   M    M   3 1      21  10
 7  51  43  47   3  18   0 0.00  0.0    0  4.6 14  70   M    M   9 1      18  80
 8  57  33  45   1  20   0 0.00  0.0    0  2.4 12 270   M    M   4 128    16 250
 9  69  31  50   6  15   0 0.00  0.0    0  2.7 12 320   M    M   4 128    19 300
10  53  32  43   0  22   0 0.00  0.0    0  3.8 13 100   M    M   2 18     16 100
11  45  41  43   0  22   0    T  0.0    0  5.7 10  90   M    M  10 1      13  90
12  47  43  45   2  20   0 0.13  0.0    0  6.4 12  80   M    M  10 1      14  90
13  53  47  50   7  15   0    T  0.0    0  5.7  9  70   M    M  10 12     12  90
14  67  51  59  16   6   0 0.69  0.0    0  6.7 17 150   M    M  10 138    26 120
15  63  39  51   8  14   0 0.18  0.0    0  9.1 23 260   M    M   3 13     30 280
16  52  30  41  -1  24   0 0.00  0.0    0  5.3 14 310   M    M   0 1      18 330
17  40  29  35  -7  30   0 0.15  0.0    0  3.9 13  90   M    M   7 12     16  90
18  46  38  42   0  23   0 0.01  0.0    0  4.8 14 110   M    M   9 1      19 110
19  46  43  45   3  20   0    T  0.0    0  4.8 12 110   M    M  10 1      14 120
20  50  43  47   5  18   0 0.00  0.0    0  1.6  6  60   M    M  10 18      8  80
21  53  42  48   6  17   0 0.00  0.0    0  5.1 12 170   M    M  10 18     16 170
22  64  44  54  12  11   0 0.00  0.0    0  5.0 12 170   M    M   7 18     16 170
23  53  41  47   5  18   0    M  0.0    0  3.9 14 130   M    M   5 1      17 320
24  46  28  37  -5  28   0 0.00  0.0    0  6.6 17 300   M    M   8 12     25 320
25  59  24  42   0  23   0 0.00  0.0    0  5.2 18 190   M    M   0 1      23 210
26  56  44  50   8  15   0 0.01    M    0  5.2 10 130   M    M   9 12     15 140
================================================================================
SM 1418 1024       465   0  1.66     0.0 127.1          M      188
================================================================================
AV 54.5 39.4                               4.9 FASTST   M    M   7    MAX(MPH)
                                 MISC ---->  # 23 260               # 30  280
================================================================================
NOTES:
# LAST OF SEVERAL OCCURRENCES

COLUMN 17 PEAK WIND IN M.P.H.

PRELIMINARY LOCAL CLIMATOLOGICAL DATA (WS FORM: F-6) , PAGE 2

                                          STATION:  DE QUEEN
                                          MONTH:    DECEMBER
                                          YEAR:     2014
                                          LATITUDE:   34  2 N
                                          LONGITUDE:  94 24 W

[TEMPERATURE DATA]      [PRECIPITATION DATA]       SYMBOLS USED IN COLUMN 16

AVERAGE MONTHLY: 47.0   TOTAL FOR MONTH:   1.66    1 = FOG OR MIST
DPTR FM NORMAL:   3.8   DPTR FM NORMAL:   -1.84    2 = FOG REDUCING VISIBILITY
HIGHEST:    73 ON  5    GRTST 24HR  0.79 ON 14-15      TO 1/4 MILE OR LESS
LOWEST:     24 ON 25                               3 = THUNDER
                        SNOW, ICE PELLETS, HAIL    4 = ICE PELLETS
                        TOTAL MONTH:   0.0 INCH    5 = HAIL
                        GRTST 24HR     0.0         6 = FREEZING RAIN OR DRIZZLE
                        GRTST DEPTH:   0           7 = DUSTSTORM OR SANDSTORM:
                                                       VSBY 1/2 MILE OR LESS
                                                   8 = SMOKE OR HAZE
[NO. OF DAYS WITH]      [WEATHER - DAYS WITH]      9 = BLOWING SNOW
                                                   X = TORNADO
MAX 32 OR BELOW:   0    0.01 INCH OR MORE:   8
MAX 90 OR ABOVE:   0    0.10 INCH OR MORE:   5
MIN 32 OR BELOW:   6    0.50 INCH OR MORE:   1
MIN  0 OR BELOW:   0    1.00 INCH OR MORE:   0

[HDD (BASE 65) ]
TOTAL THIS MO.   465    CLEAR  (SCALE 0-3)   5
DPTR FM NORMAL  -102    PTCLDY (SCALE 4-7)   7
TOTAL FM JUL 1  1087    CLOUDY (SCALE 8-10) 14
DPTR FM NORMAL    -6

[CDD (BASE 65) ]
TOTAL THIS MO.     0
DPTR FM NORMAL     0    [PRESSURE DATA]
TOTAL FM JAN 1  1712    HIGHEST SLP M ON M
DPTR FM NORMAL  -229    LOWEST  SLP 29.53 ON 22

[REMARKS]
