000
CXUS54 KSHV 011300
CF6DEQ
PRELIMINARY LOCAL CLIMATOLOGICAL DATA (WS FORM: F-6)

                                          STATION:   DE QUEEN
                                          MONTH:     JUNE
                                          YEAR:      2015
                                          LATITUDE:   34  2 N
                                          LONGITUDE:  94 24 W

  TEMPERATURE IN F:       :PCPN:    SNOW:  WIND      :SUNSHINE: SKY     :PK WND
================================================================================
1   2   3   4   5  6A  6B    7    8   9   10  11  12  13   14  15   16   17  18
                                     12Z  AVG MX 2MIN
DY MAX MIN AVG DEP HDD CDD  WTR  SNW DPTH SPD SPD DIR MIN PSBL S-S WX    SPD DR
================================================================================

 1  82  62  72  -2   0   7 0.00  0.0    0  2.4 10 130   M    M   5 1      15 170
 2  83  62  73  -1   0   8 0.00  0.0    0  2.1  9 120   M    M   4 128    11 130
 3  87  64  76   1   0  11 0.00  0.0    0  3.1  9 110   M    M   1 1      13 200
 4  89  64  77   2   0  12 0.00  0.0    0  2.4  8 190   M    M   1 12     12 180
 5  89  66  78   3   0  13 0.00  0.0    0  1.9  8 170   M    M   1 12     11 180
 6  92  65  79   4   0  14 0.00  0.0    0  1.9  8 180   M    M   3 128    10  90
 7  92  67  80   4   0  15 0.00  0.0    0  2.1 10 180   M    M   1 128    14 210
 8  91  69  80   4   0  15 0.00  0.0    0  3.8 14 260   M    M   1 128    19 240
 9  95  69  82   6   0  17 0.00  0.0    0  1.3  8  70   M    M   1 12     12  40
10  94  66  80   4   0  15 0.00  0.0    0  1.8  8 160   M    M   1 1      12 220
11  93  69  81   4   0  16 0.00  0.0    0  3.9 13 200   M    M   2 18     17 220
12  92  70  81   4   0  16 0.03  0.0    0  4.2 18 170   M    M   3 1      25 160
13  88  73  81   4   0  16    T  0.0    0  6.7 18 180   M    M   6 1      26 200
14  91  75  83   5   0  18 0.02  0.0    0  5.2 16 160   M    M   5 1      23 180
15  89  74  82   4   0  17 0.03  0.0    0  5.0 13 190   M    M   6 13     18 160
16  89  73  81   3   0  16 0.15  0.0    0  4.0  9 110   M    M   5 13      M  M
17  84  72  78   0   0  13 1.08  0.0    0  7.6 17 120   M    M   7 12     22 160
18  86  74  80   2   0  15 0.57  0.0    0 11.3 29 260   M    M   9 18     41 240
19  91  71  81   2   0  16 0.00  0.0    0  6.5 16 260   M    M   2 1      21 280
20  88  71  80   1   0  15 0.00  0.0    0  4.5 18 250   M    M   2 12     23 260
21  86  70  78  -1   0  13 0.79  0.0    0  3.3 30 250   M    M   3 138    41 250
22  90  69  80   1   0  15 0.00  0.0    0  4.4 14 220   M    M   3 1      19 220
23  92  70  81   2   0  16 0.00  0.0    0  2.7 13 250   M    M   3 12     16 250
24  93  71  82   2   0  17 0.00  0.0    0  3.0 10 260   M    M   3 12     15 240
25  93  72  83   3   0  18 0.00  0.0    0  4.2 12 240   M    M   2 128    19 200
26  92  70  81   1   0  16 0.69  0.0    0  5.0 31 210   M    M   1 123    41 230
27  88  68  78  -2   0  13 0.00  0.0    0  3.0 12  20   M    M   3 12     15  30
28  87  64  76  -4   0  11 0.00  0.0    0  3.0 12 250   M    M   2 12     14 230
29  91  65  78  -2   0  13 0.00  0.0    0  4.1 14 250   M    M   2 1      17 250
30  91  70  81   1   0  16 0.00  0.0    0  3.5 12 260   M    M   1 12     16 230
================================================================================
SM 2688 2065         0 433  3.36     0.0 117.9          M       89
================================================================================
AV 89.6 68.8                               3.9 FASTST   M    M   3    MAX(MPH)
                                 MISC ---->  # 31 210               # 41  240
================================================================================
NOTES:
# LAST OF SEVERAL OCCURRENCES

COLUMN 17 PEAK WIND IN M.P.H.

PRELIMINARY LOCAL CLIMATOLOGICAL DATA (WS FORM: F-6) , PAGE 2

                                          STATION:  DE QUEEN
                                          MONTH:    JUNE
                                          YEAR:     2015
                                          LATITUDE:   34  2 N
                                          LONGITUDE:  94 24 W

[TEMPERATURE DATA]      [PRECIPITATION DATA]       SYMBOLS USED IN COLUMN 16

AVERAGE MONTHLY: 79.2   TOTAL FOR MONTH:   3.36    1 = FOG OR MIST
DPTR FM NORMAL:   1.6   DPTR FM NORMAL:   -1.15    2 = FOG REDUCING VISIBILITY
HIGHEST:    95 ON  9    GRTST 24HR  1.45 ON 17-18      TO 1/4 MILE OR LESS
LOWEST:     62 ON  2, 1                            3 = THUNDER
                        SNOW, ICE PELLETS, HAIL    4 = ICE PELLETS
                        TOTAL MONTH:   0.0 INCH    5 = HAIL
                        GRTST 24HR     0.0         6 = FREEZING RAIN OR DRIZZLE
                        GRTST DEPTH:   0           7 = DUSTSTORM OR SANDSTORM:
                                                       VSBY 1/2 MILE OR LESS
                                                   8 = SMOKE OR HAZE
[NO. OF DAYS WITH]      [WEATHER - DAYS WITH]      9 = BLOWING SNOW
                                                   X = TORNADO
MAX 32 OR BELOW:   0    0.01 INCH OR MORE:   8
MAX 90 OR ABOVE:  16    0.10 INCH OR MORE:   5
MIN 32 OR BELOW:   0    0.50 INCH OR MORE:   4
MIN  0 OR BELOW:   0    1.00 INCH OR MORE:   1

[HDD (BASE 65) ]
TOTAL THIS MO.     0    CLEAR  (SCALE 0-3)  20
DPTR FM NORMAL     0    PTCLDY (SCALE 4-7)   9
TOTAL FM JUL 1  3107    CLOUDY (SCALE 8-10)  1
DPTR FM NORMAL    65

[CDD (BASE 65) ]
TOTAL THIS MO.   433
DPTR FM NORMAL    55    [PRESSURE DATA]
TOTAL FM JAN 1   667    HIGHEST SLP 30.14 ON 23
DPTR FM NORMAL    72    LOWEST  SLP 29.74 ON 11

[REMARKS]
#FINAL-06-15#
