000
CXUS55 KLOX 301155
CF6SMO
PRELIMINARY LOCAL CLIMATOLOGICAL DATA (WS FORM: F-6)

                                          STATION:   SANTA MONICA AIRPORT CA
                                          MONTH:     JULY
                                          YEAR:      2014
                                          LATITUDE:   34  0 N
                                          LONGITUDE: 118 27 W

  TEMPERATURE IN F:       :PCPN:    SNOW:  WIND      :SUNSHINE: SKY     :PK WND
================================================================================
1   2   3   4   5  6A  6B    7    8   9   10  11  12  13   14  15   16   17  18
                                     12Z  AVG MX 2MIN
DY MAX MIN AVG DEP HDD CDD  WTR  SNW DPTH SPD SPD DIR MIN PSBL S-S WX    SPD DR
================================================================================

 1  76  67  72   5   0   7 0.00  0.0    0  5.1 14 230   M    M  10 8      18 220
 2  76  66  71   3   0   6 0.00  0.0    0  4.8 15 210   M    M   6 8      20 220
 3  78  67  73   5   0   8 0.00  0.0    0  3.8 13 240   M    M   5 8      17 230
 4  81  66  74   6   0   9 0.00  0.0    0  3.9 12 220   M    M   4 8      15 240
 5  84  69  77   9   0  12 0.00  0.0    0  4.6 13 240   M    M   3 8      16 250
 6  81  68  75   7   0  10 0.00  0.0    0  4.6 14 230   M    M   1        17 240
 7  79  69  74   6   0   9 0.00  0.0    0  4.8 13 220   M    M   1        16 210
 8  79  67  73   5   0   8 0.00  0.0    0  4.8 13 230   M    M   5        17 230
 9  77   M   M   M   M   M 0.00  0.0    0  6.4 12 240   M    M   6        20 220
10  78  68  73   5   0   8 0.00  0.0    M  6.5 15 240   M    M   4        20 250
11  76  67  72   3   0   7 0.00  0.0    0  5.8 16 230   M    M   3        22 250
12  77  66  72   3   0   7 0.00  0.0    0  4.3 13 220   M    M   1        17 210
13  78  67  73   4   0   8 0.00  0.0    0  4.7 13 220   M    M   1        17 230
14  76  70  73   4   0   8    T  0.0    0  3.9 13 210   M    M   4        17 210
15  78  69  74   5   0   9 0.00  0.0    0  5.8 15 240   M    M   7        18 220
16  77  68  73   4   0   8 0.00  0.0    0  6.0 15 240   M    M   5        21 250
17  77  65  71   2   0   6 0.00  0.0    0  5.2 17 240   M    M   2        24 230
18  76  65  71   2   0   6 0.00  0.0    0  5.3 14 230   M    M   1        18 240
19  75  67  71   2   0   6    T  0.0    0  3.4 12 210   M    M   3        14 210
20  78  66  72   3   0   7    T  0.0    0  4.5 15 240   M    M   4        22 250
21  76  66  71   2   0   6 0.00  0.0    0  6.2 17 240   M    M   1        23 250
22  80  66  73   4   0   8 0.00  0.0    0  4.8 17 240   M    M   0        24 230
23  83  67  75   6   0  10 0.00  0.0    0  4.1 17 240   M    M   0        22 240
24  83  67  75   6   0  10 0.00  0.0    0  4.1 14 240   M    M   0        18 250
25  82  68  75   6   0  10 0.00  0.0    0  3.9 10 210   M    M   3 18      M  M
26   M   M   M   M   M   M 0.00  0.0    M  6.1  9 240   M    M   5 8       M  M
27   M   M   M   M   M   M    T    M    0  4.4  9 210   M    M   2 3       M  M
28  82  68  75   5   0  10 0.00  0.0    0  4.7 14 240   M    M   1        18 250
29  81  67  74   4   0   9 0.00  0.0    0  4.3 12 230   M    M   0        15 240
================================================================================
SM 2124 1746         0 212    T      0.0 140.8          M       88
================================================================================
AV 78.7 67.2                               4.9 FASTST   M    M   3    MAX(MPH)
                                 MISC ---->    17   M                 24    M
================================================================================
NOTES:
# LAST OF SEVERAL OCCURRENCES

COLUMN 17 PEAK WIND IN M.P.H.

PRELIMINARY LOCAL CLIMATOLOGICAL DATA (WS FORM: F-6) , PAGE 2

                                          STATION:  SANTA MONICA AIRPORT CA
                                          MONTH:    JULY
                                          YEAR:     2014
                                          LATITUDE:   34  0 N
                                          LONGITUDE: 118 27 W

[TEMPERATURE DATA]      [PRECIPITATION DATA]       SYMBOLS USED IN COLUMN 16

AVERAGE MONTHLY: 72.9   TOTAL FOR MONTH:      T    1 = FOG OR MIST
DPTR FM NORMAL:   4.2   DPTR FM NORMAL:   -0.30    2 = FOG REDUCING VISIBILITY
HIGHEST:    84 ON  5    GRTST 24HR    T  ON 27-27      TO 1/4 MILE OR LESS
LOWEST:     65 ON 18,17                            3 = THUNDER
                        SNOW, ICE PELLETS, HAIL    4 = ICE PELLETS
                        TOTAL MONTH:   0.0 INCH    5 = HAIL
                        GRTST 24HR     0.0         6 = FREEZING RAIN OR DRIZZLE
                        GRTST DEPTH:   0           7 = DUSTSTORM OR SANDSTORM:
                                                       VSBY 1/2 MILE OR LESS
                                                   8 = SMOKE OR HAZE
[NO. OF DAYS WITH]      [WEATHER - DAYS WITH]      9 = BLOWING SNOW
                                                   X = TORNADO
MAX 32 OR BELOW:   0    0.01 INCH OR MORE:   0
MAX 90 OR ABOVE:   0    0.10 INCH OR MORE:   0
MIN 32 OR BELOW:   0    0.50 INCH OR MORE:   0
MIN  0 OR BELOW:   0    1.00 INCH OR MORE:   0

[HDD (BASE 65) ]
TOTAL THIS MO.     0    CLEAR  (SCALE 0-3)  16
DPTR FM NORMAL     0    PTCLDY (SCALE 4-7)  12
TOTAL FM JUL 1     0    CLOUDY (SCALE 8-10)  1
DPTR FM NORMAL     0

[CDD (BASE 65) ]
TOTAL THIS MO.   212
DPTR FM NORMAL    98    [PRESSURE DATA]
TOTAL FM JAN 1   612    HIGHEST SLP M ON M
DPTR FM NORMAL   433    LOWEST  SLP 29.69 ON 24

[REMARKS]
