000
CXAK56 PAFC 271303
CF6ADQ
PRELIMINARY LOCAL CLIMATOLOGICAL DATA (WS FORM: F-6)
STATION: KODIAK
MONTH: APRIL
YEAR: 2020
LATITUDE: 57 45 N
LONGITUDE: 152 31 W
TEMPERATURE IN F: :PCPN: SNOW: WIND :SUNSHINE: SKY :PK WND
================================================================================
1 2 3 4 5 6A 6B 7 8 9 10 11 12 13 14 15 16 17 18
12Z AVG MX 2MIN
DY MAX MIN AVG DEP HDD CDD WTR SNW DPTH SPD SPD DIR MIN PSBL S-S WX SPD DR
================================================================================
1 41 33 37 3 28 0 0.22 M M 10.0 20 120 M M 10 1 23 130
2 43 36 40 5 25 0 0.02 M M 5.3 16 160 M M 10 21 150
3 47 34 41 6 24 0 T M M 12.4 24 290 M M 3 31 280
4 58 37 48 13 17 0 0.00 M M 8.6 26 280 M M 4 37 280
5 45 32 39 4 26 0 0.00 M M 17.0 43 260 M M 2 51 250
6 39 24 32 -3 33 0 0.00 M M 14.1 38 270 M M 0 56 270
7 35 24 30 -6 35 0 0.75 M M 16.0 40 20 M M 10 128 52 30
8 37 25 31 -5 34 0 0.02 M M 17.7 33 280 M M 2 18 43 270
9 43 27 35 -1 30 0 0.00 M M 8.1 26 270 M M 1 32 270
10 41 23 32 -4 33 0 M M M 7.9 17 90 M M 2 21 90
11 41 36 39 3 26 0 0.38 M M 17.6 25 30 M M 10 1 32 30
12 44 39 42 5 23 0 0.17 M M 8.2 20 20 M M 10 1 26 20
13 43 39 41 4 24 0 0.09 M M 6.4 13 50 M M 10 128 14 50
14 44 41 43 6 22 0 0.07 M M 5.9 12 40 M M 10 1 14 40
15 53 39 46 9 19 0 0.03 M M 4.9 17 170 M M 9 12 20 160
16 50 36 43 5 22 0 0.00 M M 4.5 9 280 M M 5 128 12 30
17 51 41 46 8 19 0 0.00 M M 7.0 17 140 M M 9 20 130
18 50 37 44 6 21 0 0.00 M M 7.4 17 40 M M 5 23 30
19 51 41 46 8 19 0 T M M 8.6 17 100 M M 10 18 19 100
20 44 42 43 4 22 0 0.21 M M 6.6 13 60 M M 10 1 14 60
21 45 42 44 5 21 0 0.06 M M 4.6 9 90 M M 10 12 11 90
22 49 37 43 4 22 0 T M M 4.9 13 190 M M 9 128 17 170
23 44 39 42 3 23 0 0.76 M M 9.4 17 60 M M 9 128 23 50
24 45 42 44 4 21 0 0.71 M M 14.4 22 20 M M 10 1 29 30
25 47 41 44 4 21 0 0.23 M M 10.6 21 30 M M 9 1 28 30
26 53 41 47 7 18 0 0.00 M M 8.6 17 50 M M 7 26 30
27 53 34 44 4 21 0 0.00 M M 5.6 10 110 M M 0 12 80
28 55 31 43 2 22 0 0.00 M M 9.1 20 30 M M 0 24 30
29 53 30 42 1 23 0 0.00 M M 7.6 14 310 M M 1 18 310
30 50 30 40 -1 25 0 0.00 0.0 0 7.5 16 140 M M 2 19 130
================================================================================
SM 1394 1053 719 0 3.72 0.0 276.5 M 189
================================================================================
AV 46.5 35.1 9.2 FASTST M M 6 MAX(MPH)
MISC ----> 43 260 56 270
================================================================================
NOTES:
# LAST OF SEVERAL OCCURRENCES
COLUMN 17 PEAK WIND IN M.P.H.
PRELIMINARY LOCAL CLIMATOLOGICAL DATA (WS FORM: F-6) , PAGE 2
STATION: KODIAK
MONTH: APRIL
YEAR: 2020
LATITUDE: 57 45 N
LONGITUDE: 152 31 W
[TEMPERATURE DATA] [PRECIPITATION DATA] SYMBOLS USED IN COLUMN 16
AVERAGE MONTHLY: 40.8 TOTAL FOR MONTH: 3.72 1 = FOG OR MIST
DPTR FM NORMAL: 3.2 DPTR FM NORMAL: -2.09 2 = FOG REDUCING VISIBILITY
HIGHEST: 58 ON 4 GRTST 24HR 1.10 ON 23-24 TO 1/4 MILE OR LESS
LOWEST: 23 ON 10 3 = THUNDER
SNOW, ICE PELLETS, HAIL 4 = ICE PELLETS
TOTAL MONTH: 0.0 INCH 5 = HAIL
GRTST 24HR 0.0 6 = FREEZING RAIN OR DRIZZLE
GRTST DEPTH: 0 7 = DUSTSTORM OR SANDSTORM:
VSBY 1/2 MILE OR LESS
8 = SMOKE OR HAZE
[NO. OF DAYS WITH] [WEATHER - DAYS WITH] 9 = BLOWING SNOW
X = TORNADO
MAX 32 OR BELOW: 0 0.01 INCH OR MORE: 14
MAX 90 OR ABOVE: 0 0.10 INCH OR MORE: 8
MIN 32 OR BELOW: 9 0.50 INCH OR MORE: 3
MIN 0 OR BELOW: 0 1.00 INCH OR MORE: 0
[HDD (BASE 65) ]
TOTAL THIS MO. 719 CLEAR (SCALE 0-3) 9
DPTR FM NORMAL -103 PTCLDY (SCALE 4-7) 5
TOTAL FM JUL 1 6846 CLOUDY (SCALE 8-10) 16
DPTR FM NORMAL -845
[CDD (BASE 65) ]
TOTAL THIS MO. 0
DPTR FM NORMAL 0 [PRESSURE DATA]
TOTAL FM JAN 1 0 HIGHEST SLP M ON M
DPTR FM NORMAL 0 LOWEST SLP 29.34 ON 26
[REMARKS]
#FINAL-04-20#