000
CXUS51 KCAR 010700
CF6BGR
PRELIMINARY LOCAL CLIMATOLOGICAL DATA (WS FORM: F-6)
STATION: BANGOR ME
MONTH: NOVEMBER
YEAR: 2023
LATITUDE: 44 47 N
LONGITUDE: 68 49 W
TEMPERATURE IN F: :PCPN: SNOW: WIND :SUNSHINE: SKY :PK WND
================================================================================
1 2 3 4 5 6A 6B 7 8 9 10 11 12 13 14 15 16 17 18
12Z AVG MX 2MIN
DY MAX MIN AVG DEP HDD CDD WTR SNW DPTH SPD SPD DIR MIN PSBL S-S WX SPD DR
================================================================================
1 43 25 34 -9 31 0 0.00 0.0 0 5.9 18 20 M M 5 24 40
2 43 24 34 -8 31 0 0.00 0.0 0 5.3 14 240 M M 1 22 220
3 53 26 40 -2 25 0 0.00 0.0 0 10.1 22 190 M M 5 31 180
4 55 44 50 8 15 0 0.00 0.0 0 4.4 13 190 M M 8 19 200
5 53 31 42 1 23 0 0.00 0.0 0 5.2 16 330 M M 7 23 330
6 42 27 35 -6 30 0 0.00 0.0 M 4.2 9 140 M M 7 12 140
7 55 39 47 6 18 0 0.22 0.0 0 10.6 20 300 M M 9 1 29 300
8 41 30 36 -4 29 0 T 0.0 0 16.3 30 320 M M 5 40 330
9 33 25 29 -11 36 0 T T 0 2.8 9 280 M M 8 14 14 290
10 46 32 39 -1 26 0 T 0.0 0 4.9 13 250 M M 9 1 20 260
11 43 30 37 -2 28 0 0.00 0.0 0 10.4 24 320 M M 8 35 320
12 39 22 31 -8 34 0 0.00 0.0 0 4.4 13 330 M M 5 17 330
13 37 18 28 -10 37 0 0.00 0.0 0 0.8 7 220 M M 2 9 10
14 40 20 30 -8 35 0 0.00 0.0 0 3.3 12 330 M M 3 1 15 310
15 44 18 31 -7 34 0 0.00 0.0 0 4.9 16 170 M M 5 1 20 160
16 56 25 41 4 24 0 0.00 0.0 0 2.8 16 320 M M 4 1 20 320
17 55 26 41 4 24 0 0.00 0.0 0 9.2 23 170 M M 7 12 31 180
18 55 32 44 8 21 0 0.71 0.0 0 10.5 20 360 M M 9 1 27 350
19 46 25 36 0 29 0 0.00 0.0 0 5.3 21 310 M M 4 27 310
20 36 26 31 -5 34 0 0.00 0.0 0 10.1 22 310 M M 3 30 320
21 37 16 27 -8 38 0 0.00 0.0 0 2.2 9 290 M M 3 13 290
22 42 28 35 0 30 0 0.73 1.0 1 8.8 20 360 M M 10 1 27 360
23 46 27 37 3 28 0 T 0.0 0 10.6 22 310 M M 6 1 32 320
24 42 19 31 -3 34 0 0.00 0.0 0 9.2 26 320 M M 4 36 310
25 29 15 22 -12 43 0 0.00 0.0 0 6.2 16 320 M M 2 22 300
26 43 18 31 -2 34 0 0.00 0.0 0 3.5 16 150 M M 8 24 150
27 52 35 44 11 21 0 0.94 0.0 0 11.4 35 140 M M 9 18 60 150
28 38 27 33 1 32 0 T T 0 8.4 20 300 M M 7 31 290
29 30 18 24 -8 41 0 0.00 0.0 0 6.8 22 310 M M 3 30 310
30 41 17 29 -3 36 0 0.00 0.0 0 5.4 14 190 M M 6 21 200
================================================================================
SM 1315 765 901 0 2.60 1.0 203.9 M 172
================================================================================
AV 43.8 25.5 6.8 FASTST M M 6 MAX(MPH)
MISC ----> 35 140 60 150
================================================================================
NOTES:
# LAST OF SEVERAL OCCURRENCES
COLUMN 17 PEAK WIND IN M.P.H.
PRELIMINARY LOCAL CLIMATOLOGICAL DATA (WS FORM: F-6) , PAGE 2
STATION: BANGOR ME
MONTH: NOVEMBER
YEAR: 2023
LATITUDE: 44 47 N
LONGITUDE: 68 49 W
[TEMPERATURE DATA] [PRECIPITATION DATA] SYMBOLS USED IN COLUMN 16
AVERAGE MONTHLY: 34.7 TOTAL FOR MONTH: 2.60 1 = FOG OR MIST
DPTR FM NORMAL: -2.6 DPTR FM NORMAL: -1.24 2 = FOG REDUCING VISIBILITY
HIGHEST: 56 ON 16 GRTST 24HR 0.94 ON 27-27 TO 1/4 MILE OR LESS
LOWEST: 15 ON 25 3 = THUNDER
SNOW, ICE PELLETS, HAIL 4 = ICE PELLETS
TOTAL MONTH: 1.0 INCH 5 = HAIL
GRTST 24HR 1.0 ON 22-22 6 = FREEZING RAIN OR DRIZZLE
GRTST DEPTH: 1 ON 22 7 = DUSTSTORM OR SANDSTORM:
VSBY 1/2 MILE OR LESS
8 = SMOKE OR HAZE
[NO. OF DAYS WITH] [WEATHER - DAYS WITH] 9 = BLOWING SNOW
X = TORNADO
MAX 32 OR BELOW: 2 0.01 INCH OR MORE: 4
MAX 90 OR ABOVE: 0 0.10 INCH OR MORE: 4
MIN 32 OR BELOW: 27 0.50 INCH OR MORE: 3
MIN 0 OR BELOW: 0 1.00 INCH OR MORE: 0
[HDD (BASE 65) ]
TOTAL THIS MO. 901 CLEAR (SCALE 0-3) 6
DPTR FM NORMAL 70 PTCLDY (SCALE 4-7) 19
TOTAL FM JUL 1 1338 CLOUDY (SCALE 8-10) 5
DPTR FM NORMAL -242
[CDD (BASE 65) ]
TOTAL THIS MO. 0
DPTR FM NORMAL 0 [PRESSURE DATA]
TOTAL FM JAN 1 474 HIGHEST SLP 30.60 ON 21
DPTR FM NORMAL 95 LOWEST SLP 29.44 ON 27
[REMARKS]
#FINAL-11-23#