000
CXUS52 KCAE 011400
CF6DNL
PRELIMINARY LOCAL CLIMATOLOGICAL DATA (WS FORM: F-6)
STATION: AUGUSTA DANIEL FIELD GA
MONTH: OCTOBER
YEAR: 2021
LATITUDE: 33 28 N
LONGITUDE: 82 2 W
TEMPERATURE IN F: :PCPN: SNOW: WIND :SUNSHINE: SKY :PK WND
================================================================================
1 2 3 4 5 6A 6B 7 8 9 10 11 12 13 14 15 16 17 18
12Z AVG MX 2MIN
DY MAX MIN AVG DEP HDD CDD WTR SNW DPTH SPD SPD DIR MIN PSBL S-S WX SPD DR
================================================================================
1 87 71 79 5 0 14 0.01 M M 4.5 10 100 M M 2 18 14 100
2 86 69 78 5 0 13 0.00 M M 4.0 10 150 M M 1 14 150
3 87 68 78 5 0 13 0.00 M M 2.8 8 140 M M 2 128 11 120
4 83 70 77 5 0 12 T M M 3.2 10 160 M M 6 15 190
5 85 71 78 6 0 13 0.04 M M 6.7 15 80 M M 5 31 90
6 80 73 77 5 0 12 0.68 M M 6.6 12 90 M M 9 18 17 100
7 76 73 75 4 0 10 0.31 M M 4.5 9 40 M M 10 18 13 20
8 79 72 76 5 0 11 0.10 M M 5.6 12 120 M M 9 1 14 120
9 82 68 75 4 0 10 T M M 6.6 14 20 M M 7 1 27 20
10 84 66 75 5 0 10 0.00 M M 6.5 13 30 M M 2 20 20
11 75 64 70 0 0 5 0.00 M M 5.6 13 70 M M 4 18 70
12 80 63 72 2 0 7 0.00 M M 3.7 10 40 M M 3 24 30
13 84 62 73 4 0 8 0.00 M M 1.3 9 90 M M 1 18 14 130
14 86 67 77 8 0 12 0.00 M M 1.5 7 350 M M 1 18 23 30
15 86 67 77 9 0 12 0.00 M M 2.3 10 210 M M 1 18 22 340
16 84 59 72 4 0 7 0.00 M M 7.3 18 310 M M 1 26 290
17 71 51 61 -7 4 0 0.00 M M 4.7 14 320 M M 0 20 20
18 76 50 63 -4 2 0 0.00 M M 3.9 10 100 M M 0 17 360
19 80 50 65 -2 0 0 0.00 M M 0.9 8 310 M M 0 18 340
20 81 54 68 2 0 3 0.00 M M 2.0 10 200 M M 0 13 210
21 81 61 71 5 0 6 0.00 M M 5.0 14 190 M M 2 17 200
22 81 63 72 6 0 7 T M M 5.8 12 290 M M 2 17 300
23 79 55 67 2 0 2 0.00 M M 4.3 9 320 M M 0 16 310
24 81 56 69 4 0 4 0.00 M M 3.1 10 180 M M 0 20 330
25 82 67 75 10 0 10 T M M 5.0 13 200 M M 4 1 18 260
26 74 56 65 1 0 0 0.00 M M 7.8 17 310 M M 0 25 330
27 73 47 60 -4 5 0 0.00 M M 3.6 9 10 M M 0 15 200
28 67 52 60 -4 5 0 0.44 M M 5.6 14 90 M M 6 12 18 100
29 65 56 61 -2 4 0 0.03 M M 6.0 16 220 M M 8 1 25 240
30 65 54 60 -3 5 0 0.04 0.0 M 5.6 12 220 M M 8 1 19 230
31 72 53 63 1 2 0 0.00 M M 6.8 13 310 M M 1 18 300
================================================================================
SM 2452 1908 27 201 1.65 0.0 142.8 M 95
================================================================================
AV 79.1 61.5 4.6 FASTST M M 3 MAX(MPH)
MISC ----> 18 310 31 90
================================================================================
NOTES:
# LAST OF SEVERAL OCCURRENCES
COLUMN 17 PEAK WIND IN M.P.H.
PRELIMINARY LOCAL CLIMATOLOGICAL DATA (WS FORM: F-6) , PAGE 2
STATION: AUGUSTA DANIEL FIELD GA
MONTH: OCTOBER
YEAR: 2021
LATITUDE: 33 28 N
LONGITUDE: 82 2 W
[TEMPERATURE DATA] [PRECIPITATION DATA] SYMBOLS USED IN COLUMN 16
AVERAGE MONTHLY: 70.3 TOTAL FOR MONTH: 1.65 1 = FOG OR MIST
DPTR FM NORMAL: 2.2 DPTR FM NORMAL: -1.04 2 = FOG REDUCING VISIBILITY
HIGHEST: 87 ON 3, 1 GRTST 24HR 0.68 ON 6- 6 TO 1/4 MILE OR LESS
LOWEST: 47 ON 27 3 = THUNDER
SNOW, ICE PELLETS, HAIL 4 = ICE PELLETS
TOTAL MONTH: 0.0 INCH 5 = HAIL
GRTST 24HR 0.0 6 = FREEZING RAIN OR DRIZZLE
GRTST DEPTH: M ON M 7 = DUSTSTORM OR SANDSTORM:
VSBY 1/2 MILE OR LESS
8 = SMOKE OR HAZE
[NO. OF DAYS WITH] [WEATHER - DAYS WITH] 9 = BLOWING SNOW
X = TORNADO
MAX 32 OR BELOW: 0 0.01 INCH OR MORE: 8
MAX 90 OR ABOVE: 0 0.10 INCH OR MORE: 4
MIN 32 OR BELOW: 0 0.50 INCH OR MORE: 1
MIN 0 OR BELOW: 0 1.00 INCH OR MORE: 0
[HDD (BASE 65) ]
TOTAL THIS MO. 27 CLEAR (SCALE 0-3) 20
DPTR FM NORMAL -28 PTCLDY (SCALE 4-7) 8
TOTAL FM JUL 1 27 CLOUDY (SCALE 8-10) 3
DPTR FM NORMAL -29
[CDD (BASE 65) ]
TOTAL THIS MO. 201
DPTR FM NORMAL 51 [PRESSURE DATA]
TOTAL FM JAN 1 2664 HIGHEST SLP 30.30 ON 20
DPTR FM NORMAL 34 LOWEST SLP 29.49 ON 29
[REMARKS]
#FINAL-10-21#