000
CXUS53 KARX 011000
CF6MDZ
PRELIMINARY LOCAL CLIMATOLOGICAL DATA (WS FORM: F-6)
STATION: MEDFORD WI
MONTH: NOVEMBER
YEAR: 2023
LATITUDE: 45 5 N
LONGITUDE: 90 18 W
TEMPERATURE IN F: :PCPN: SNOW: WIND :SUNSHINE: SKY :PK WND
================================================================================
1 2 3 4 5 6A 6B 7 8 9 10 11 12 13 14 15 16 17 18
12Z AVG MX 2MIN
DY MAX MIN AVG DEP HDD CDD WTR SNW DPTH SPD SPD DIR MIN PSBL S-S WX SPD DR
================================================================================
1 31 12 22 M 43 0 0.00 0.0 M 6.4 14 210 M M 4 17 210
2 38 18 28 M 37 0 0.00 0.0 M 2.6 9 250 M M 1 M M
3 52 27 40 M 25 0 0.00 0.0 M 6.1 10 310 M M 3 16 270
4 43 21 32 M 33 0 0.00 0.0 0 2.0 8 210 M M 3 M M
5 52 34 43 M 22 0 0.02 0.0 0 6.4 14 170 M M 9 20 150
6 54 37 46 M 19 0 0.01 0.0 0 13.5 21 270 M M 10 32 270
7 44 32 38 M 27 0 0.00 0.0 0 7.3 14 130 M M 7 21 130
8 41 34 38 M 27 0 0.01 0.0 0 6.2 15 280 M M 10 23 120
9 45 31 38 M 27 0 0.00 0.0 0 12.1 29 270 M M 4 35 270
10 37 32 35 M 30 0 0.00 0.0 0 6.6 12 290 M M 10 16 290
11 38 32 35 M 30 0 0.08 M 0 5.7 13 150 M M 10 23 140
12 52 35 44 M 21 0 0.00 0.0 0 9.5 14 200 M M 4 22 200
13 52 27 40 M 25 0 0.00 0.0 0 6.9 14 290 M M 0 21 290
14 57 27 42 M 23 0 0.00 0.0 0 10.3 18 200 M M 1 25 200
15 57 31 44 M 21 0 0.00 0.0 0 4.9 12 210 M M 1 M M
16 63 36 50 M 15 0 0.00 0.0 0 14.5 27 200 M M 3 33 210
17 38 24 31 M 34 0 0.00 0.0 0 6.4 15 330 M M 1 20 330
18 47 26 37 M 28 0 0.00 0.0 0 5.4 9 270 M M 0 M M
19 47 22 35 M 30 0 0.00 0.0 0 3.4 9 120 M M 0 M M
20 42 30 36 M 29 0 0.00 0.0 0 6.5 9 100 M M 3 M M
21 46 26 36 M 29 0 0.00 0.0 0 7.0 13 340 M M 7 20 330
22 36 21 29 M 36 0 0.00 0.0 0 4.7 10 200 M M 0 M M
23 31 16 24 M 41 0 0.00 0.0 0 9.9 15 330 M M 0 20 330
24 27 10 19 M 46 0 0.00 0.0 0 6.3 12 330 M M 0 23 330
25 29 15 22 M 43 0 0.00 0.0 0 5.2 12 210 M M 5 M M
26 24 18 21 M 44 0 0.00 0.0 0 9.0 16 290 M M 10 24 290
27 18 9 14 M 51 0 0.00 0.0 0 11.6 15 280 M M 10 24 290
28 18 0 9 M 56 0 0.00 0.0 0 8.0 13 210 M M 3 18 210
29 36 13 25 M 40 0 0.00 0.0 0 5.5 9 240 M M 2 M M
30 40 17 29 M 36 0 0.00 0.0 0 4.4 14 330 M M 1 18 320
================================================================================
SM 1235 713 968 0 0.12 0.0 214.3 M 122
================================================================================
AV 41.2 23.8 7.1 FASTST M M 4 MAX(MPH)
MISC ----> 29 270 35 270
================================================================================
NOTES:
# LAST OF SEVERAL OCCURRENCES
COLUMN 17 PEAK WIND IN M.P.H.
PRELIMINARY LOCAL CLIMATOLOGICAL DATA (WS FORM: F-6) , PAGE 2
STATION: MEDFORD WI
MONTH: NOVEMBER
YEAR: 2023
LATITUDE: 45 5 N
LONGITUDE: 90 18 W
[TEMPERATURE DATA] [PRECIPITATION DATA] SYMBOLS USED IN COLUMN 16
AVERAGE MONTHLY: 32.5 TOTAL FOR MONTH: 0.12 1 = FOG OR MIST
DPTR FM NORMAL: 0.0 DPTR FM NORMAL: M 2 = FOG REDUCING VISIBILITY
HIGHEST: 63 ON 16 GRTST 24HR 0.08 ON 11-11 TO 1/4 MILE OR LESS
LOWEST: 0 ON 28 3 = THUNDER
SNOW, ICE PELLETS, HAIL 4 = ICE PELLETS
TOTAL MONTH: 0.0 INCH 5 = HAIL
GRTST 24HR 0.0 6 = FREEZING RAIN OR DRIZZLE
GRTST DEPTH: 0 7 = DUSTSTORM OR SANDSTORM:
VSBY 1/2 MILE OR LESS
8 = SMOKE OR HAZE
[NO. OF DAYS WITH] [WEATHER - DAYS WITH] 9 = BLOWING SNOW
X = TORNADO
MAX 32 OR BELOW: 7 0.01 INCH OR MORE: 4
MAX 90 OR ABOVE: 0 0.10 INCH OR MORE: 0
MIN 32 OR BELOW: 25 0.50 INCH OR MORE: 0
MIN 0 OR BELOW: 1 1.00 INCH OR MORE: 0
[HDD (BASE 65) ]
TOTAL THIS MO. 968 CLEAR (SCALE 0-3) 14
DPTR FM NORMAL M PTCLDY (SCALE 4-7) 9
TOTAL FM JUL 1 1853 CLOUDY (SCALE 8-10) 7
DPTR FM NORMAL M
[CDD (BASE 65) ]
TOTAL THIS MO. 0
DPTR FM NORMAL M [PRESSURE DATA]
TOTAL FM JAN 1 310 HIGHEST SLP M ON M
DPTR FM NORMAL M LOWEST SLP M ON M
[REMARKS]
#FINAL-11-23#