000
CXUS52 KMLB 012123 CCA
CLMMLB

CLIMATE REPORT
NATIONAL WEATHER SERVICE MELBOURNE FL
852 AM EDT FRI SEP 1 2017

...................................

...THE MELBOURNE CLIMATE SUMMARY FOR THE MONTH OF AUGUST 2017...

CLIMATE NORMAL PERIOD 1981 TO 2010
CLIMATE RECORD PERIOD 1939 TO 2017

WEATHER         OBSERVED          NORMAL  DEPART  LAST YEAR`S
                 VALUE   DATE(S)  VALUE   FROM    VALUE  DATE(S)
                                          NORMAL
................................................................
TEMPERATURE (F)
MONTHLY RECORD
 HOTTEST         84.2   2007
 COLDEST         79.6   1967
DAILY RECORD
 HIGH             101   08/02/1999
 LOW               60   08/07/1983
AUGUST 2017
HIGHEST            97   08/15                         96
LOWEST             74   08/19                         73
AVG. MAXIMUM     91.8              90.5     1.3     91.2
AVG. MINIMUM     77.4              73.2     4.2     76.6
MEAN             84.6              81.8     2.8     83.9
DAYS MAX >= 90     28              18.9     9.1       28
DAYS MAX <= 32      0               0.0     0.0        0
DAYS MIN <= 32      0               0.0     0.0        0
DAYS MIN <= 0       0               0.0     0.0        0

PRECIPITATION (INCHES)
MONTHLY RECORD
 MAXIMUM        21.06   2008
 MINIMUM         1.14   1971
DAILY RECORD
 MAXIMUM         9.06   08/02/1995
AUGUST 2017
TOTALS           5.31              7.68   -2.37     6.38
DAYS >= .01        16              14.4     1.6       13
DAYS >= .10        11              10.4     0.6        9
DAYS >= .50         4               4.9    -0.9        5
DAYS >= 1.00        2               2.3    -0.3        2
GREATEST
 24 HR. TOTAL    1.29   08/26 TO 08/26

SNOWFALL (INCHES)
TOTALS            0.0               0.0     0.0      0.0
SINCE 7/1         0.0               0.0     0.0      0.0
DAYS >= TRACE       0                                  0

DEGREE_DAYS
HEATING TOTAL       0                 0       0        0
 SINCE 7/1          0                 0       0        0
COOLING TOTAL     615               522      93      594
 SINCE 1/1       2888              2226     662     2648
.................................................................

WIND (MPH)
AVERAGE WIND SPEED              7.9
HIGHEST WIND SPEED/DIRECTION    30/300    DATE  08/03
HIGHEST GUST SPEED/DIRECTION    38/310    DATE  08/03

SKY COVER
POSSIBLE SUNSHINE (PERCENT)   MM
AVERAGE SKY COVER           0.30
NUMBER OF DAYS FAIR           23
NUMBER OF DAYS PC              8
NUMBER OF DAYS CLOUDY          0

AVERAGE RH (PERCENT)     76

WEATHER CONDITIONS. NUMBER OF DAYS WITH
THUNDERSTORM             14     MIXED PRECIP               0
HEAVY RAIN               11     RAIN                      10
LIGHT RAIN               18     LT FREEZING RAIN           0
HAIL                      0     LIGHT SNOW                 0
SLEET                     0     FOG                       12
FOG W/VIS <= 1/4 MILE     2     HAZE                       6

-  INDICATES NEGATIVE NUMBERS.
R  INDICATES RECORD WAS SET OR TIED.
MM INDICATES DATA IS MISSING.
T  INDICATES TRACE AMOUNT.

=====================================================================

...THE MELBOURNE CLIMATE SUMMARY FOR THE SUMMER SEASON, FROM
6/1/2017 TO 8/31/2017...

CLIMATE NORMAL PERIOD 1981 TO 2010
CLIMATE RECORD PERIOD 1939 TO 2017

WEATHER         OBSERVED          NORMAL  DEPART  LAST YEAR`S
                 VALUE   DATE(S)  VALUE   FROM    VALUE  DATE(S)
                                          NORMAL
................................................................
TEMPERATURE (F)
SUMMER RECORDS
 WARMEST         84.0   1998
 COLDEST         79.0   1965
DAILY RECORD
 HIGH             102   07/14/1980
 LOW               55   06/02/1984
SUMMER 2017
HIGHEST            97   08/15                         96
LOWEST             70   06/16                         71
                        06/14
AVG. MAXIMUM     90.8              90.1     0.7     90.8
AVG. MINIMUM     76.5              72.5     4.0     76.0
MEAN             83.7              81.3     2.4     83.4
DAYS MAX >= 90     66              48.9    17.1       72
DAYS MAX <= 32      0               0.0     0.0        0
DAYS MIN <= 32      0               0.0     0.0        0
DAYS MIN <= 0       0               0.0                0

PRECIPITATION (INCHES)
SUMMER RECORDS
 MAXIMUM        38.40   2008
 MINIMUM         8.28   1993
SUMMER 2017
TOTALS          19.35             20.35   -1.00    16.38
DAYS >= .01        46              39.4     6.6       MM
DAYS >= .10        29              28.3     0.7       MM
DAYS >= .50        13              13.9    -0.9       MM
DAYS >= 1.00        7               6.2     0.8       MM
GREATEST
 24 HR. TOTAL    2.60   07/12 TO 07/12              3.45

SNOWFALL (INCHES)
TOTALS            0.0               0.0     0.0      0.0
SINCE 7/1         0.0                                0.0
SNOWDEPTH AVG.      0
DAYS >= TRACE       0                                  0

DEGREE_DAYS
HEATING TOTAL       0                 0       0        0
COOLING TOTAL    1741              1500     241     1715
.................................................................

WIND (MPH)
AVERAGE WIND SPEED              7.7
HIGHEST WIND SPEED/DIRECTION    37/280    DATE  07/22
HIGHEST GUST SPEED/DIRECTION    48/260    DATE  07/22

SKY COVER
POSSIBLE SUNSHINE (PERCENT)   MM
AVERAGE SKY COVER           0.30
NUMBER OF DAYS FAIR           69
NUMBER OF DAYS PC             21
NUMBER OF DAYS CLOUDY          2

AVERAGE RH (PERCENT)     77

WEATHER CONDITIONS. NUMBER OF DAYS WITH
THUNDERSTORM             51     MIXED PRECIP               0
HEAVY RAIN               26     RAIN                      25
LIGHT RAIN               53     LT FREEZING RAIN           0
HAIL                      0     SLEET                      0
FOG                      38     FOG W/VIS <= 1/4 MILE      3
HAZE                     17

-  INDICATES NEGATIVE NUMBERS.
R  INDICATES RECORD WAS SET OR TIED.
MM INDICATES DATA IS MISSING.
T  INDICATES TRACE AMOUNT.

$$

RODRIGUEZ
