368
CXUS52 KMLB 011337
CLMMLB


CLIMATE REPORT
NATIONAL WEATHER SERVICE MELBOURNE FL
914 AM EDT SAT APR 1 2017

...................................

...THE MELBOURNE CLIMATE SUMMARY FOR THE MONTH OF MARCH 2017...

CLIMATE NORMAL PERIOD 1981 TO 2010
CLIMATE RECORD PERIOD 1939 TO 2017

WEATHER         OBSERVED          NORMAL  DEPART  LAST YEAR`S
                 VALUE   DATE(S)  VALUE   FROM    VALUE
                                          NORMAL
................................................................
TEMPERATURE (F)
MONTHLY RECORD
 WARMEST         72.7   1948
 COOLEST         60.2   1969
DAILY RECORD
 HIGH              93   03/28/1994
 LOW               25   03/03/1980
MARCH 2017
HIGHEST            90   03/31                         89
                        03/22
LOWEST             39   03/16                         44
AVG. MAXIMUM     79.6              76.7     2.9     80.5
AVG. MINIMUM     59.4              55.1     4.3     63.0
MEAN             69.5              65.9     3.6     71.8
DAYS MAX >= 90      2               0.2     1.8        0
DAYS MAX <= 32      0               0.0     0.0        0
DAYS MIN <= 32      0               0.0     0.0        0
DAYS MIN <= 0       0               0.0     0.0        0

PRECIPITATION (INCHES)
MONTHLY RECORD
 MAXIMUM        11.58   1996
 MINIMUM         0.03   1956
DAILY RECORD
 MAXIMUM         5.24   03/11/1996
MARCH 2017
TOTALS           0.41              3.28   -2.87     3.08
DAYS >= .01         6               7.3    -1.3        7
DAYS >= .10         1               4.5    -3.5        7
DAYS >= .50         0               2.0    -2.0        2
DAYS >= 1.00        0               1.0    -1.0        1
GREATEST
 24 HR. TOTAL    0.11   03/13 TO 03/13

SNOWFALL (INCHES)
TOTALS            0.0               0.0     0.0      0.0
SINCE 7/1         0.0               0.0     0.0      0.0
DAYS >= TRACE       0                                  0

DEGREE_DAYS
HEATING TOTAL      39                71     -32       17
 SINCE 7/1        217               560    -343      338
COOLING TOTAL     185                99      86      236
 SINCE 1/1        363               197     166      326
.................................................................

WIND (MPH)
AVERAGE WIND SPEED              10.5
HIGHEST WIND SPEED/DIRECTION    29/060    DATE  03/23
HIGHEST GUST SPEED/DIRECTION    38/310    DATE  03/14

SKY COVER
POSSIBLE SUNSHINE (PERCENT)   MM
AVERAGE SKY COVER           0.30
NUMBER OF DAYS FAIR           21
NUMBER OF DAYS PC              9
NUMBER OF DAYS CLOUDY          1

AVERAGE RH (PERCENT)     64

WEATHER CONDITIONS. NUMBER OF DAYS WITH
THUNDERSTORM              1     MIXED PRECIP               0
HEAVY RAIN                2     RAIN                       1
LIGHT RAIN                9     LT FREEZING RAIN           0
HAIL                      0     LIGHT SNOW                 0
SLEET                     0     FOG                        6
FOG W/VIS <= 1/4 MILE     0     HAZE                       2

-  INDICATES NEGATIVE NUMBERS.
R  INDICATES RECORD WAS SET OR TIED.
MM INDICATES DATA IS MISSING.
T  INDICATES TRACE AMOUNT.

$$
