912
CXUS52 KMLB 011826 AAA
CLMMLB

CLIMATE REPORT...AMENDED TO ADD SEASONAL CLIMATE
NATIONAL WEATHER SERVICE MELBOURNE FL
225 PM EDT WED JUN 1 2016

...................................

...THE MELBOURNE CLIMATE SUMMARY FOR THE MONTH OF MAY 2016...

CLIMATE NORMAL PERIOD 1981 TO 2010
CLIMATE RECORD PERIOD 1939 TO 2016

WEATHER         OBSERVED          NORMAL  DEPART  LAST YEAR`S
                 VALUE   DATE(S)  VALUE   FROM    VALUE  DATE(S)
                                          NORMAL
................................................................
TEMPERATURE (F)
MONTHLY RECORD
 HOTTEST          79.0  1995
 COLDEST          72.9  1941
DAILY RECORD
 HIGH              99   05/31/2004
 LOW               47   05/08/1992
MAY 2016
HIGHEST            91   05/22                         94
                        05/03
LOWEST             53   05/07                         60
AVG. MAXIMUM     85.6              85.6     0.0     85.3
AVG. MINIMUM     67.9              67.0     0.9     70.2
MEAN             76.8              76.3     0.5     77.7
DAYS MAX >= 90      6               5.7     0.3        3
DAYS MAX <= 32      0               0.0     0.0        0
DAYS MIN <= 32      0               0.0     0.0        0
DAYS MIN <= 0       0               0.0     0.0        0

PRECIPITATION (INCHES)
MONTHLY RECORD
 MAXIMUM        13.83   1976
 MINIMUM         0.17   1965
DAILY RECORD
 MAXIMUM         5.00   05/23/1984
MAY 2016
TOTALS           7.69              3.29    4.40     2.57
DAYS >= .01         8               7.4     0.6        7
DAYS >= .10         8               4.7     3.3        4
DAYS >= .50         4               2.2     1.8        2
DAYS >= 1.00        2               0.8     1.2        1
GREATEST
 24 HR. TOTAL    3.13   05/17 TO 05/18

SNOWFALL (INCHES)
TOTALS            0.0               0.0     0.0      0.0
SINCE 7/1         0.0               0.0     0.0      0.0
DAYS >= TRACE       0                                  0

DEGREE_DAYS
HEATING TOTAL       0                 1      -1        0
 SINCE 7/1        341               577    -236      424
COOLING TOTAL     373               351      22      403
 SINCE 1/1        933               726     207     1112
.................................................................

WIND (MPH)
AVERAGE WIND SPEED              8.9
HIGHEST WIND SPEED/DIRECTION    28/190    DATE  05/17
HIGHEST GUST SPEED/DIRECTION    35/190    DATE  05/17

SKY COVER
POSSIBLE SUNSHINE (PERCENT)   MM
AVERAGE SKY COVER           0.20
NUMBER OF DAYS FAIR           25
NUMBER OF DAYS PC              6
NUMBER OF DAYS CLOUDY          0

AVERAGE RH (PERCENT)     70

WEATHER CONDITIONS. NUMBER OF DAYS WITH
THUNDERSTORM              9     MIXED PRECIP               0
HEAVY RAIN                6     RAIN                       7
LIGHT RAIN                9     LT FREEZING RAIN           0
HAIL                      0     LIGHT SNOW                 0
SLEET                     0     FOG                        9
FOG W/VIS <= 1/4 MILE     0     HAZE                       5

-  INDICATES NEGATIVE NUMBERS.
R  INDICATES RECORD WAS SET OR TIED.
MM INDICATES DATA IS MISSING.
T  INDICATES TRACE AMOUNT.

...................................

...THE MELBOURNE CLIMATE SUMMARY FOR THE SEASON, FROM
3/1/2016 TO 5/31/2016...

CLIMATE NORMAL PERIOD 1981 TO 2010
CLIMATE RECORD PERIOD 1939 TO 2016

WEATHER         OBSERVED          NORMAL  DEPART  LAST YEAR`S
                 VALUE   DATE(S)  VALUE   FROM    VALUE  DATE(S)
                                          NORMAL
................................................................
TEMPERATURE (F)
SPRING RECORDS
 WARMEST         75.6   2015
 COLDEST         67.8   1968
DAILY RECORD
 HIGH              99   05/31/2004
 LOW               25   03/03/1980
SPRING 2016
HIGHEST            91   05/22                         94
                        05/03
                        04/01
LOWEST             44   03/22                         47

AVG. MAXIMUM     82.4              81.1     1.3     83.7
AVG. MINIMUM     64.9              60.7     4.2     67.5
MEAN             73.7              70.9     2.8     75.6
DAYS MAX >= 90      7               6.5     0.5        7
DAYS MAX <= 32      0               0.0     0.0        0
DAYS MIN <= 32      0               0.0     0.0        0
DAYS MIN <= 0       0               0.0                0

PRECIPITATION (INCHES)
SPRING RECORDS
 MAXIMUM        17.27   1982
 MINIMUM         1.65   1986
SPRING 2016
TOTALS          12.11              8.70    3.41     6.74
DAYS >= .01        22              20.5     1.5       21
DAYS >= .10        18              12.7     5.3       15
DAYS >= .50         7               6.0     1.0        5
DAYS >= 1.00        3               2.3     0.7        2
GREATEST
 24 HR. TOTAL    3.13   MM                          1.18

SNOWFALL (INCHES)
TOTALS            0.0               0.0     0.0      0.0
SINCE 7/1         0.0                                0.0
SNOWDEPTH AVG.      0
DAYS >= TRACE       0                                  0

DEGREE_DAYS
HEATING TOTAL      20                88     -68       14
COOLING TOTAL     843               628     215     1014
.................................................................

WIND (MPH)
AVERAGE WIND SPEED              9.4
HIGHEST WIND SPEED/DIRECTION    32/300    DATE  03/25
HIGHEST GUST SPEED/DIRECTION    39/300    DATE  03/25

SKY COVER
POSSIBLE SUNSHINE (PERCENT)   MM
AVERAGE SKY COVER           0.30
NUMBER OF DAYS FAIR           68
NUMBER OF DAYS PC             24
NUMBER OF DAYS CLOUDY          0

AVERAGE RH (PERCENT)     70

WEATHER CONDITIONS. NUMBER OF DAYS WITH
THUNDERSTORM             19     MIXED PRECIP               0
HEAVY RAIN               12     RAIN                      15
LIGHT RAIN               31     LT FREEZING RAIN           0
HAIL                      0     SLEET                      0
FOG                      28     FOG W/VIS <= 1/4 MILE      3
HAZE                     14

-  INDICATES NEGATIVE NUMBERS.
R  INDICATES RECORD WAS SET OR TIED.
MM INDICATES DATA IS MISSING.
T  INDICATES TRACE AMOUNT.

$$
