000
CXUS52 KMLB 011342
CLMMLB


CLIMATE REPORT
NATIONAL WEATHER SERVICE MELBOURNE FL
909 AM EDT SAT JUL 1 2017

...................................

...THE MELBOURNE CLIMATE SUMMARY FOR THE MONTH OF JUNE 2017...

CLIMATE NORMAL PERIOD 1981 TO 2010
CLIMATE RECORD PERIOD 1939 TO 2017

WEATHER         OBSERVED          NORMAL  DEPART  LAST YEAR`S
                 VALUE   DATE(S)  VALUE   FROM    VALUE  DATE(S)
                                          NORMAL
................................................................
TEMPERATURE (F)
MONTHLY RECORD
 HOTTEST         85.0   1998
 COLDEST         77.0   1966
DAILY RECORD
 HIGH             101   06/14/1998
                        06/06/1998
 LOW               55   06/02/1984
JUNE 2017
HIGHEST            93   06/27                         93
                        06/26
                        06/25
LOWEST             70   06/16                         71
                        06/14
AVG. MAXIMUM     88.6              89.1    -0.5     89.0
AVG. MINIMUM     75.5              71.7     3.8     74.6
MEAN             82.1              80.4     1.7     81.8
DAYS MAX >= 90     10              11.8    -1.8       13
DAYS MAX <= 32      0               0.0     0.0        0
DAYS MIN <= 32      0               0.0     0.0        0
DAYS MIN <= 0       0               0.0     0.0        0

PRECIPITATION (INCHES)
MONTHLY RECORD
 MAXIMUM        15.98   1966
 MINIMUM         0.16   1998
DAILY RECORD
 MAXIMUM         5.28   06/02/2007
JUNE 2017
TOTALS           6.45              6.71   -0.26     8.91
DAYS >= .01        18              12.9     5.1       14
DAYS >= .10        12               9.2     2.8        9
DAYS >= .50         5               4.6     0.4        5
DAYS >= 1.00        1               2.1    -1.1        3
GREATEST
 24 HR. TOTAL    1.37   06/16 TO 06/16

SNOWFALL (INCHES)
TOTALS            0.0               0.0     0.0      0.0
SINCE 7/1         0.0               0.0     0.0      0.0
DAYS >= TRACE       0                                  0

DEGREE_DAYS
HEATING TOTAL       0                 0       0        0
 SINCE 7/1        220               577    -357      341
COOLING TOTAL     519               462      57      510
 SINCE 1/1       1666              1188     478     1443
.................................................................

WIND (MPH)
AVERAGE WIND SPEED              7.9
HIGHEST WIND SPEED/DIRECTION    36/260    DATE  06/07
HIGHEST GUST SPEED/DIRECTION    47/260    DATE  06/07

SKY COVER
POSSIBLE SUNSHINE (PERCENT)   MM
AVERAGE SKY COVER           0.30
NUMBER OF DAYS FAIR           18
NUMBER OF DAYS PC             11
NUMBER OF DAYS CLOUDY          1

AVERAGE RH (PERCENT)     79

WEATHER CONDITIONS. NUMBER OF DAYS WITH
THUNDERSTORM             16     MIXED PRECIP               0
HEAVY RAIN                8     RAIN                      11
LIGHT RAIN               18     LT FREEZING RAIN           0
HAIL                      0     LIGHT SNOW                 0
SLEET                     0     FOG                       17
FOG W/VIS <= 1/4 MILE     0     HAZE                       6

-  INDICATES NEGATIVE NUMBERS.
R  INDICATES RECORD WAS SET OR TIED.
MM INDICATES DATA IS MISSING.
T  INDICATES TRACE AMOUNT.

$$

RODRIGUEZ
