000
CXUS55 KBOI 011002
CF6MUO
PRELIMINARY LOCAL CLIMATOLOGICAL DATA (WS FORM: F-6)
STATION: MOUNTAIN HOME AFB
MONTH: APRIL
YEAR: 2021
LATITUDE: 43 2 N
LONGITUDE: 115 52 W
TEMPERATURE IN F: :PCPN: SNOW: WIND :SUNSHINE: SKY :PK WND
================================================================================
1 2 3 4 5 6A 6B 7 8 9 10 11 12 13 14 15 16 17 18
12Z AVG MX 2MIN
DY MAX MIN AVG DEP HDD CDD WTR SNW DPTH SPD SPD DIR MIN PSBL S-S WX SPD DR
================================================================================
1 74 33 54 8 11 0 0.00 M M 14.9 33 110 M M 0 40 110
2 74 37 56 9 9 0 0.00 M M 5.6 10 310 M M 0 M M
3 78 37 58 11 7 0 0.00 M M 7.7 12 60 M M 0 M M
4 74 40 57 10 8 0 0.00 M M 6.7 16 360 M M 1 23 360
5 51 39 45 -2 20 0 T M M 20.4 30 320 M M 6 39 320
6 61 32 47 0 18 0 0.00 M M 16.7 25 300 M M 0 35 300
7 71 32 52 5 13 0 0.00 M M 10.4 22 110 M M 1 36 340
8 58 31 45 -3 20 0 0.00 M M 17.5 29 300 M M 3 41 310
9 61 24 43 -5 22 0 0.00 M M 5.0 9 110 M M 0 M M
10 65 30 48 0 17 0 0.00 M M 15.1 31 320 M M 0 46 310
11 51 28 40 -8 25 0 0.00 M M 17.8 24 300 M M 0 32 290
12 56 26 41 -8 24 0 0.00 M M 10.2 17 100 M M 0 24 100
13 60 29 45 -4 20 0 0.00 M M 9.6 17 360 M M 5 27 60
14 53 38 46 -3 19 0 0.00 M M 7.2 14 160 M M 10 M M
15 61 39 50 1 15 0 T M M 10.1 21 330 M M 7 36 110
16 61 37 49 0 16 0 T M M 8.1 17 100 M M 4 M M
17 65 33 49 -1 16 0 0.00 M M 5.8 13 140 M M 1 8 M M
18 75 33 54 4 11 0 0.00 M M 6.3 18 300 M M 0 8 25 280
19 66 39 53 3 12 0 0.00 M M 19.4 38 310 M M 1 78 49 300
20 61 34 48 -2 17 0 0.00 M M 12.0 28 110 M M 0 33 120
21 64 29 47 -4 18 0 0.00 0.0 0 5.2 14 340 M M 0 21 270
22 70 35 53 2 12 0 0.00 0.0 0 11.3 18 330 M M 1 27 310
23 67 39 53 2 12 0 0.00 0.0 0 12.0 20 310 M M 2 25 290
24 58 46 52 0 13 0 0.03 M M 8.5 20 300 M M 6 3 27 300
25 52 43 48 -4 17 0 0.12 M M 5.2 16 320 M M 8 1 25 320
26 50 39 45 -7 20 0 0.03 M M 10.1 20 340 M M 8 21 320
27 64 34 49 -3 16 0 T M M 5.1 14 M M M 5 1 M M
28 72 36 54 1 11 0 0.00 M M 13.3 24 320 M M 0 32 330
29 83 44 64 11 1 0 0.00 M M 5.0 13 300 M M 0 M M
30 85 50 68 15 0 3 0.00 M M 10.2 20 350 M M 1 31 350
================================================================================
SM 1941 1066 440 3 0.18 0.0 312.5 M 70
================================================================================
AV 64.7 35.5 10.4 FASTST M M 2 MAX(MPH)
MISC ----> 38 310 49 300
================================================================================
NOTES:
# LAST OF SEVERAL OCCURRENCES
COLUMN 17 PEAK WIND IN M.P.H.
PRELIMINARY LOCAL CLIMATOLOGICAL DATA (WS FORM: F-6) , PAGE 2
STATION: MOUNTAIN HOME AFB
MONTH: APRIL
YEAR: 2021
LATITUDE: 43 2 N
LONGITUDE: 115 52 W
[TEMPERATURE DATA] [PRECIPITATION DATA] SYMBOLS USED IN COLUMN 16
AVERAGE MONTHLY: 50.1 TOTAL FOR MONTH: 0.18 1 = FOG OR MIST
DPTR FM NORMAL: 0.7 DPTR FM NORMAL: -0.85 2 = FOG REDUCING VISIBILITY
HIGHEST: 85 ON 30 GRTST 24HR 0.12 ON 25-25 TO 1/4 MILE OR LESS
LOWEST: 24 ON 9 3 = THUNDER
SNOW, ICE PELLETS, HAIL 4 = ICE PELLETS
TOTAL MONTH: 0.0 INCH 5 = HAIL
GRTST 24HR 0.0 6 = FREEZING RAIN OR DRIZZLE
GRTST DEPTH: 0 7 = DUSTSTORM OR SANDSTORM:
VSBY 1/2 MILE OR LESS
8 = SMOKE OR HAZE
[NO. OF DAYS WITH] [WEATHER - DAYS WITH] 9 = BLOWING SNOW
X = TORNADO
MAX 32 OR BELOW: 0 0.01 INCH OR MORE: 3
MAX 90 OR ABOVE: 0 0.10 INCH OR MORE: 1
MIN 32 OR BELOW: 9 0.50 INCH OR MORE: 0
MIN 0 OR BELOW: 0 1.00 INCH OR MORE: 0
[HDD (BASE 65) ]
TOTAL THIS MO. 440 CLEAR (SCALE 0-3) 21
DPTR FM NORMAL -37 PTCLDY (SCALE 4-7) 7
TOTAL FM JUL 1 5179 CLOUDY (SCALE 8-10) 2
DPTR FM NORMAL -331
[CDD (BASE 65) ]
TOTAL THIS MO. 3
DPTR FM NORMAL 3 [PRESSURE DATA]
TOTAL FM JAN 1 3 HIGHEST SLP M ON M
DPTR FM NORMAL 3 LOWEST SLP M ON M
[REMARKS]
#FINAL-04-21#