000
CXUS52 KMFL 011000
CF6PBI
PRELIMINARY LOCAL CLIMATOLOGICAL DATA (WS FORM: F-6)
STATION: WEST PALM BEACH
MONTH: MAY
YEAR: 2020
LATITUDE: 26 40 N
LONGITUDE: 80 7 W
TEMPERATURE IN F: :PCPN: SNOW: WIND :SUNSHINE: SKY :PK WND
================================================================================
1 2 3 4 5 6A 6B 7 8 9 10 11 12 13 14 15 16 17 18
12Z AVG MX 2MIN
DY MAX MIN AVG DEP HDD CDD WTR SNW DPTH SPD SPD DIR MIN PSBL S-S WX SPD DR
================================================================================
1 81 57 69 -7 0 4 0.00 0.0 0 7.7 16 30 M M 2 21 60
2 83 62 73 -3 0 8 0.00 0.0 0 7.4 15 90 M M 4 20 70
3 82 66 74 -2 0 9 0.00 0.0 0 7.4 16 90 M M 4 20 120
4 87 66 77 1 0 12 0.00 0.0 0 6.2 15 90 M M 2 20 100
5 89 70 80 3 0 15 0.00 0.0 0 8.6 18 140 M M 1 22 150
6 91 72 82 5 0 17 0.00 0.0 0 9.4 17 280 M M 5 21 280
7 82 68 75 -2 0 10 0.00 0.0 0 12.1 22 60 M M 5 29 50
8 82 70 76 -1 0 11 0.00 0.0 0 9.8 21 130 M M 3 27 130
9 87 65 76 -1 0 11 0.00 0.0 0 8.3 16 90 M M 4 8 23 50
10 79 69 74 -4 0 9 0.04 0.0 0 7.8 17 130 M M 9 20 120
11 85 69 77 -1 0 12 0.02 0.0 0 10.4 21 20 M M 7 1 27 10
12 85 74 80 2 0 15 0.00 0.0 0 13.5 23 60 M M 5 32 60
13 85 75 80 2 0 15 0.00 0.0 0 18.4 28 90 M M 5 33 100
14 80 75 78 0 0 13 T 0.0 0 19.7 25 80 M M 8 33 60
15 80 74 77 -1 0 12 0.15 0.0 0 14.9 26 90 M M 8 1 33 90
16 90 73 82 4 0 17 0.33 0.0 0 8.0 20 340 M M 8 13 22 340
17 93 72 83 4 0 18 T 0.0 0 6.5 18 210 M M 5 13 25 200
18 84 71 78 -1 0 13 0.72 0.0 0 4.7 24 200 M M 7 13 29 200
19 91 71 81 2 0 16 0.06 0.0 0 9.7 23 200 M M 6 13 33 270
20 90 73 82 3 0 17 0.73 0.0 0 6.1 30 220 M M 6 13 34 200
21 89 73 81 2 0 16 0.03 0.0 0 6.7 21 130 M M 5 3 24 130
22 87 74 81 2 0 16 0.32 0.0 0 10.2 20 110 M M 6 13 24 110
23 87 78 83 3 0 18 T 0.0 0 12.5 18 100 M M 6 24 130
24 81 74 78 -2 0 13 1.76 0.0 0 14.5 25 110 M M 9 1 31 110
25 80 74 77 -3 0 12 4.44 0.0 0 11.3 30 130 M M 9 138 38 130
26 90 73 82 2 0 17 0.29 0.0 0 8.6 31 330 M M 8 3 43 350
27 90 74 82 2 0 17 0.18 0.0 0 7.4 30 220 M M 5 13 38 190
28 89 77 83 3 0 18 0.12 0.0 0 9.3 20 120 M M 5 13 24 120
29 89 75 82 2 0 17 T 0.0 0 12.3 20 130 M M 6 3 26 130
30 88 79 84 4 0 19 0.00 0.0 0 10.1 17 130 M M 6 22 130
31 89 74 82 2 0 17 0.00 0.0 0 6.7 15 140 M M 7 18 100
================================================================================
SM 2665 2217 0 434 9.19 0.0 306.2 M 176
================================================================================
AV 86.0 71.5 9.9 FASTST M M 6 MAX(MPH)
MISC ----> # 31 330 # 43 350
================================================================================
NOTES:
# LAST OF SEVERAL OCCURRENCES
COLUMN 17 PEAK WIND IN M.P.H.
PRELIMINARY LOCAL CLIMATOLOGICAL DATA (WS FORM: F-6) , PAGE 2
STATION: WEST PALM BEACH
MONTH: MAY
YEAR: 2020
LATITUDE: 26 40 N
LONGITUDE: 80 7 W
[TEMPERATURE DATA] [PRECIPITATION DATA] SYMBOLS USED IN COLUMN 16
AVERAGE MONTHLY: 78.7 TOTAL FOR MONTH: 9.19 1 = FOG OR MIST
DPTR FM NORMAL: 0.3 DPTR FM NORMAL: 4.68 2 = FOG REDUCING VISIBILITY
HIGHEST: 93 ON 17 GRTST 24HR 4.44 ON 25-25 TO 1/4 MILE OR LESS
LOWEST: 57 ON 1 3 = THUNDER
SNOW, ICE PELLETS, HAIL 4 = ICE PELLETS
TOTAL MONTH: 0.0 INCH 5 = HAIL
GRTST 24HR 0.0 6 = FREEZING RAIN OR DRIZZLE
GRTST DEPTH: 0 7 = DUSTSTORM OR SANDSTORM:
VSBY 1/2 MILE OR LESS
8 = SMOKE OR HAZE
[NO. OF DAYS WITH] [WEATHER - DAYS WITH] 9 = BLOWING SNOW
X = TORNADO
MAX 32 OR BELOW: 0 0.01 INCH OR MORE: 14
MAX 90 OR ABOVE: 7 0.10 INCH OR MORE: 10
MIN 32 OR BELOW: 0 0.50 INCH OR MORE: 4
MIN 0 OR BELOW: 0 1.00 INCH OR MORE: 2
[HDD (BASE 65) ]
TOTAL THIS MO. 0 CLEAR (SCALE 0-3) 4
DPTR FM NORMAL 0 PTCLDY (SCALE 4-7) 24
TOTAL FM JUL 1 75 CLOUDY (SCALE 8-10) 3
DPTR FM NORMAL -158
[CDD (BASE 65) ]
TOTAL THIS MO. 434
DPTR FM NORMAL 20 [PRESSURE DATA]
TOTAL FM JAN 1 1698 HIGHEST SLP 30.19 ON 13
DPTR FM NORMAL 589 LOWEST SLP 29.79 ON 16
[REMARKS]
#FINAL-05-20#