000
CXUS55 KPIH 011750
CF6PIH
PRELIMINARY LOCAL CLIMATOLOGICAL DATA (WS FORM: F-6)
STATION: POCATELLO
MONTH: MAY
YEAR: 2022
LATITUDE: 42 55 N
LONGITUDE: 112 36 W
TEMPERATURE IN F: :PCPN: SNOW: WIND :SUNSHINE: SKY :PK WND
================================================================================
1 2 3 4 5 6A 6B 7 8 9 10 11 12 13 14 15 16 17 18
12Z AVG MX 2MIN
DY MAX MIN AVG DEP HDD CDD WTR SNW DPTH SPD SPD DIR MIN PSBL S-S WX SPD DR
================================================================================
1 51 42 47 -3 18 0 0.29 0.0 0 11.5 22 230 M M 9 1 29 220
2 65 38 52 2 13 0 0.56 T 0 13.5 38 280 M M 7 18 50 270
3 48 33 41 -9 24 0 0.05 T 0 9.7 25 240 M M 9 1 35 220
4 62 33 48 -2 17 0 0.00 0.0 0 7.1 14 270 M M 4 21 260
5 70 38 54 3 11 0 T 0.0 0 13.0 32 230 M M 3 45 220
6 66 50 58 7 7 0 0.00 0.0 0 12.0 22 230 M M 6 29 230
7 58 39 49 -3 16 0 0.00 0.0 0 20.5 36 280 M M 4 45 280
8 48 32 40 -12 25 0 0.12 T 0 12.7 26 240 M M 5 1 33 230
9 48 27 38 -14 27 0 T T 0 20.3 35 250 M M 6 43 260
10 54 27 41 -11 24 0 0.00 0.0 0 6.4 16 250 M M 4 23 310
11 62 27 45 -8 20 0 0.00 0.0 0 10.0 26 250 M M 2 8 36 250
12 60 38 49 -4 16 0 0.00 0.0 0 20.9 36 250 M M 4 46 260
13 58 41 50 -4 15 0 T 0.0 0 16.8 35 240 M M 6 43 260
14 69 39 54 0 11 0 0.00 0.0 0 12.8 25 260 M M 4 33 260
15 78 36 57 3 8 0 0.00 0.0 0 6.0 23 230 M M 0 32 230
16 79 50 65 11 0 0 T 0.0 0 12.3 32 180 M M 2 42 180
17 74 52 63 8 2 0 0.00 0.0 0 16.7 25 240 M M 0 33 240
18 77 39 58 3 7 0 0.00 0.0 0 14.0 30 250 M M 1 38 260
19 60 33 47 -8 18 0 0.00 0.0 0 23.3 44 280 M M 5 78 58 280
20 59 33 46 -10 19 0 0.01 T 0 12.0 24 30 M M 5 1 33 30
21 63 26 45 -11 20 0 0.00 0.0 0 3.3 16 350 M M 2 8 20 70
22 54 29 42 -14 23 0 0.04 T 0 7.3 25 320 M M 4 31 320
23 63 27 45 -11 20 0 0.00 0.0 0 6.2 15 270 M M 0 20 260
24 69 32 51 -6 14 0 0.00 0.0 0 9.2 20 250 M M 3 26 260
25 78 38 58 1 7 0 0.00 0.0 0 10.5 25 250 M M 0 33 240
26 90 41 66 9 0 1 T 0.0 0 6.1 36 280 M M 2 48 280
27 79 56 68 11 0 3 0.07 0.0 0 11.8 24 190 M M 4 40 180
28 63 45 54 -4 11 0 0.36 0.0 0 13.6 24 230 M M 8 36 230
29 57 41 49 -9 16 0 0.18 0.0 0 18.5 29 250 M M 9 1 41 240
30 47 39 43 -15 22 0 0.20 0.0 0 11.9 23 240 M M 10 1 30 220
31 62 41 52 -6 13 0 0.05 0.0 0 5.6 18 120 M M 7 24 80
================================================================================
SM 1971 1162 444 4 1.93 T 375.5 M 135
================================================================================
AV 63.6 37.5 12.1 FASTST M M 4 MAX(MPH)
MISC ----> 44 280 58 280
================================================================================
NOTES:
# LAST OF SEVERAL OCCURRENCES
26 & 27TH: FAULTY ASOS PRECIP REPORT. POCATELLO WFO COOP(10-7209-09)
BACKUP EQUIP LOCATED AT THE WFO 1.4 MILES SW OF THE PIH SENSOR WAS
SUBSTITUTED.
COLUMN 17 PEAK WIND IN M.P.H.
PRELIMINARY LOCAL CLIMATOLOGICAL DATA (WS FORM: F-6) , PAGE 2
STATION: POCATELLO
MONTH: MAY
YEAR: 2022
LATITUDE: 42 55 N
LONGITUDE: 112 36 W
[TEMPERATURE DATA] [PRECIPITATION DATA] SYMBOLS USED IN COLUMN 16
AVERAGE MONTHLY: 50.5 TOTAL FOR MONTH: 1.93 1 = FOG OR MIST
DPTR FM NORMAL: -3.7 DPTR FM NORMAL: 0.53 2 = FOG REDUCING VISIBILITY
HIGHEST: 90 ON 26 GRTST 24HR 0.60 ON 2- 3 TO 1/4 MILE OR LESS
LOWEST: 26 ON 21 3 = THUNDER
SNOW, ICE PELLETS, HAIL 4 = ICE PELLETS
TOTAL MONTH: T 5 = HAIL
GRTST 24HR T ON 2- 2 6 = FREEZING RAIN OR DRIZZLE
GRTST DEPTH: 0 7 = DUSTSTORM OR SANDSTORM:
VSBY 1/2 MILE OR LESS
8 = SMOKE OR HAZE
[NO. OF DAYS WITH] [WEATHER - DAYS WITH] 9 = BLOWING SNOW
X = TORNADO
MAX 32 OR BELOW: 0 0.01 INCH OR MORE: 11
MAX 90 OR ABOVE: 1 0.10 INCH OR MORE: 6
MIN 32 OR BELOW: 8 0.50 INCH OR MORE: 1
MIN 0 OR BELOW: 0 1.00 INCH OR MORE: 0
[HDD (BASE 65) ]
TOTAL THIS MO. 444 CLEAR (SCALE 0-3) 11
DPTR FM NORMAL 104 PTCLDY (SCALE 4-7) 16
TOTAL FM JUL 1 6973 CLOUDY (SCALE 8-10) 4
DPTR FM NORMAL 145
[CDD (BASE 65) ]
TOTAL THIS MO. 4
DPTR FM NORMAL -1 [PRESSURE DATA]
TOTAL FM JAN 1 4 HIGHEST SLP 30.22 ON 23
DPTR FM NORMAL -1 LOWEST SLP 29.54 ON 29
[REMARKS]
21ST: LOW OF 26 TIES PREVIOUS RECORD SET IN 2001.
22ND: LOW OF 29 BREAKS PREVIOUS RECORD OF 30 SET IN 2010.
26TH: HIGH OF 90 BREAKS PREVIOUS RECORD OF 89 SET IN 1958.
#FINAL-05-22#