000
CXUS55 KALY 010710
CF6PSF
PRELIMINARY LOCAL CLIMATOLOGICAL DATA (WS FORM: F-6)
STATION: PITTSFIELD MA
MONTH: AUGUST
YEAR: 2023
LATITUDE: 42 25 N
LONGITUDE: 73 18 W
TEMPERATURE IN F: :PCPN: SNOW: WIND :SUNSHINE: SKY :PK WND
================================================================================
1 2 3 4 5 6A 6B 7 8 9 10 11 12 13 14 15 16 17 18
12Z AVG MX 2MIN
DY MAX MIN AVG DEP HDD CDD WTR SNW DPTH SPD SPD DIR MIN PSBL S-S WX SPD DR
================================================================================
1 72 50 61 -8 4 0 0.00 M M 3.7 17 290 M M 5 12 22 290
2 73 46 60 -9 5 0 0.00 M M 2.5 14 290 M M 2 17 290
3 77 49 63 -6 2 0 0.01 M M 5.6 16 170 M M 4 12 24 200
4 74 60 67 -1 0 2 0.32 M M 6.5 17 230 M M 7 13 26 220
5 78 58 68 0 0 3 0.00 M M 4.5 14 290 M M 2 12 19 300
6 78 55 67 -1 0 2 0.00 M M 1.9 12 260 M M 3 12 16 270
7 72 58 65 -3 0 0 0.24 M M 7.7 17 180 M M 8 18 26 130
8 76 64 70 2 0 5 0.35 M M 7.8 22 280 M M 10 18 30 320
9 78 60 69 1 0 4 0.03 M M 10.6 24 280 M M 3 1 31 310
10 75 56 66 -2 0 1 0.03 M M 3.4 17 140 M M 5 1 24 140
11 76 54 65 -3 0 0 0.00 M M 10.0 22 290 M M 3 32 300
12 79 50 65 -3 0 0 T M M 4.3 14 180 M M 2 21 180
13 81 62 72 4 0 7 0.07 M M 5.1 20 320 M M 7 1 27 320
14 79 61 70 2 0 5 0.02 M M 4.1 14 290 M M 3 1 18 290
15 69 64 67 0 0 2 1.35 M M 4.9 13 50 M M 10 1 16 70
16 80 64 72 5 0 7 0.30 M M 3.2 14 340 M M 9 1 19 330
17 77 67 72 5 0 7 0.00 M M 7.8 16 140 M M 10 1 20 140
18 76 60 68 1 0 3 0.49 M M 8.6 24 290 M M 7 13 30 280
19 71 58 65 -2 0 0 T M M 10.1 20 260 M M 8 26 260
20 76 59 68 1 0 3 0.00 M M 5.0 14 270 M M 0 17 270
21 79 59 69 3 0 4 T M M 5.0 13 320 M M 7 1 16 320
22 75 51 63 -3 2 0 0.00 M M 5.0 14 20 M M 0 20 50
23 74 48 61 -5 4 0 0.00 M M 1.5 9 260 M M 1 12 290
24 67 50 59 -7 6 0 0.59 M M 5.4 15 150 M M 8 18 25 170
25 74 63 69 3 0 4 0.07 M M 6.1 17 180 M M 10 18 24 180
26 79 58 69 3 0 4 0.01 M M 6.0 16 360 M M 5 12 21 360
27 75 57 66 1 0 1 0.00 M M 3.1 14 290 M M 6 12 18 300
28 76 55 66 1 0 1 0.08 M M 2.5 12 210 M M 9 12 17 210
29 80 61 71 6 0 6 0.00 M M 4.6 13 140 M M 6 12 17 140
30 76 62 69 4 0 4 0.66 M M 7.9 20 310 M M 9 123 27 320
31 69 47 58 -6 7 0 0.00 M M 6.9 16 330 M M 1 23 350
================================================================================
SM 2341 1766 30 75 4.62 M 171.3 M 170
================================================================================
AV 75.5 57.0 5.5 FASTST M M 5 MAX(MPH)
MISC ----> # 24 280 32 300
================================================================================
NOTES:
# LAST OF SEVERAL OCCURRENCES
COLUMN 17 PEAK WIND IN M.P.H.
PRELIMINARY LOCAL CLIMATOLOGICAL DATA (WS FORM: F-6) , PAGE 2
STATION: PITTSFIELD MA
MONTH: AUGUST
YEAR: 2023
LATITUDE: 42 25 N
LONGITUDE: 73 18 W
[TEMPERATURE DATA] [PRECIPITATION DATA] SYMBOLS USED IN COLUMN 16
AVERAGE MONTHLY: 66.2 TOTAL FOR MONTH: 4.62 1 = FOG OR MIST
DPTR FM NORMAL: -0.9 DPTR FM NORMAL: 0.80 2 = FOG REDUCING VISIBILITY
HIGHEST: 81 ON 13 GRTST 24HR 1.37 ON 14-15 TO 1/4 MILE OR LESS
LOWEST: 46 ON 2 3 = THUNDER
SNOW, ICE PELLETS, HAIL 4 = ICE PELLETS
TOTAL MONTH: M 5 = HAIL
GRTST 24HR M ON M 6 = FREEZING RAIN OR DRIZZLE
GRTST DEPTH: M ON M 7 = DUSTSTORM OR SANDSTORM:
VSBY 1/2 MILE OR LESS
8 = SMOKE OR HAZE
[NO. OF DAYS WITH] [WEATHER - DAYS WITH] 9 = BLOWING SNOW
X = TORNADO
MAX 32 OR BELOW: 0 0.01 INCH OR MORE: 16
MAX 90 OR ABOVE: 0 0.10 INCH OR MORE: 8
MIN 32 OR BELOW: 0 0.50 INCH OR MORE: 3
MIN 0 OR BELOW: 0 1.00 INCH OR MORE: 1
[HDD (BASE 65) ]
TOTAL THIS MO. 30 CLEAR (SCALE 0-3) 10
DPTR FM NORMAL -9 PTCLDY (SCALE 4-7) 14
TOTAL FM JUL 1 34 CLOUDY (SCALE 8-10) 7
DPTR FM NORMAL -28
[CDD (BASE 65) ]
TOTAL THIS MO. 75
DPTR FM NORMAL -27 [PRESSURE DATA]
TOTAL FM JAN 1 349 HIGHEST SLP M ON M
DPTR FM NORMAL 36 LOWEST SLP 29.49 ON 8
[REMARKS]
#FINAL-08-23#