000
CXUS54 KCRP 011310
CF6RKP
PRELIMINARY LOCAL CLIMATOLOGICAL DATA (WS FORM: F-6)
STATION: ROCKPORT
MONTH: FEBRUARY
YEAR: 2023
LATITUDE: 28 4 N
LONGITUDE: 97 3 W
TEMPERATURE IN F: :PCPN: SNOW: WIND :SUNSHINE: SKY :PK WND
================================================================================
1 2 3 4 5 6A 6B 7 8 9 10 11 12 13 14 15 16 17 18
12Z AVG MX 2MIN
DY MAX MIN AVG DEP HDD CDD WTR SNW DPTH SPD SPD DIR MIN PSBL S-S WX SPD DR
================================================================================
1 40 35 38 -21 27 0 T 0.0 0 12.3 22 340 M M 10 18 30 330
2 44 37 41 -18 24 0 T 0.0 0 13.5 21 330 M M 9 1 27 340
3 60 41 51 -8 14 0 0.00 0.0 0 9.4 20 350 M M 7 1 27 360
4 67 38 53 -6 12 0 0.00 0.0 0 6.7 13 110 M M 0 18 16 100
5 75 47 61 2 4 0 0.00 0.0 0 5.8 14 140 M M 1 12 18 170
6 76 58 67 7 0 2 0.00 0.0 0 9.6 16 150 M M 3 1 24 160
7 75 63 69 9 0 4 0.01 0.0 0 10.2 18 130 M M 9 18 26 140
8 68 49 59 -1 6 0 0.20 0.0 0 10.0 20 330 M M 6 1238 30 310
9 70 43 57 -3 8 0 0.00 0.0 0 4.9 10 120 M M 4 1 14 120
10 67 48 58 -2 7 0 0.00 0.0 0 14.7 24 330 M M 1 42 360
11 64 43 54 -6 11 0 0.00 0.0 0 10.7 20 330 M M 0 26 340
12 63 37 50 -11 15 0 0.00 0.0 0 4.9 13 130 M M 0 12 16 130
13 74 45 60 -1 5 0 0.00 0.0 0 7.3 14 150 M M 4 12 22 140
14 84 65 75 14 0 10 T 0.0 0 9.6 21 190 M M 3 18 34 200
15 76 64 70 9 0 5 0.00 0.0 0 9.2 18 150 M M 8 128 30 150
16 69 50 60 -1 5 0 0.02 0.0 0 16.5 31 10 M M 10 1 49 10
17 59 42 51 -11 14 0 0.00 0.0 0 14.7 30 340 M M 0 48 10
18 64 42 53 -9 12 0 0.00 0.0 0 9.8 17 50 M M 0 23 120
19 76 47 62 0 3 0 0.00 0.0 0 5.6 14 130 M M 1 18 19 130
20 80 62 71 9 0 6 0.00 0.0 0 9.1 20 170 M M 5 18 31 170
21 77 67 72 10 0 7 0.00 0.0 0 12.9 21 160 M M 7 18 36 170
22 81 68 75 13 0 10 0.00 0.0 0 11.5 20 180 M M 5 128 36 180
23 80 67 74 11 0 9 0.00 0.0 0 8.6 16 150 M M 8 128 23 170
24 79 70 75 12 0 10 0.00 0.0 0 8.6 17 100 M M 9 18 23 100
25 79 63 71 8 0 6 0.00 0.0 0 10.8 20 100 M M 8 18 26 90
26 78 69 74 11 0 9 0.00 0.0 0 13.2 23 150 M M 7 18 33 150
27 82 69 76 13 0 11 0.00 0.0 0 8.0 21 190 M M 6 18 40 220
28 81 70 76 12 0 11 0.00 0.0 0 9.3 20 140 M M 7 128 27 140
================================================================================
SM 1988 1499 167 100 0.23 0.0 277.4 M 138
================================================================================
AV 71.0 53.5 9.9 FASTST M M 5 MAX(MPH)
MISC ----> 31 10 49 10
================================================================================
NOTES:
# LAST OF SEVERAL OCCURRENCES
COLUMN 17 PEAK WIND IN M.P.H.
PRELIMINARY LOCAL CLIMATOLOGICAL DATA (WS FORM: F-6) , PAGE 2
STATION: ROCKPORT
MONTH: FEBRUARY
YEAR: 2023
LATITUDE: 28 4 N
LONGITUDE: 97 3 W
[TEMPERATURE DATA] [PRECIPITATION DATA] SYMBOLS USED IN COLUMN 16
AVERAGE MONTHLY: 62.3 TOTAL FOR MONTH: 0.23 1 = FOG OR MIST
DPTR FM NORMAL: 1.2 DPTR FM NORMAL: -0.82 2 = FOG REDUCING VISIBILITY
HIGHEST: 84 ON 14 GRTST 24HR 0.21 ON 7- 8 TO 1/4 MILE OR LESS
LOWEST: 35 ON 1 3 = THUNDER
SNOW, ICE PELLETS, HAIL 4 = ICE PELLETS
TOTAL MONTH: 0.0 INCH 5 = HAIL
GRTST 24HR 0.0 6 = FREEZING RAIN OR DRIZZLE
GRTST DEPTH: 0 7 = DUSTSTORM OR SANDSTORM:
VSBY 1/2 MILE OR LESS
8 = SMOKE OR HAZE
[NO. OF DAYS WITH] [WEATHER - DAYS WITH] 9 = BLOWING SNOW
X = TORNADO
MAX 32 OR BELOW: 0 0.01 INCH OR MORE: 3
MAX 90 OR ABOVE: 0 0.10 INCH OR MORE: 1
MIN 32 OR BELOW: 0 0.50 INCH OR MORE: 0
MIN 0 OR BELOW: 0 1.00 INCH OR MORE: 0
[HDD (BASE 65) ]
TOTAL THIS MO. 167 CLEAR (SCALE 0-3) 8
DPTR FM NORMAL 11 PTCLDY (SCALE 4-7) 15
TOTAL FM JUL 1 738 CLOUDY (SCALE 8-10) 5
DPTR FM NORMAL -6
[CDD (BASE 65) ]
TOTAL THIS MO. 100
DPTR FM NORMAL 53 [PRESSURE DATA]
TOTAL FM JAN 1 146 HIGHEST SLP 30.57 ON 3
DPTR FM NORMAL 70 LOWEST SLP 29.59 ON 22
[REMARKS]
#FINAL-02-23#