000
CXUS51 KRNK 010717
CF6RNK
PRELIMINARY LOCAL CLIMATOLOGICAL DATA (WS FORM: F-6)
STATION: BLACKSBURG VA
MONTH: MARCH
YEAR: 2024
LATITUDE: 37 13 N
LONGITUDE: 80 25 W
TEMPERATURE IN F: :PCPN: SNOW: WIND :SUNSHINE: SKY :PK WND
================================================================================
1 2 3 4 5 6A 6B 7 8 9 10 11 12 13 14 15 16 17 18
12Z AVG MX 2MIN
DY MAX MIN AVG DEP HDD CDD WTR SNW DPTH SPD SPD DIR MIN PSBL S-S WX SPD DR
================================================================================
1 46 22 34 -4 31 0 0.33 T 0 4.0 12 110 M M 5 14 M M
2 64 37 51 13 14 0 0.05 0.0 0 0.9 5 310 M M 8 1 M M
3 64 41 53 15 12 0 0.00 0.0 0 3.7 12 110 M M 5 1 M M
4 68 39 54 16 11 0 0.00 0.0 0 3.1 13 80 M M 5 12 M M
5 71 38 55 16 10 0 0.00 0.0 0 2.4 12 160 M M 2 12 17 170
6 55 51 53 14 12 0 0.47 0.0 0 1.8 7 90 M M 9 1 M M
7 64 48 56 17 9 0 T 0.0 0 2.0 10 330 M M 6 12 M M
8 54 48 51 11 14 0 0.05 0.0 0 7.3 12 130 M M 10 M M
9 50 43 47 7 18 0 0.45 0.0 0 5.8 14 300 M M 10 1 22 300
10 45 34 40 0 25 0 T T 0 14.6 29 310 M M 8 45 300
11 54 29 42 2 23 0 0.00 0.0 0 11.4 25 300 M M 0 45 300
12 67 29 48 8 17 0 0.00 0.0 0 2.6 10 290 M M 0 M M
13 69 34 52 11 13 0 0.00 0.0 0 1.4 9 320 M M 1 M M
14 75 35 55 14 10 0 0.00 0.0 0 2.0 9 160 M M 0 16 160
15 65 51 58 17 7 0 0.04 0.0 0 4.4 14 310 M M 7 21 300
16 68 40 54 12 11 0 0.00 0.0 0 5.0 14 310 M M 3 21 310
17 63 45 54 12 11 0 0.00 0.0 0 6.1 17 310 M M 3 28 290
18 49 29 39 -3 26 0 T T 0 11.6 20 320 M M 4 31 310
19 50 27 39 -3 26 0 T T 0 9.4 17 330 M M 4 29 290
20 63 37 50 7 15 0 0.00 0.0 0 9.4 22 300 M M 2 35 300
21 59 31 45 2 20 0 0.00 0.0 0 4.4 12 300 M M 2 18 300
22 61 36 49 6 16 0 0.31 0.0 0 6.5 14 100 M M 6 1 20 140
23 57 28 43 -1 22 0 0.42 0.0 0 8.6 20 310 M M 9 1 24 310
24 53 24 39 -5 26 0 0.00 0.0 0 5.2 14 80 M M 0 M M
25 58 26 42 -2 23 0 0.00 0.0 0 6.3 14 110 M M 0 18 100
26 46 39 43 -1 22 0 0.18 0.0 0 5.9 14 120 M M 10 1 18 100
27 61 41 51 6 14 0 0.05 0.0 0 2.0 8 90 M M 9 1 M M
28 55 39 47 2 18 0 0.00 0.0 0 7.4 18 330 M M 2 1 30 340
29 63 36 50 5 15 0 0.00 0.0 0 9.7 28 310 M M 2 41 310
30 71 41 56 10 9 0 0.00 0.0 0 4.9 16 240 M M 1 24 220
31 75 50 63 17 2 0 T 0.0 0 4.5 13 240 M M 6 22 240
================================================================================
SM 1863 1148 502 0 2.35 T 174.3 M 139
================================================================================
AV 60.1 37.0 5.6 FASTST M M 4 MAX(MPH)
MISC ----> 29 310 # 45 300
================================================================================
NOTES:
# LAST OF SEVERAL OCCURRENCES
COLUMN 17 PEAK WIND IN M.P.H.
PRELIMINARY LOCAL CLIMATOLOGICAL DATA (WS FORM: F-6) , PAGE 2
STATION: BLACKSBURG VA
MONTH: MARCH
YEAR: 2024
LATITUDE: 37 13 N
LONGITUDE: 80 25 W
[TEMPERATURE DATA] [PRECIPITATION DATA] SYMBOLS USED IN COLUMN 16
AVERAGE MONTHLY: 48.6 TOTAL FOR MONTH: 2.35 1 = FOG OR MIST
DPTR FM NORMAL: 6.9 DPTR FM NORMAL: -1.43 2 = FOG REDUCING VISIBILITY
HIGHEST: 75 ON 31,14 GRTST 24HR 0.47 ON 6- 6 TO 1/4 MILE OR LESS
LOWEST: 22 ON 1 3 = THUNDER
SNOW, ICE PELLETS, HAIL 4 = ICE PELLETS
TOTAL MONTH: T 5 = HAIL
GRTST 24HR T ON 1- 1 6 = FREEZING RAIN OR DRIZZLE
GRTST DEPTH: 0 7 = DUSTSTORM OR SANDSTORM:
VSBY 1/2 MILE OR LESS
8 = SMOKE OR HAZE
[NO. OF DAYS WITH] [WEATHER - DAYS WITH] 9 = BLOWING SNOW
X = TORNADO
MAX 32 OR BELOW: 0 0.01 INCH OR MORE: 10
MAX 90 OR ABOVE: 0 0.10 INCH OR MORE: 6
MIN 32 OR BELOW: 9 0.50 INCH OR MORE: 0
MIN 0 OR BELOW: 0 1.00 INCH OR MORE: 0
[HDD (BASE 65) ]
TOTAL THIS MO. 502 CLEAR (SCALE 0-3) 14
DPTR FM NORMAL -220 PTCLDY (SCALE 4-7) 9
TOTAL FM JUL 1 3823 CLOUDY (SCALE 8-10) 8
DPTR FM NORMAL -844
[CDD (BASE 65) ]
TOTAL THIS MO. 0
DPTR FM NORMAL 0 [PRESSURE DATA]
TOTAL FM JAN 1 0 HIGHEST SLP M ON M
DPTR FM NORMAL 0 LOWEST SLP M ON M
[REMARKS]
#FINAL-03-24#