000
CXUS56 KLOX 011655
CF6SBA
PRELIMINARY LOCAL CLIMATOLOGICAL DATA (WS FORM: F-6)
STATION: SANTA BARBARA AIRPORT CA
MONTH: JUNE
YEAR: 2020
LATITUDE: 34 25 N
LONGITUDE: 119 50 W
TEMPERATURE IN F: :PCPN: SNOW: WIND :SUNSHINE: SKY :PK WND
================================================================================
1 2 3 4 5 6A 6B 7 8 9 10 11 12 13 14 15 16 17 18
12Z AVG MX 2MIN
DY MAX MIN AVG DEP HDD CDD WTR SNW DPTH SPD SPD DIR MIN PSBL S-S WX SPD DR
================================================================================
1 78 54 66 5 0 1 0.00 0.0 0 5.2 15 250 M M 4 17 260
2 74 55 65 4 0 0 0.00 0.0 0 4.1 12 230 M M 0 18 14 230
3 78 53 66 5 0 1 0.00 0.0 0 5.2 18 80 M M 1 18 25 90
4 70 61 66 5 0 1 0.00 0.0 0 10.1 16 140 M M 9 18 M M
5 69 59 64 3 1 0 0.04 0.0 0 4.5 12 330 M M 9 18 15 260
6 79 57 68 7 0 3 0.00 0.0 0 8.8 23 270 M M 2 29 250
7 80 55 68 7 0 3 0.00 0.0 0 10.7 29 260 M M 0 36 260
8 83 59 71 9 0 6 0.00 0.0 0 8.6 18 30 M M 0 22 40
9 91 53 72 10 0 7 0.00 0.0 0 5.3 17 260 M M 0 21 270
10 90 55 73 11 0 8 0.00 0.0 0 3.7 12 260 M M 0 18 14 260
11 77 56 67 5 0 2 0.00 0.0 0 5.5 12 150 M M 1 128 15 160
12 76 58 67 5 0 2 0.00 0.0 0 6.7 17 320 M M 5 18 23 320
13 82 56 69 7 0 4 0.00 0.0 0 12.0 25 340 M M 0 32 270
14 71 55 63 1 2 0 0.00 0.0 0 8.0 18 350 M M 0 22 350
15 71 53 62 0 3 0 0.00 0.0 0 5.8 13 110 M M 1 18 16 120
16 71 56 64 2 1 0 0.00 0.0 0 5.3 12 210 M M 6 18 15 210
17 74 56 65 3 0 0 0.00 0.0 0 5.4 14 260 M M 3 16 260
18 67 53 60 -3 5 0 0.00 0.0 0 5.4 10 130 M M 8 18 13 130
19 69 56 63 0 2 0 0.00 0.0 0 6.7 14 260 M M 6 18 17 270
20 69 55 62 -1 3 0 0.00 0.0 0 5.4 16 260 M M 8 18 20 270
21 69 58 64 1 1 0 0.00 0.0 0 4.9 13 270 M M 7 1 16 240
22 70 60 65 2 0 0 T 0.0 0 5.8 18 250 M M 7 18 22 260
23 70 60 65 2 0 0 0.00 0.0 0 7.1 17 250 M M 7 21 250
24 69 59 64 0 1 0 0.00 0.0 0 6.7 14 250 M M 8 18 17 260
25 71 58 65 1 0 0 0.00 0.0 0 5.7 13 250 M M 7 1 15 250
26 70 58 64 0 1 0 0.00 0.0 0 6.1 16 250 M M 8 1 20 250
27 69 58 64 0 1 0 0.00 0.0 0 6.3 13 250 M M 8 18 17 270
28 72 59 66 2 0 1 T 0.0 0 5.5 15 260 M M 8 18 18 250
29 72 58 65 1 0 0 0.00 0.0 0 7.0 15 250 M M 4 8 19 260
30 69 50 60 -4 5 0 0.00 0.0 0 6.7 17 250 M M 1 18 21 260
================================================================================
SM 2220 1693 26 39 0.04 0.0 194.2 M 128
================================================================================
AV 74.0 56.4 6.5 FASTST M M 4 MAX(MPH)
MISC ----> # 29 260 # 36 260
================================================================================
NOTES:
# LAST OF SEVERAL OCCURRENCES
COLUMN 17 PEAK WIND IN M.P.H.
PRELIMINARY LOCAL CLIMATOLOGICAL DATA (WS FORM: F-6) , PAGE 2
STATION: SANTA BARBARA AIRPORT CA
MONTH: JUNE
YEAR: 2020
LATITUDE: 34 25 N
LONGITUDE: 119 50 W
[TEMPERATURE DATA] [PRECIPITATION DATA] SYMBOLS USED IN COLUMN 16
AVERAGE MONTHLY: 65.2 TOTAL FOR MONTH: 0.04 1 = FOG OR MIST
DPTR FM NORMAL: 2.8 DPTR FM NORMAL: -0.03 2 = FOG REDUCING VISIBILITY
HIGHEST: 91 ON 9 GRTST 24HR 0.04 ON 5- 5 TO 1/4 MILE OR LESS
LOWEST: 50 ON 30 3 = THUNDER
SNOW, ICE PELLETS, HAIL 4 = ICE PELLETS
TOTAL MONTH: 0.0 INCH 5 = HAIL
GRTST 24HR 0.0 6 = FREEZING RAIN OR DRIZZLE
GRTST DEPTH: 0 7 = DUSTSTORM OR SANDSTORM:
VSBY 1/2 MILE OR LESS
8 = SMOKE OR HAZE
[NO. OF DAYS WITH] [WEATHER - DAYS WITH] 9 = BLOWING SNOW
X = TORNADO
MAX 32 OR BELOW: 0 0.01 INCH OR MORE: 1
MAX 90 OR ABOVE: 2 0.10 INCH OR MORE: 0
MIN 32 OR BELOW: 0 0.50 INCH OR MORE: 0
MIN 0 OR BELOW: 0 1.00 INCH OR MORE: 0
[HDD (BASE 65) ]
TOTAL THIS MO. 26 CLEAR (SCALE 0-3) 13
DPTR FM NORMAL -64 PTCLDY (SCALE 4-7) 12
TOTAL FM JUL 1 1982 CLOUDY (SCALE 8-10) 5
DPTR FM NORMAL -392
[CDD (BASE 65) ]
TOTAL THIS MO. 39
DPTR FM NORMAL 25 [PRESSURE DATA]
TOTAL FM JAN 1 89 HIGHEST SLP 30.09 ON 12
DPTR FM NORMAL 61 LOWEST SLP 29.75 ON 3
[REMARKS]
#FINAL-06-20#