000
CXUS56 KLOX 011155
CF6SBA
PRELIMINARY LOCAL CLIMATOLOGICAL DATA (WS FORM: F-6)
STATION: SANTA BARBARA AIRPORT CA
MONTH: OCTOBER
YEAR: 2023
LATITUDE: 34 25 N
LONGITUDE: 119 50 W
TEMPERATURE IN F: :PCPN: SNOW: WIND :SUNSHINE: SKY :PK WND
================================================================================
1 2 3 4 5 6A 6B 7 8 9 10 11 12 13 14 15 16 17 18
12Z AVG MX 2MIN
DY MAX MIN AVG DEP HDD CDD WTR SNW DPTH SPD SPD DIR MIN PSBL S-S WX SPD DR
================================================================================
1 71 50 61 -3 4 0 0.00 M M 4.3 13 250 M M 4 16 240
2 71 51 61 -3 4 0 0.00 M M 3.9 13 140 M M 0 15 110
3 77 50 64 0 1 0 0.00 M M 3.1 12 240 M M 0 14 250
4 85 52 69 5 0 4 0.00 M M 4.2 15 250 M M 0 18 260
5 90 54 72 9 0 7 0.00 M M 4.1 14 250 M M 0 17 250
6 95 55 75 12 0 10 0.00 M M 4.3 14 240 M M 0 8 16 250
7 83 55 69 6 0 4 0.00 M M 4.4 12 250 M M 0 8 14 260
8 71 61 66 3 0 1 0.00 M M 6.4 14 260 M M 6 8 18 250
9 74 57 66 3 0 1 0.00 M M 3.8 10 250 M M 5 18 14 260
10 74 55 65 2 0 0 0.00 M M 5.4 23 320 M M 0 29 310
11 84 58 71 8 0 6 0.00 M M 7.5 21 290 M M 0 27 280
12 78 50 64 1 1 0 0.00 M M 4.3 15 260 M M 0 18 260
13 74 52 63 0 2 0 0.00 M M 3.6 10 150 M M 0 12 140
14 74 51 63 1 2 0 0.00 M M 2.5 13 250 M M 1 8 16 240
15 80 52 66 4 0 1 0.00 M M 3.3 12 260 M M 0 8 15 230
16 80 51 66 4 0 1 0.00 M M 2.6 10 150 M M 0 13 150
17 68 53 61 -1 4 0 0.00 M M 3.4 10 150 M M 3 128 12 120
18 69 57 63 1 2 0 0.00 M M 4.3 12 260 M M 9 128 13 230
19 71 60 66 4 0 1 0.00 M M 4.4 14 260 M M 7 128 17 260
20 72 56 64 2 1 0 0.00 M M 2.8 8 140 M M 5 128 10 150
21 79 54 67 5 0 2 0.00 M M 3.1 12 130 M M 0 15 130
22 85 51 68 6 0 3 0.00 M M 8.7 25 270 M M 0 8 35 280
23 75 55 65 4 0 0 0.00 M M 5.7 15 130 M M 0 19 300
24 73 53 63 2 2 0 0.00 M M 5.0 12 80 M M 2 18 15 80
25 72 54 63 2 2 0 0.00 M M 5.2 13 250 M M 7 8 16 240
26 72 51 62 1 3 0 0.00 M M 4.2 13 240 M M 0 16 240
27 69 48 59 -2 6 0 0.00 M M 3.1 9 150 M M 0 12 130
28 81 48 65 4 0 0 0.00 M M 8.3 24 270 M M 0 31 250
29 76 43 60 0 5 0 0.00 M M 3.4 12 240 M M 0 16 250
30 75 39 57 -3 8 0 0.00 M M 3.5 14 250 M M 0 16 270
31 84 39 62 2 3 0 0.00 M M 3.3 13 260 M M 0 15 260
================================================================================
SM 2382 1615 50 41 0.00 M 136.1 M 49
================================================================================
AV 76.8 52.1 4.4 FASTST M M 2 MAX(MPH)
MISC ----> 25 270 35 280
================================================================================
NOTES:
# LAST OF SEVERAL OCCURRENCES
COLUMN 17 PEAK WIND IN M.P.H.
PRELIMINARY LOCAL CLIMATOLOGICAL DATA (WS FORM: F-6) , PAGE 2
STATION: SANTA BARBARA AIRPORT CA
MONTH: OCTOBER
YEAR: 2023
LATITUDE: 34 25 N
LONGITUDE: 119 50 W
[TEMPERATURE DATA] [PRECIPITATION DATA] SYMBOLS USED IN COLUMN 16
AVERAGE MONTHLY: 64.5 TOTAL FOR MONTH: 0.00 1 = FOG OR MIST
DPTR FM NORMAL: 2.4 DPTR FM NORMAL: -0.73 2 = FOG REDUCING VISIBILITY
HIGHEST: 95 ON 6 GRTST 24HR T ON 12-12 TO 1/4 MILE OR LESS
LOWEST: 39 ON 31,30 3 = THUNDER
SNOW, ICE PELLETS, HAIL 4 = ICE PELLETS
TOTAL MONTH: M 5 = HAIL
GRTST 24HR M ON M 6 = FREEZING RAIN OR DRIZZLE
GRTST DEPTH: M ON M 7 = DUSTSTORM OR SANDSTORM:
VSBY 1/2 MILE OR LESS
8 = SMOKE OR HAZE
[NO. OF DAYS WITH] [WEATHER - DAYS WITH] 9 = BLOWING SNOW
X = TORNADO
MAX 32 OR BELOW: 0 0.01 INCH OR MORE: 0
MAX 90 OR ABOVE: 2 0.10 INCH OR MORE: 0
MIN 32 OR BELOW: 0 0.50 INCH OR MORE: 0
MIN 0 OR BELOW: 0 1.00 INCH OR MORE: 0
[HDD (BASE 65) ]
TOTAL THIS MO. 50 CLEAR (SCALE 0-3) 24
DPTR FM NORMAL -62 PTCLDY (SCALE 4-7) 6
TOTAL FM JUL 1 74 CLOUDY (SCALE 8-10) 1
DPTR FM NORMAL -133
[CDD (BASE 65) ]
TOTAL THIS MO. 41
DPTR FM NORMAL 17 [PRESSURE DATA]
TOTAL FM JAN 1 342 HIGHEST SLP 30.14 ON 30
DPTR FM NORMAL 130 LOWEST SLP 29.61 ON 11
[REMARKS]
#FINAL-10-23#