000
CXUS51 KCLE 010900
CF6TOL
PRELIMINARY LOCAL CLIMATOLOGICAL DATA (WS FORM: F-6)
STATION: TOLEDO OH
MONTH: FEBRUARY
YEAR: 2024
LATITUDE: 41 35 N
LONGITUDE: 83 48 W
TEMPERATURE IN F: :PCPN: SNOW: WIND :SUNSHINE: SKY :PK WND
================================================================================
1 2 3 4 5 6A 6B 7 8 9 10 11 12 13 14 15 16 17 18
12Z AVG MX 2MIN
DY MAX MIN AVG DEP HDD CDD WTR SNW DPTH SPD SPD DIR MIN PSBL S-S WX SPD DR
================================================================================
1 53 35 44 17 21 0 0.00 0.0 0 10.6 23 230 M M 6 31 230
2 42 29 36 9 29 0 0.00 0.0 0 6.8 15 10 M M 7 19 360
3 35 29 32 4 33 0 0.00 0.0 0 6.5 13 50 M M 10 17 40
4 49 24 37 9 28 0 0.00 0.0 0 3.5 12 40 M M 3 128 14 50
5 39 25 32 4 33 0 0.00 0.0 0 6.2 15 50 M M 8 128 18 50
6 46 29 38 10 27 0 0.00 0.0 0 6.2 16 60 M M 4 21 70
7 52 25 39 11 26 0 0.00 0.0 0 1.4 9 180 M M 0 18 16 130
8 63 33 48 20 17 0 0.00 0.0 0 7.6 18 200 M M 1 29 200
9 66 52 59 31 6 0 0.00 0.0 0 14.6 27 210 M M 4 38 210
10 55 35 45 16 20 0 0.00 0.0 0 11.1 20 260 M M 6 26 260
11 45 29 37 8 28 0 0.00 0.0 0 3.6 10 350 M M 4 14 350
12 45 27 36 7 29 0 0.00 0.0 0 3.6 12 330 M M 2 16 320
13 43 24 34 5 31 0 0.00 0.0 0 6.5 20 260 M M 6 27 290
14 42 26 34 4 31 0 0.00 0.0 0 3.8 12 290 M M 4 17 250
15 43 27 35 5 30 0 0.08 T 0 11.1 30 270 M M 5 18 40 290
16 32 22 27 -3 38 0 0.05 0.4 0 4.0 10 290 M M 6 18 14 300
17 28 16 22 -8 43 0 T T 1 13.9 25 220 M M 6 37 240
18 39 16 28 -3 37 0 0.00 0.0 T 14.7 26 240 M M 2 37 240
19 44 18 31 0 34 0 0.00 0.0 0 2.1 10 190 M M 0 18 16 170
20 54 21 38 7 27 0 0.00 0.0 0 3.5 13 180 M M 0 18 18 180
21 64 34 49 18 16 0 0.00 0.0 0 9.5 24 210 M M 1 36 190
22 55 43 49 17 16 0 0.35 0.0 0 3.5 16 220 M M 9 128 25 210
23 56 30 43 11 22 0 0.01 0.1 0 7.9 17 70 M M 6 128 22 70
24 34 23 29 -3 36 0 T T T 10.1 22 30 M M 5 27 50
25 53 26 40 7 25 0 0.00 0.0 0 11.5 24 210 M M 1 37 210
26 59 31 45 12 20 0 0.00 0.0 0 5.1 10 70 M M 1 16 99
27 73 52 63 30 2 0 0.02 0.0 0 10.5 23 210 M M 6 13 39 230
28 64 24 44 10 21 0 0.09 0.0 0 19.0 37 240 M M 6 3 54 250
29 41 23 32 -2 33 0 0.00 0.0 0 9.2 20 260 M M 1 26 260
================================================================================
SM 1414 828 759 0 0.60 0.5 227.6 M 120
================================================================================
AV 48.8 28.6 7.8 FASTST M M 4 MAX(MPH)
MISC ----> 37 240 54 250
================================================================================
NOTES:
# LAST OF SEVERAL OCCURRENCES
COLUMN 17 PEAK WIND IN M.P.H.
PRELIMINARY LOCAL CLIMATOLOGICAL DATA (WS FORM: F-6) , PAGE 2
STATION: TOLEDO OH
MONTH: FEBRUARY
YEAR: 2024
LATITUDE: 41 35 N
LONGITUDE: 83 48 W
[TEMPERATURE DATA] [PRECIPITATION DATA] SYMBOLS USED IN COLUMN 16
AVERAGE MONTHLY: 38.7 TOTAL FOR MONTH: 0.60 1 = FOG OR MIST
DPTR FM NORMAL: 8.8 DPTR FM NORMAL: -1.68 2 = FOG REDUCING VISIBILITY
HIGHEST: 73 ON 27 GRTST 24HR 0.35 ON 22-22 TO 1/4 MILE OR LESS
LOWEST: 16 ON 18,17 3 = THUNDER
SNOW, ICE PELLETS, HAIL 4 = ICE PELLETS
TOTAL MONTH: 0.5 INCH 5 = HAIL
GRTST 24HR 0.4 ON 16-16 6 = FREEZING RAIN OR DRIZZLE
GRTST DEPTH: 1 ON 17 7 = DUSTSTORM OR SANDSTORM:
VSBY 1/2 MILE OR LESS
8 = SMOKE OR HAZE
[NO. OF DAYS WITH] [WEATHER - DAYS WITH] 9 = BLOWING SNOW
X = TORNADO
MAX 32 OR BELOW: 2 0.01 INCH OR MORE: 6
MAX 90 OR ABOVE: 0 0.10 INCH OR MORE: 1
MIN 32 OR BELOW: 22 0.50 INCH OR MORE: 0
MIN 0 OR BELOW: 0 1.00 INCH OR MORE: 0
[HDD (BASE 65) ]
TOTAL THIS MO. 759 CLEAR (SCALE 0-3) 10
DPTR FM NORMAL -222 PTCLDY (SCALE 4-7) 16
TOTAL FM JUL 1 3579 CLOUDY (SCALE 8-10) 3
DPTR FM NORMAL -708
[CDD (BASE 65) ]
TOTAL THIS MO. 0
DPTR FM NORMAL 0 [PRESSURE DATA]
TOTAL FM JAN 1 0 HIGHEST SLP 30.50 ON 29
DPTR FM NORMAL 0 LOWEST SLP 29.25 ON 28
[REMARKS]
#FINAL-02-24#