000
CXUS51 KPHI 011227
CF6TTN
PRELIMINARY LOCAL CLIMATOLOGICAL DATA (WS FORM: F-6)
STATION: TRENTON NJ
MONTH: MARCH
YEAR: 2023
LATITUDE: 40 16 N
LONGITUDE: 74 49 W
TEMPERATURE IN F: :PCPN: SNOW: WIND :SUNSHINE: SKY :PK WND
================================================================================
1 2 3 4 5 6A 6B 7 8 9 10 11 12 13 14 15 16 17 18
12Z AVG MX 2MIN
DY MAX MIN AVG DEP HDD CDD WTR SNW DPTH SPD SPD DIR MIN PSBL S-S WX SPD DR
================================================================================
1 49 27 38 1 27 0 0.00 0.0 0 6.7 20 140 M M 5 1 24 150
2 57 40 49 11 16 0 T 0.0 0 5.6 20 300 M M 5 12 29 290
3 45 31 38 0 27 0 0.46 T 0 9.9 24 100 M M 4 14 33 110
4 48 37 43 5 22 0 0.67 0.0 0 12.2 25 340 M M 9 1 36 120
5 55 30 43 5 22 0 0.00 0.0 0 7.7 21 310 M M 3 31 320
6 54 34 44 5 21 0 T 0.0 0 7.2 17 300 M M 2 23 340
7 46 32 39 0 26 0 0.08 0.6 T 14.6 33 330 M M 6 14 43 350
8 48 30 39 0 26 0 0.00 0.0 0 15.3 25 340 M M 5 33 350
9 52 29 41 1 24 0 0.00 0.0 0 10.8 20 340 M M 1 25 20
10 45 30 38 -2 27 0 0.30 0.0 0 4.6 14 130 M M 5 1 17 130
11 44 33 39 -1 26 0 0.08 T 0 9.7 21 340 M M 10 1 25 340
12 45 28 37 -3 28 0 0.00 0.0 0 5.1 14 140 M M 3 18 350
13 45 37 41 0 24 0 0.24 T 0 5.7 14 320 M M 10 14 19 320
14 40 32 36 -5 29 0 0.04 0.2 0 16.6 29 290 M M 10 1 42 290
15 47 32 40 -1 25 0 0.00 0.0 0 15.9 28 340 M M 1 41 320
16 58 32 45 3 20 0 0.00 0.0 0 6.2 16 270 M M 0 25 250
17 59 36 48 6 17 0 0.01 0.0 0 6.2 17 230 M M 4 25 230
18 51 37 44 2 21 0 0.02 0.0 0 10.7 20 320 M M 3 1 28 260
19 38 26 32 -10 33 0 0.00 0.0 0 11.6 22 310 M M 1 32 300
20 51 24 38 -5 27 0 0.00 0.0 0 5.8 15 220 M M 0 20 210
21 60 28 44 1 21 0 0.00 0.0 0 6.0 15 250 M M 0 21 220
22 63 36 50 6 15 0 0.00 0.0 0 6.5 17 200 M M 3 25 200
23 61 46 54 10 11 0 0.18 0.0 0 6.6 16 340 M M 7 1 22 230
24 57 39 48 4 17 0 0.12 0.0 0 4.5 16 350 M M 7 1 21 340
25 44 39 42 -3 23 0 0.15 0.0 0 8.6 20 90 M M 9 1 26 80
26 61 41 51 6 14 0 0.00 0.0 0 9.3 21 270 M M 2 12 29 290
27 63 35 49 4 16 0 0.24 0.0 0 8.8 20 180 M M 5 1 30 180
28 55 38 47 1 18 0 0.00 0.0 0 7.3 15 10 M M 6 1 18 10
29 55 32 44 -2 21 0 T 0.0 0 6.3 14 220 M M 1 21 240
30 46 29 38 -8 27 0 0.01 0.0 0 10.0 16 340 M M 1 24 340
31 61 30 46 -1 19 0 0.00 0.0 0 6.8 14 180 M M 5 21 160
================================================================================
SM 1603 1030 690 0 2.60 0.8 268.8 M 133
================================================================================
AV 51.7 33.2 8.7 FASTST M M 4 MAX(MPH)
MISC ----> 33 330 43 350
================================================================================
NOTES:
# LAST OF SEVERAL OCCURRENCES
COLUMN 17 PEAK WIND IN M.P.H.
PRELIMINARY LOCAL CLIMATOLOGICAL DATA (WS FORM: F-6) , PAGE 2
STATION: TRENTON NJ
MONTH: MARCH
YEAR: 2023
LATITUDE: 40 16 N
LONGITUDE: 74 49 W
[TEMPERATURE DATA] [PRECIPITATION DATA] SYMBOLS USED IN COLUMN 16
AVERAGE MONTHLY: 42.5 TOTAL FOR MONTH: 2.60 1 = FOG OR MIST
DPTR FM NORMAL: 0.8 DPTR FM NORMAL: -1.37 2 = FOG REDUCING VISIBILITY
HIGHEST: 63 ON 27,22 GRTST 24HR 1.13 ON 3- 4 TO 1/4 MILE OR LESS
LOWEST: 24 ON 20 3 = THUNDER
SNOW, ICE PELLETS, HAIL 4 = ICE PELLETS
TOTAL MONTH: 0.8 INCH 5 = HAIL
GRTST 24HR 0.6 ON 7- 7 6 = FREEZING RAIN OR DRIZZLE
GRTST DEPTH: T 7 = DUSTSTORM OR SANDSTORM:
VSBY 1/2 MILE OR LESS
8 = SMOKE OR HAZE
[NO. OF DAYS WITH] [WEATHER - DAYS WITH] 9 = BLOWING SNOW
X = TORNADO
MAX 32 OR BELOW: 0 0.01 INCH OR MORE: 14
MAX 90 OR ABOVE: 0 0.10 INCH OR MORE: 8
MIN 32 OR BELOW: 17 0.50 INCH OR MORE: 1
MIN 0 OR BELOW: 0 1.00 INCH OR MORE: 0
[HDD (BASE 65) ]
TOTAL THIS MO. 690 CLEAR (SCALE 0-3) 13
DPTR FM NORMAL -32 PTCLDY (SCALE 4-7) 13
TOTAL FM JUL 1 4029 CLOUDY (SCALE 8-10) 5
DPTR FM NORMAL -392
[CDD (BASE 65) ]
TOTAL THIS MO. 0
DPTR FM NORMAL -1 [PRESSURE DATA]
TOTAL FM JAN 1 0 HIGHEST SLP 30.39 ON 21
DPTR FM NORMAL -1 LOWEST SLP 29.22 ON 4
[REMARKS]
#FINAL-03-23#