000
CXUS54 KHGX 291415
CF6CLL
PRELIMINARY LOCAL CLIMATOLOGICAL DATA (WS FORM: F-6)

                                          STATION:   COLLEGE STATION
                                          MONTH:     MARCH
                                          YEAR:      2015
                                          LATITUDE:   30 34 N
                                          LONGITUDE:  96 22 W

  TEMPERATURE IN F:       :PCPN:    SNOW:  WIND      :SUNSHINE: SKY     :PK WND
================================================================================
1   2   3   4   5  6A  6B    7    8   9   10  11  12  13   14  15   16   17  18
                                     12Z  AVG MX 2MIN
DY MAX MIN AVG DEP HDD CDD  WTR  SNW DPTH SPD SPD DIR MIN PSBL S-S WX    SPD DR
================================================================================

 1  44  39  42 -16  23   0 0.04    M    0 10.1 15 360   M    M   8 1      17 360
 2  46  40  43 -15  22   0    T    M    0  8.1 15 350   M    M  10 1      17 350
 3  76  45  61   3   4   0 0.00  0.0    0  7.6 21 190   M    M   9 12     26 180
 4  77  35  56  -2   9   0 0.06  0.0    0 13.6 29 350   M    M  10 18     38 350
 5  46  31  39 -20  26   0 0.17    T    0 16.7 28 350   M    M   6 16     34 360
 6  56  27  42 -17  23   0 0.00  0.0    0  5.2 10  10   M    M   0        16  30
 7  58  32  45 -14  20   0 0.00  0.0    0  3.5  9 100   M    M   7        14 100
 8  53  43  48 -12  17   0 0.64  0.0    0  6.2 13 130   M    M  10 1      16 130
 9  53  50  52  -8  13   0 3.09  0.0    0  7.5 16 320   M    M  10 1      21 300
10  57  50  54  -6  11   0 0.00  0.0    0  7.2 12  10   M    M  10 1      14 310
11  61  52  57  -3   8   0 0.00  0.0    0 10.3 17  10   M    M   9 1      24  20
12  63  54  59  -1   6   0    T  0.0    M  8.8 17 340   M    M  10        21 350
13  71  56  64   3   1   0 0.05  0.0    0  6.9 15 320   M    M   7 1      21 290
14  74  52  63   2   2   0 0.00  0.0    0  8.3 21 330   M    M   3 1      26 330
15  67  51  59  -2   6   0 0.00  0.0    0  3.4 12  30   M    M   6        13  30
16  76  50  63   2   2   0 0.00  0.0    0  4.0 12 160   M    M   4 1      15 180
17  78  64  71   9   0   6 0.00  0.0    0  3.9 12 200   M    M   7 1      15 230
18  78  63  71   9   0   6 0.24  0.0    0  5.8 17 210   M    M   6 13     24 220
19  79  61  70   8   0   5    T  0.0    0  7.3 16 170   M    M   5 1      20 170
20  74  60  67   5   0   2 0.48  0.0    0  6.3 20 330   M    M   8 13     27 340
21  63  58  61  -2   4   0 0.73  0.0    0  7.4 17 360   M    M  10 1      20 360
22  69  55  62  -1   3   0 0.00  0.0    0  6.7 14 320   M    M   7 1      18 330
23  78  50  64   1   1   0 0.00  0.0    0  3.3  9 140   M    M   0 1      13 130
24  79  59  69   6   0   4 0.00  0.0    0 10.9 18 160   M    M   4 1      25 160
25  80  62  71   7   0   6 0.00  0.0    0 11.5 21 150   M    M   3        26 160
26  67  51  59  -5   6   0 0.33  0.0    0 14.4 26 340   M    M   5 138    34 350
27  78  43  61  -3   4   0 0.00  0.0    0  6.1 20 290   M    M   0 8      26 290
28  82  49  66   2   0   1 0.00  0.0    0  9.5 22 180   M    M   0        29 200
================================================================================
SM 1883 1382       211  30  5.83    T    220.5          M      174
================================================================================
AV 67.2 49.4                               7.9 FASTST   M    M   6    MAX(MPH)
                                 MISC ---->  # 29 350               # 38  350
================================================================================
NOTES:
# LAST OF SEVERAL OCCURRENCES

COLUMN 17 PEAK WIND IN M.P.H.

PRELIMINARY LOCAL CLIMATOLOGICAL DATA (WS FORM: F-6) , PAGE 2

                                          STATION:  COLLEGE STATION
                                          MONTH:    MARCH
                                          YEAR:     2015
                                          LATITUDE:   30 34 N
                                          LONGITUDE:  96 22 W

[TEMPERATURE DATA]      [PRECIPITATION DATA]       SYMBOLS USED IN COLUMN 16

AVERAGE MONTHLY: 58.3   TOTAL FOR MONTH:   5.83    1 = FOG OR MIST
DPTR FM NORMAL:  -2.7   DPTR FM NORMAL:    2.95    2 = FOG REDUCING VISIBILITY
HIGHEST:    82 ON 28    GRTST 24HR  3.09 ON  9- 9      TO 1/4 MILE OR LESS
LOWEST:     27 ON  6                               3 = THUNDER
                        SNOW, ICE PELLETS, HAIL    4 = ICE PELLETS
                        TOTAL MONTH:    T          5 = HAIL
                        GRTST 24HR    T  ON  5- 5  6 = FREEZING RAIN OR DRIZZLE
                        GRTST DEPTH:   0           7 = DUSTSTORM OR SANDSTORM:
                                                       VSBY 1/2 MILE OR LESS
                                                   8 = SMOKE OR HAZE
[NO. OF DAYS WITH]      [WEATHER - DAYS WITH]      9 = BLOWING SNOW
                                                   X = TORNADO
MAX 32 OR BELOW:   0    0.01 INCH OR MORE:  10
MAX 90 OR ABOVE:   0    0.10 INCH OR MORE:   7
MIN 32 OR BELOW:   3    0.50 INCH OR MORE:   3
MIN  0 OR BELOW:   0    1.00 INCH OR MORE:   1

[HDD (BASE 65) ]
TOTAL THIS MO.   211    CLEAR  (SCALE 0-3)   6
DPTR FM NORMAL    49    PTCLDY (SCALE 4-7)  11
TOTAL FM JUL 1  1752    CLOUDY (SCALE 8-10) 11
DPTR FM NORMAL   203

[CDD (BASE 65) ]
TOTAL THIS MO.    30
DPTR FM NORMAL   -19    [PRESSURE DATA]
TOTAL FM JAN 1    31    HIGHEST SLP M ON M
DPTR FM NORMAL   -46    LOWEST  SLP 29.78 ON  4

[REMARKS]
