000
CXUS54 KHGX 221515
CF6CLL
PRELIMINARY LOCAL CLIMATOLOGICAL DATA (WS FORM: F-6)

                                          STATION:   COLLEGE STATION
                                          MONTH:     JANUARY
                                          YEAR:      2017
                                          LATITUDE:   30 34 N
                                          LONGITUDE:  96 22 W

  TEMPERATURE IN F:       :PCPN:    SNOW:  WIND      :SUNSHINE: SKY     :PK WND
================================================================================
1   2   3   4   5  6A  6B    7    8   9   10  11  12  13   14  15   16   17  18
                                     12Z  AVG MX 2MIN
DY MAX MIN AVG DEP HDD CDD  WTR  SNW DPTH SPD SPD DIR MIN PSBL S-S WX    SPD DR
================================================================================

 1  70  56  63  12   2   0 0.00  0.0    0  4.4 10 320   M    M   7 1      13 140
 2  74  50  62  11   3   0 0.51  0.0    0  8.0 29 330   M    M   3 13     38 310
 3  74  42  58   7   7   0 0.00  0.0    0  8.7 21 350   M    M   0        25 340
 4  47  37  42  -9  23   0 0.00  0.0    0  7.3 18 360   M    M   4        23 350
 5  64  37  51   0  14   0 0.00  0.0    0  9.6 24 360   M    M   7 18     31 360
 6  37  23  30 -21  35   0    T    T    0 18.5 25 350   M    M   8 4      37 350
 7  42  17  30 -21  35   0 0.00  0.0    0  9.3 23 350   M    M   0 8      27 360
 8  51  22  37 -14  28   0 0.00  0.0    0  7.1 18 160   M    M   0        25 150
 9  70  41  56   5   9   0 0.00  0.0    0 12.5 22 160   M    M   7        28 170
10  79  60  70  19   0   5 0.00  0.0    0 15.6 30 210   M    M   5        37 210
11  79  65  72  21   0   7 0.00  0.0    0 18.1 31 170   M    M   8        39 180
12  81  68  75  24   0  10 0.00  0.0    0 12.6 22 170   M    M   9        28 170
13  82  67  75  24   0  10 0.01  0.0    0  9.7 22 150   M    M   9 1      27 130
14  71  54  63  12   2   0 0.01  0.0    0  5.4 10 320   M    M   6 18     12 320
15  71  53  62  11   3   0 0.26  0.0    0 10.8 24 140   M    M  10 18     32 160
16  73  59  66  15   0   1 1.21  0.0    0  8.3 21 210   M    M  10 13     27 210
17  59  53  56   5   9   0 0.64  0.0    0 11.5 18  30   M    M  10 13     22  30
18  54  51  53   2  12   0 1.04  0.0    0  7.6 16 310   M    M  10 13     30 330
19  61  52  57   6   8   0 0.04  0.0    0  6.9 14 180   M    M   9 18     19 180
20  71  58  65  14   0   0 0.00  0.0    0  5.7 15 180   M    M   7 18     20 180
21  77  57  67  16   0   2 0.01  0.0    0  8.1 26 280   M    M   6 1      37 280
================================================================================
SM 1387 1022       190  35  3.73    T    205.7          M      135
================================================================================
AV 66.1 48.7                               9.8 FASTST   M    M   6    MAX(MPH)
                                 MISC ---->  # 31 170               # 39  180
================================================================================
NOTES:
# LAST OF SEVERAL OCCURRENCES

COLUMN 17 PEAK WIND IN M.P.H.

PRELIMINARY LOCAL CLIMATOLOGICAL DATA (WS FORM: F-6) , PAGE 2

                                          STATION:  COLLEGE STATION
                                          MONTH:    JANUARY
                                          YEAR:     2017
                                          LATITUDE:   30 34 N
                                          LONGITUDE:  96 22 W

[TEMPERATURE DATA]      [PRECIPITATION DATA]       SYMBOLS USED IN COLUMN 16

AVERAGE MONTHLY: 57.4   TOTAL FOR MONTH:   3.73    1 = FOG OR MIST
DPTR FM NORMAL:   6.4   DPTR FM NORMAL:    1.55    2 = FOG REDUCING VISIBILITY
HIGHEST:    82 ON 13    GRTST 24HR  1.25 ON 17-18      TO 1/4 MILE OR LESS
LOWEST:     17 ON  7                               3 = THUNDER
                        SNOW, ICE PELLETS, HAIL    4 = ICE PELLETS
                        TOTAL MONTH:    T          5 = HAIL
                        GRTST 24HR    T  ON  6- 6  6 = FREEZING RAIN OR DRIZZLE
                        GRTST DEPTH:   0           7 = DUSTSTORM OR SANDSTORM:
                                                       VSBY 1/2 MILE OR LESS
                                                   8 = SMOKE OR HAZE
[NO. OF DAYS WITH]      [WEATHER - DAYS WITH]      9 = BLOWING SNOW
                                                   X = TORNADO
MAX 32 OR BELOW:   0    0.01 INCH OR MORE:   9
MAX 90 OR ABOVE:   0    0.10 INCH OR MORE:   5
MIN 32 OR BELOW:   3    0.50 INCH OR MORE:   4
MIN  0 OR BELOW:   0    1.00 INCH OR MORE:   2

[HDD (BASE 65) ]
TOTAL THIS MO.   190    CLEAR  (SCALE 0-3)   4
DPTR FM NORMAL  -117    PTCLDY (SCALE 4-7)   9
TOTAL FM JUL 1   578    CLOUDY (SCALE 8-10)  8
DPTR FM NORMAL  -365

[CDD (BASE 65) ]
TOTAL THIS MO.    35
DPTR FM NORMAL    35    [PRESSURE DATA]
TOTAL FM JAN 1    35    HIGHEST SLP M ON M
DPTR FM NORMAL    35    LOWEST  SLP 29.43 ON 21

[REMARKS]
