000
CXUS54 KHGX 281415
CF6CLL
PRELIMINARY LOCAL CLIMATOLOGICAL DATA (WS FORM: F-6)

                                          STATION:   COLLEGE STATION
                                          MONTH:     JUNE
                                          YEAR:      2016
                                          LATITUDE:   30 34 N
                                          LONGITUDE:  96 22 W

  TEMPERATURE IN F:       :PCPN:    SNOW:  WIND      :SUNSHINE: SKY     :PK WND
================================================================================
1   2   3   4   5  6A  6B    7    8   9   10  11  12  13   14  15   16   17  18
                                     12Z  AVG MX 2MIN
DY MAX MIN AVG DEP HDD CDD  WTR  SNW DPTH SPD SPD DIR MIN PSBL S-S WX    SPD DR
================================================================================

 1  89  69  79  -1   0  14    T  0.0    0  5.8 26 170   M    M   3 3      31 170
 2  81  69  75  -5   0  10 0.29  0.0    0  5.2 18 240   M    M   6 13     24 240
 3  83  68  76  -4   0  11 0.01  0.0    0  3.6 12 120   M    M   5 123    14  90
 4  81  70  76  -4   0  11 0.37  0.0    0  6.8 18  40   M    M   7 1      24  40
 5  89  71  80  -1   0  15    T  0.0    0 10.1 22  10   M    M   7        27 360
 6  88  69  79  -2   0  14 0.00  0.0    0  7.2 16  10   M    M   4        22  50
 7  90  72  81   0   0  16 0.00  0.0    0  4.6 13  30   M    M   1        16  40
 8  90  72  81   0   0  16 0.00  0.0    0  3.8 12  90   M    M   1 1      17  70
 9  92  74  83   2   0  18 0.00  0.0    0  5.8 23 200   M    M   1        26 190
10  92  72  82   0   0  17 0.00  0.0    0  6.0 16 140   M    M   3 1      19 140
11  93  75  84   2   0  19 0.00  0.0    0  7.7 15 180   M    M   3        20 180
12  89  77  83   1   0  18 0.05  0.0    0  9.9 21 140   M    M   4 13     26 170
13  93  78  86   4   0  21 0.00  0.0    0  9.0 16 220   M    M   5        22 180
14  94  78  86   4   0  21 0.00  0.0    0  9.7 18 160   M    M   5        23 160
15  95  77  86   4   0  21 0.00  0.0    0 10.2 20 200   M    M   3 1      25 220
16  95  76  86   4   0  21 0.00  0.0    0  9.2 18 170   M    M   3        23 160
17  95  75  85   2   0  20 0.00  0.0    0  6.8 15 210   M    M   2 1      19 200
18  95  76  86   3   0  21 0.00  0.0    0  6.7 18  90   M    M   3 1      23  80
19  93  75  84   1   0  19    T  0.0    0  5.2 16 150   M    M   4        19 130
20  95  74  85   2   0  20 0.08  0.0    0  4.7 23 110   M    M   4 1      29 100
21  94  76  85   2   0  20 0.08  0.0    0  4.8 18 140   M    M   2        22 140
22  94  76  85   2   0  20 0.00  0.0    0  9.7 18 150   M    M   1        25 140
23  94  75  85   2   0  20 0.00  0.0    0  8.7 16 160   M    M   2        20 140
24  94  72  83   0   0  18 0.00  0.0    0  7.6 17 150   M    M   1        22 150
25  91  77  84   1   0  19 0.09  0.0    0  7.5 21 170   M    M   3 13     26 170
26  94  76  85   1   0  20 0.00  0.0    0  4.9 16 150   M    M   1        18 160
27  96  75  86   2   0  21 0.00  0.0    0  3.4 10  90   M    M   1        15 140
================================================================================
SM 2469 1994         0 481  0.97     0.0 184.6          M       85
================================================================================
AV 91.4 73.9                               6.8 FASTST   M    M   3    MAX(MPH)
                                 MISC ---->  # 26 170               # 31  170
================================================================================
NOTES:
# LAST OF SEVERAL OCCURRENCES

COLUMN 17 PEAK WIND IN M.P.H.

PRELIMINARY LOCAL CLIMATOLOGICAL DATA (WS FORM: F-6) , PAGE 2

                                          STATION:  COLLEGE STATION
                                          MONTH:    JUNE
                                          YEAR:     2016
                                          LATITUDE:   30 34 N
                                          LONGITUDE:  96 22 W

[TEMPERATURE DATA]      [PRECIPITATION DATA]       SYMBOLS USED IN COLUMN 16

AVERAGE MONTHLY: 82.6   TOTAL FOR MONTH:   0.97    1 = FOG OR MIST
DPTR FM NORMAL:   0.6   DPTR FM NORMAL:   -3.14    2 = FOG REDUCING VISIBILITY
HIGHEST:    96 ON 27    GRTST 24HR  0.37 ON  4- 4      TO 1/4 MILE OR LESS
LOWEST:     68 ON  3                               3 = THUNDER
                        SNOW, ICE PELLETS, HAIL    4 = ICE PELLETS
                        TOTAL MONTH:   0.0 INCH    5 = HAIL
                        GRTST 24HR     0.0         6 = FREEZING RAIN OR DRIZZLE
                        GRTST DEPTH:   0           7 = DUSTSTORM OR SANDSTORM:
                                                       VSBY 1/2 MILE OR LESS
                                                   8 = SMOKE OR HAZE
[NO. OF DAYS WITH]      [WEATHER - DAYS WITH]      9 = BLOWING SNOW
                                                   X = TORNADO
MAX 32 OR BELOW:   0    0.01 INCH OR MORE:   7
MAX 90 OR ABOVE:  20    0.10 INCH OR MORE:   2
MIN 32 OR BELOW:   0    0.50 INCH OR MORE:   0
MIN  0 OR BELOW:   0    1.00 INCH OR MORE:   0

[HDD (BASE 65) ]
TOTAL THIS MO.     0    CLEAR  (SCALE 0-3)  17
DPTR FM NORMAL     0    PTCLDY (SCALE 4-7)  10
TOTAL FM JUL 1  1148    CLOUDY (SCALE 8-10)  0
DPTR FM NORMAL  -460

[CDD (BASE 65) ]
TOTAL THIS MO.   481
DPTR FM NORMAL    21    [PRESSURE DATA]
TOTAL FM JAN 1  1037    HIGHEST SLP M ON M
DPTR FM NORMAL   -11    LOWEST  SLP 29.76 ON  6

[REMARKS]
