000
CXUS54 KHGX 231415
CF6CLL
PRELIMINARY LOCAL CLIMATOLOGICAL DATA (WS FORM: F-6)

                                          STATION:   COLLEGE STATION
                                          MONTH:     JUNE
                                          YEAR:      2017
                                          LATITUDE:   30 34 N
                                          LONGITUDE:  96 22 W

  TEMPERATURE IN F:       :PCPN:    SNOW:  WIND      :SUNSHINE: SKY     :PK WND
================================================================================
1   2   3   4   5  6A  6B    7    8   9   10  11  12  13   14  15   16   17  18
                                     12Z  AVG MX 2MIN
DY MAX MIN AVG DEP HDD CDD  WTR  SNW DPTH SPD SPD DIR MIN PSBL S-S WX    SPD DR
================================================================================

 1  85  69  77  -3   0  12 0.20  0.0    0  6.3 22 130   M    M   4 13     28 140
 2  90  71  81   1   0  16 0.00  0.0    0  5.8 18 140   M    M   3 1      22 130
 3  91  71  81   1   0  16 1.27  0.0    0  5.9 25 340   M    M   5 13     31 340
 4  84  66  75  -5   0  10 2.95  0.0    0  6.4 20 330   M    M   6 13     25 280
 5  84  68  76  -5   0  11 0.17  0.0    0  3.1 14 130   M    M   5 13     16 340
 6  88  69  79  -2   0  14 0.00  0.0    0  8.8 17 360   M    M   3 18     24 360
 7  92  68  80  -1   0  15 0.00  0.0    0  5.7 15  30   M    M   1        19  30
 8  88  70  79  -2   0  14 0.00  0.0    0  6.0 12 130   M    M   2        15 130
 9  84  70  77  -4   0  12 0.01  0.0    0  7.7 14 120   M    M   6        19 170
10  89  67  78  -4   0  13 0.00  0.0    0 10.0 18 160   M    M   1        24 150
11  91  69  80  -2   0  15 0.00  0.0    0  8.3 16 160   M    M   2        21 160
12  92  73  83   1   0  18 0.00  0.0    0  9.1 17 140   M    M   3 1      22 150
13  91  75  83   1   0  18 0.16  0.0    0 12.0 23 160   M    M   4 18     28 150
14  93  77  85   3   0  20 0.00  0.0    0 12.6 21 150   M    M   4        27 160
15  93  75  84   2   0  19 0.00  0.0    0  9.4 17 160   M    M   4 1      20 160
16  94  74  84   2   0  19 0.00  0.0    0 10.4 18 200   M    M   3        24 220
17  93  75  84   1   0  19 0.00  0.0    0 13.0 23 170   M    M   3        31 180
18  94  76  85   2   0  20 0.00  0.0    0 11.5 22 170   M    M   5        26 170
19  91  73  82  -1   0  17 0.00  0.0    0  5.6 16 180   M    M   1 8      19 160
20  93  75  84   1   0  19 0.00  0.0    0  9.9 18  40   M    M   1        22  50
21  91  74  83   0   0  18 0.00  0.0    0 13.7 23  20   M    M   3        30 360
22  85  75  80  -3   0  15 0.02  0.0    0  9.4 18  20   M    M   6        22  20
================================================================================
SM 1976 1580         0 350  4.78     0.0 190.6          M       75
================================================================================
AV 89.8 71.8                               8.7 FASTST   M    M   3    MAX(MPH)
                                 MISC ---->  # 25 340               # 31  340
================================================================================
NOTES:
# LAST OF SEVERAL OCCURRENCES

COLUMN 17 PEAK WIND IN M.P.H.

PRELIMINARY LOCAL CLIMATOLOGICAL DATA (WS FORM: F-6) , PAGE 2

                                          STATION:  COLLEGE STATION
                                          MONTH:    JUNE
                                          YEAR:     2017
                                          LATITUDE:   30 34 N
                                          LONGITUDE:  96 22 W

[TEMPERATURE DATA]      [PRECIPITATION DATA]       SYMBOLS USED IN COLUMN 16

AVERAGE MONTHLY: 80.8   TOTAL FOR MONTH:   4.78    1 = FOG OR MIST
DPTR FM NORMAL:  -0.9   DPTR FM NORMAL:    1.30    2 = FOG REDUCING VISIBILITY
HIGHEST:    94 ON 18,16 GRTST 24HR  2.95 ON  4- 4      TO 1/4 MILE OR LESS
LOWEST:     66 ON  4                               3 = THUNDER
                        SNOW, ICE PELLETS, HAIL    4 = ICE PELLETS
                        TOTAL MONTH:   0.0 INCH    5 = HAIL
                        GRTST 24HR     0.0         6 = FREEZING RAIN OR DRIZZLE
                        GRTST DEPTH:   0           7 = DUSTSTORM OR SANDSTORM:
                                                       VSBY 1/2 MILE OR LESS
                                                   8 = SMOKE OR HAZE
[NO. OF DAYS WITH]      [WEATHER - DAYS WITH]      9 = BLOWING SNOW
                                                   X = TORNADO
MAX 32 OR BELOW:   0    0.01 INCH OR MORE:   7
MAX 90 OR ABOVE:  14    0.10 INCH OR MORE:   5
MIN 32 OR BELOW:   0    0.50 INCH OR MORE:   2
MIN  0 OR BELOW:   0    1.00 INCH OR MORE:   2

[HDD (BASE 65) ]
TOTAL THIS MO.     0    CLEAR  (SCALE 0-3)  10
DPTR FM NORMAL     0    PTCLDY (SCALE 4-7)  12
TOTAL FM JUL 1   847    CLOUDY (SCALE 8-10)  0
DPTR FM NORMAL  -761

[CDD (BASE 65) ]
TOTAL THIS MO.   350
DPTR FM NORMAL   -18    [PRESSURE DATA]
TOTAL FM JAN 1  1111    HIGHEST SLP M ON M
DPTR FM NORMAL   155    LOWEST  SLP 29.55 ON 22

[REMARKS]
