000
CXUS54 KHGX 271415
CF6CXO
PRELIMINARY LOCAL CLIMATOLOGICAL DATA (WS FORM: F-6)

                                          STATION:   CONROE
                                          MONTH:     JUNE
                                          YEAR:      2016
                                          LATITUDE:   30 21 N
                                          LONGITUDE:  95 25 W

  TEMPERATURE IN F:       :PCPN:    SNOW:  WIND      :SUNSHINE: SKY     :PK WND
================================================================================
1   2   3   4   5  6A  6B    7    8   9   10  11  12  13   14  15   16   17  18
                                     12Z  AVG MX 2MIN
DY MAX MIN AVG DEP HDD CDD  WTR  SNW DPTH SPD SPD DIR MIN PSBL S-S WX    SPD DR
================================================================================

 1  86  70  78   0   0  13 2.37  0.0    0  4.6 24 190   M    M   5 123    30 190
 2  76  67  72  -6   0   7 1.95  0.0    0  6.1 35 160   M    M   6 13     41 170
 3  78  68  73  -5   0   8 0.11  0.0    0  3.8 13 150   M    M   7 12     16 150
 4  78  69  74  -5   0   9 0.14  0.0    0  3.8 15  50   M    M   7 1      21  40
 5  85  69  77  -2   0  12 0.02  0.0    0  5.2 15 350   M    M   7 1      21 350
 6  89  68  79   0   0  14 0.54  0.0    0  2.7 13  90   M    M   6 1      17  10
 7  90  69  80   1   0  15 0.00  0.0    0  3.0 10  80   M    M   2 1      14  70
 8  89  66  78  -1   0  13 0.00  0.0    0  3.9 10 120   M    M   0 1      15 120
 9  92  69  81   2   0  16 0.00  0.0    0  5.0 15 130   M    M   1 1      20  70
10  90  69  80   0   0  15 0.01  0.0    0  4.8 17 150   M    M   2 13     22 150
11  93  73  83   3   0  18    T  0.0    0  4.2 17 180   M    M   4 13     20 170
12  87  70  79  -1   0  14 0.74  0.0    0  4.2 36 200   M    M   2 138    46 200
13  92  72  82   2   0  17 0.44  0.0    0  4.9 15 220   M    M   6 13     19 250
14  93  76  85   5   0  20 0.00  0.0    0  6.9 18 180   M    M   5 1      24 180
15  95  75  85   5   0  20 0.00  0.0    0  7.1 17 190   M    M   3 1      22 190
16  96  73  85   5   0  20 0.00  0.0    0  6.1 15 160   M    M   2 1      23  40
17  94  72  83   3   0  18 0.00  0.0    0  4.4 13 190   M    M   2 1      16 200
18  96  73  85   5   0  20 0.00  0.0    0  3.7 22  40   M    M   2 1      36  30
19  92  71  82   2   0  17 0.00  0.0    0  4.1 16 100   M    M   2 3      21 100
20  93  72  83   2   0  18 0.94  0.0    0  2.3 28 170   M    M   2 13     32 170
21  92  72  82   1   0  17 0.07  0.0    0  2.2 10 240   M    M   2 13     15 230
22  91  73  82   1   0  17    T  0.0    0  6.6 17 160   M    M   1 1      23 200
23  93  71  82   1   0  17 0.00  0.0    0  5.9 16 160   M    M   2        20 150
24  92  70  81   0   0  16 0.00  0.0    0  4.8 16 190   M    M   3 1      23 180
25  93  73  83   2   0  18 0.07  0.0    0  4.2 15 270   M    M   1 13     19 260
26  94  73  84   3   0  19 0.00  0.0    0  3.1 15 160   M    M   2 13     21 140
================================================================================
SM 2339 1843         0 408  7.40     0.0 117.6          M       84
================================================================================
AV 90.0 70.9                               4.5 FASTST   M    M   3    MAX(MPH)
                                 MISC ---->  # 36 200               # 46  200
================================================================================
NOTES:
# LAST OF SEVERAL OCCURRENCES

COLUMN 17 PEAK WIND IN M.P.H.

PRELIMINARY LOCAL CLIMATOLOGICAL DATA (WS FORM: F-6) , PAGE 2

                                          STATION:  CONROE
                                          MONTH:    JUNE
                                          YEAR:     2016
                                          LATITUDE:   30 21 N
                                          LONGITUDE:  95 25 W

[TEMPERATURE DATA]      [PRECIPITATION DATA]       SYMBOLS USED IN COLUMN 16

AVERAGE MONTHLY: 80.4   TOTAL FOR MONTH:   7.40    1 = FOG OR MIST
DPTR FM NORMAL:   0.6   DPTR FM NORMAL:    2.25    2 = FOG REDUCING VISIBILITY
HIGHEST:    96 ON 18,16 GRTST 24HR  3.67 ON  1- 2      TO 1/4 MILE OR LESS
LOWEST:     66 ON  8                               3 = THUNDER
                        SNOW, ICE PELLETS, HAIL    4 = ICE PELLETS
                        TOTAL MONTH:   0.0 INCH    5 = HAIL
                        GRTST 24HR     0.0         6 = FREEZING RAIN OR DRIZZLE
                        GRTST DEPTH:   0           7 = DUSTSTORM OR SANDSTORM:
                                                       VSBY 1/2 MILE OR LESS
                                                   8 = SMOKE OR HAZE
[NO. OF DAYS WITH]      [WEATHER - DAYS WITH]      9 = BLOWING SNOW
                                                   X = TORNADO
MAX 32 OR BELOW:   0    0.01 INCH OR MORE:  12
MAX 90 OR ABOVE:  18    0.10 INCH OR MORE:   8
MIN 32 OR BELOW:   0    0.50 INCH OR MORE:   5
MIN  0 OR BELOW:   0    1.00 INCH OR MORE:   2

[HDD (BASE 65) ]
TOTAL THIS MO.     0    CLEAR  (SCALE 0-3)  16
DPTR FM NORMAL     0    PTCLDY (SCALE 4-7)  10
TOTAL FM JUL 1  1318    CLOUDY (SCALE 8-10)  0
DPTR FM NORMAL  -422

[CDD (BASE 65) ]
TOTAL THIS MO.   408
DPTR FM NORMAL    22    [PRESSURE DATA]
TOTAL FM JAN 1   928    HIGHEST SLP M ON M
DPTR FM NORMAL    57    LOWEST  SLP 29.76 ON  6

[REMARKS]
