000
CXUS54 KHGX 191424
CF6CXO
PRELIMINARY LOCAL CLIMATOLOGICAL DATA (WS FORM: F-6)

                                          STATION:   CONROE
                                          MONTH:     DECEMBER
                                          YEAR:      2014
                                          LATITUDE:   30 21 N
                                          LONGITUDE:  95 25 W

  TEMPERATURE IN F:       :PCPN:    SNOW:  WIND      :SUNSHINE: SKY     :PK WND
================================================================================
1   2   3   4   5  6A  6B    7    8   9   10  11  12  13   14  15   16   17  18
                                     12Z  AVG MX 2MIN
DY MAX MIN AVG DEP HDD CDD  WTR  SNW DPTH SPD SPD DIR MIN PSBL S-S WX    SPD DR
================================================================================

 1  69  43  56   2   9   0 0.04  0.0    0  6.9 20 340   M    M   9 12     25 350
 2  55  42  49  -5  16   0 0.00  0.0    0  5.2 13 350   M    M  10 1      22 330
 3  61  50  56   2   9   0 0.00  0.0    0  2.8  8  80   M    M   9 18     11  80
 4  69  53  61   7   4   0 0.01  0.0    0  6.0 12 130   M    M   9 12     16 140
 5  78  63  71  18   0   6 0.06  0.0    0  7.2 17 220   M    M   8 12     22 230
 6  70  58  64  11   1   0    T  0.0    0  6.1 15 340   M    M   9 12     20 330
 7  59  52  56   3   9   0 0.00  0.0    0  4.9 12 310   M    M  10        15  30
 8  65  40  53   0  12   0 0.00  0.0    0  3.0 12 350   M    M   2 18     16 350
 9  69  37  53   1  12   0 0.00  0.0    0  0.8  7 360   M    M   0 18     11 360
10  65  37  51  -1  14   0    T    M    0  2.3 10 160   M    M   3 1      13 150
11  69  52  61   9   4   0 0.04  0.0    0  3.2 10 180   M    M   9 1      14 200
12  73  52  63  11   2   0 0.03  0.0    0  6.0 16 170   M    M   6 1      23 180
13  72  54  63  11   2   0 0.00  0.0    0  6.6 14 110   M    M   8 12     18 140
14  74  62  68  16   0   3    T  0.0    0 12.2 24 160   M    M  10        28 150
15  76  53  65  13   0   0 0.01  0.0    0  9.6 17 280   M    M   5        22 260
16  63  40  52   1  13   0 0.00  0.0    0  6.8 15 330   M    M   0        21 330
17  61  39  50  -1  15   0    T  0.0    0  5.7 15 150   M    M   8        19 160
18  68  55  62  11   3   0 0.28  0.0    0  5.1 12  70   M    M  10 13     17  70
================================================================================
SM 1216  882       125   9  0.47     0.0 100.4          M      125
================================================================================
AV 67.6 49.0                               5.6 FASTST   M    M   7    MAX(MPH)
                                 MISC ---->  # 24 160               # 28  150
================================================================================
NOTES:
# LAST OF SEVERAL OCCURRENCES

COLUMN 17 PEAK WIND IN M.P.H.

PRELIMINARY LOCAL CLIMATOLOGICAL DATA (WS FORM: F-6) , PAGE 2

                                          STATION:  CONROE
                                          MONTH:    DECEMBER
                                          YEAR:     2014
                                          LATITUDE:   30 21 N
                                          LONGITUDE:  95 25 W

[TEMPERATURE DATA]      [PRECIPITATION DATA]       SYMBOLS USED IN COLUMN 16

AVERAGE MONTHLY: 58.3   TOTAL FOR MONTH:   0.47    1 = FOG OR MIST
DPTR FM NORMAL:   5.8   DPTR FM NORMAL:   -2.29    2 = FOG REDUCING VISIBILITY
HIGHEST:    78 ON  5    GRTST 24HR  0.28 ON 18-18      TO 1/4 MILE OR LESS
LOWEST:     37 ON 10, 9                            3 = THUNDER
                        SNOW, ICE PELLETS, HAIL    4 = ICE PELLETS
                        TOTAL MONTH:   0.0 INCH    5 = HAIL
                        GRTST 24HR     0.0         6 = FREEZING RAIN OR DRIZZLE
                        GRTST DEPTH:   0           7 = DUSTSTORM OR SANDSTORM:
                                                       VSBY 1/2 MILE OR LESS
                                                   8 = SMOKE OR HAZE
[NO. OF DAYS WITH]      [WEATHER - DAYS WITH]      9 = BLOWING SNOW
                                                   X = TORNADO
MAX 32 OR BELOW:   0    0.01 INCH OR MORE:   7
MAX 90 OR ABOVE:   0    0.10 INCH OR MORE:   1
MIN 32 OR BELOW:   0    0.50 INCH OR MORE:   0
MIN  0 OR BELOW:   0    1.00 INCH OR MORE:   0

[HDD (BASE 65) ]
TOTAL THIS MO.   125    CLEAR  (SCALE 0-3)   4
DPTR FM NORMAL  -111    PTCLDY (SCALE 4-7)   5
TOTAL FM JUL 1   455    CLOUDY (SCALE 8-10)  9
DPTR FM NORMAL   -48

[CDD (BASE 65) ]
TOTAL THIS MO.     9
DPTR FM NORMAL    -4    [PRESSURE DATA]
TOTAL FM JAN 1  2546    HIGHEST SLP M ON M
DPTR FM NORMAL   -86    LOWEST  SLP 29.92 ON M

[REMARKS]
