000
CXUS54 KHGX 161415
CF6CXO
PRELIMINARY LOCAL CLIMATOLOGICAL DATA (WS FORM: F-6)

                                          STATION:   CONROE
                                          MONTH:     APRIL
                                          YEAR:      2014
                                          LATITUDE:   30 21 N
                                          LONGITUDE:  95 25 W

  TEMPERATURE IN F:       :PCPN:    SNOW:  WIND      :SUNSHINE: SKY     :PK WND
================================================================================
1   2   3   4   5  6A  6B    7    8   9   10  11  12  13   14  15   16   17  18
                                     12Z  AVG MX 2MIN
DY MAX MIN AVG DEP HDD CDD  WTR  SNW DPTH SPD SPD DIR MIN PSBL S-S WX    SPD DR
================================================================================

 1  82  64  73   9   0   8    T  0.0    0  9.4 22 150   M    M   8 1      29 150
 2  81  68  75  11   0  10    T  0.0    0 12.1 24 150   M    M   9 18     34 160
 3  80  71  76  12   0  11 0.01  0.0    0 14.1 22 160   M    M  10 1      29 160
 4  74  54  64   0   1   0 0.23  0.0    0  9.3 26 330   M    M   3 13     38 280
 5  66  53  60  -5   5   0    T  0.0    0  4.0  9  60   M    M   5        19  10
 6  61  52  57  -8   8   0 0.07  0.0    0  6.5 15 320   M    M  10 13     22 330
 7  72  51  62  -3   3   0 0.00  0.0    0  7.1 16 330   M    M   7        22 330
 8  73  44  59  -6   6   0 0.03  0.0    0 11.1 30 320   M    M   1        41 300
 9  79  39  59  -6   6   0 0.00  0.0    0  4.4 16 150   M    M   0        21 130
10  84  47  66   0   0   1 0.00  0.0    0 11.2 24 150   M    M   0 1      31 150
11  83  56  70   4   0   5 0.00  0.0    0 10.5 20 140   M    M   4 1      27 140
12  83  64  74   8   0   9 0.00  0.0    0 12.3 24 150   M    M   7        32 150
13  76  66  71   5   0   6    T  0.0    0 10.0 22 150   M    M   9        27 160
14  76  44  60  -6   5   0 0.23    M    0 12.3 29 330   M    M   8 13     37 340
15  63  37  50 -17  15   0 0.00  0.0    0  6.6 18 330   M    M   0        27 330
================================================================================
SM 1133  810        49  50  0.57     0.0 140.9          M       81
================================================================================
AV 75.5 54.0                               9.4 FASTST   M    M   5    MAX(MPH)
                                 MISC ---->  # 30 320               # 41  300
================================================================================
NOTES:
# LAST OF SEVERAL OCCURRENCES

COLUMN 17 PEAK WIND IN M.P.H.

PRELIMINARY LOCAL CLIMATOLOGICAL DATA (WS FORM: F-6) , PAGE 2

                                          STATION:  CONROE
                                          MONTH:    APRIL
                                          YEAR:     2014
                                          LATITUDE:   30 21 N
                                          LONGITUDE:  95 25 W

[TEMPERATURE DATA]      [PRECIPITATION DATA]       SYMBOLS USED IN COLUMN 16

AVERAGE MONTHLY: 64.8   TOTAL FOR MONTH:   0.57    1 = FOG OR MIST
DPTR FM NORMAL:  -0.4   DPTR FM NORMAL:   -0.43    2 = FOG REDUCING VISIBILITY
HIGHEST:    84 ON 10    GRTST 24HR  0.24 ON  3- 4      TO 1/4 MILE OR LESS
LOWEST:     37 ON 15                               3 = THUNDER
                        SNOW, ICE PELLETS, HAIL    4 = ICE PELLETS
                        TOTAL MONTH:   0.0 INCH    5 = HAIL
                        GRTST 24HR     0.0         6 = FREEZING RAIN OR DRIZZLE
                        GRTST DEPTH:   0           7 = DUSTSTORM OR SANDSTORM:
                                                       VSBY 1/2 MILE OR LESS
                                                   8 = SMOKE OR HAZE
[NO. OF DAYS WITH]      [WEATHER - DAYS WITH]      9 = BLOWING SNOW
                                                   X = TORNADO
MAX 32 OR BELOW:   0    0.01 INCH OR MORE:   5
MAX 90 OR ABOVE:   0    0.10 INCH OR MORE:   2
MIN 32 OR BELOW:   0    0.50 INCH OR MORE:   0
MIN  0 OR BELOW:   0    1.00 INCH OR MORE:   0

[HDD (BASE 65) ]
TOTAL THIS MO.    49    CLEAR  (SCALE 0-3)   5
DPTR FM NORMAL     3    PTCLDY (SCALE 4-7)   6
TOTAL FM JUL 1  2157    CLOUDY (SCALE 8-10)  4
DPTR FM NORMAL   438

[CDD (BASE 65) ]
TOTAL THIS MO.    50
DPTR FM NORMAL     0    [PRESSURE DATA]
TOTAL FM JAN 1    85    HIGHEST SLP M ON M
DPTR FM NORMAL   -33    LOWEST  SLP 29.64 ON  6

[REMARKS]
