000
CXUS54 KHGX 310725
CF6DWH
PRELIMINARY LOCAL CLIMATOLOGICAL DATA (WS FORM: F-6)

                                          STATION:   HOUSTON/D.W._HOOKS
                                          MONTH:     OCTOBER
                                          YEAR:      2014
                                          LATITUDE:   30  4 N
                                          LONGITUDE:  95 33 W

  TEMPERATURE IN F:       :PCPN:    SNOW:  WIND      :SUNSHINE: SKY     :PK WND
================================================================================
1   2   3   4   5  6A  6B    7    8   9   10  11  12  13   14  15   16   17  18
                                     12Z  AVG MX 2MIN
DY MAX MIN AVG DEP HDD CDD  WTR  SNW DPTH SPD SPD DIR MIN PSBL S-S WX    SPD DR
================================================================================

 1  92  73  83   9   0  18 0.00  0.0    0  3.2 12 190   M    M   5 1      16 190
 2  93  70  82   8   0  17 0.70  0.0    0 10.1 22 330   M    M   6 13     33 330
 3  83  59  71  -3   0   6 0.10  0.0    0  5.2 15 340   M    M   1 13     20  10
 4  79  56  68  -6   0   3 0.00  0.0    0  4.6 13  60   M    M   0        16  50
 5  85  52  69  -4   0   4 0.00  0.0    0  4.3 14 150   M    M   1        20 140
 6  83  65  74   1   0   9 1.00  0.0    0  3.2 16  90   M    M   1 3      21 100
 7  91  64  78   5   0  13 0.00  0.0    0  4.0 12 120   M    M   4 12     15 150
 8  91  68  80   8   0  15 0.72  0.0    0  3.5 16  90   M    M   2 123    23  90
 9  90  68  79   7   0  14 0.00  0.0    0  3.5 10 130   M    M   1 1      15 120
10  89  75  82  10   0  17 0.06  0.0    0  7.0 16 190   M    M   2 1      23 240
11  83  66  75   3   0  10    T  0.0    0  5.7 16  10   M    M   5 1      22 360
12  85  65  75   4   0  10 0.14  0.0    0  3.8 14 160   M    M   7 138    22 160
13  83  60  72   1   0   7 1.21  0.0    0  7.8 31 310   M    M   4 1238   44 290
14  77  51  64  -7   1   0 0.00  0.0    0  5.6 17 310   M    M   0        25 320
15  84  50  67  -3   0   2 0.00  0.0    0  3.0 10 300   M    M   0        30 300
16  85  57  71   1   0   6 0.00  0.0    0  5.5 14 190   M    M   0        18 210
17  85  58  72   2   0   7 0.00  0.0    0  3.7 13 230   M    M   1 1      20 220
18  86  62  74   4   0   9 0.00  0.0    0  1.5 10  80   M    M   3 1      15  90
19  82  64  73   4   0   8 0.00  0.0    0  4.4 12  80   M    M   1        15  70
20  82  60  71   2   0   6 0.00  0.0    0  4.5 10  30   M    M   0        17  90
21  82  55  69   0   0   4 0.00  0.0    0  3.0 12  70   M    M   0 1      16  70
22  81  61  71   3   0   6 0.00  0.0    0  3.7 13  70   M    M   0 1      17  50
23  79  58  69   1   0   4 0.00  0.0    0  2.8  9  30   M    M   0        17  50
24  80  56  68   0   0   3 0.00  0.0    0  1.5  8  10   M    M   0 1      12 350
25  84  54  69   2   0   4 0.00  0.0    0  1.0  6  60   M    M   0 18      8  30
26  84  54  69   2   0   4 0.00  0.0    0  3.8 13 200   M    M   0 128    17 190
27  85  57  71   4   0   6 0.00  0.0    0  5.6 18 200   M    M   1 1      24 190
28  86  59  73   7   0   8 0.00  0.0    0  1.6 12 220   M    M   3 1      15 180
29  82  61  72   6   0   7 0.00  0.0    0  3.2 13 360   M    M   3 18     16 360
30  79  57  68   2   0   3 0.00  0.0    0  2.3 10  80   M    M   1 1      13  60
================================================================================
SM 2530 1815         1 230  3.93     0.0 122.6          M       52
================================================================================
AV 84.3 60.5                               4.1 FASTST   M    M   2    MAX(MPH)
                                 MISC ---->  # 31 310               # 44  290
================================================================================
NOTES:
# LAST OF SEVERAL OCCURRENCES

COLUMN 17 PEAK WIND IN M.P.H.

PRELIMINARY LOCAL CLIMATOLOGICAL DATA (WS FORM: F-6) , PAGE 2

                                          STATION:  HOUSTON/D.W._HOOKS
                                          MONTH:    OCTOBER
                                          YEAR:     2014
                                          LATITUDE:   30  4 N
                                          LONGITUDE:  95 33 W

[TEMPERATURE DATA]      [PRECIPITATION DATA]       SYMBOLS USED IN COLUMN 16

AVERAGE MONTHLY: 72.4   TOTAL FOR MONTH:   3.93    1 = FOG OR MIST
DPTR FM NORMAL:   2.2   DPTR FM NORMAL:   -1.20    2 = FOG REDUCING VISIBILITY
HIGHEST:    93 ON  2    GRTST 24HR  1.35 ON 12-13      TO 1/4 MILE OR LESS
LOWEST:     50 ON 15                               3 = THUNDER
                        SNOW, ICE PELLETS, HAIL    4 = ICE PELLETS
                        TOTAL MONTH:   0.0 INCH    5 = HAIL
                        GRTST 24HR     0.0         6 = FREEZING RAIN OR DRIZZLE
                        GRTST DEPTH:   0           7 = DUSTSTORM OR SANDSTORM:
                                                       VSBY 1/2 MILE OR LESS
                                                   8 = SMOKE OR HAZE
[NO. OF DAYS WITH]      [WEATHER - DAYS WITH]      9 = BLOWING SNOW
                                                   X = TORNADO
MAX 32 OR BELOW:   0    0.01 INCH OR MORE:   7
MAX 90 OR ABOVE:   5    0.10 INCH OR MORE:   6
MIN 32 OR BELOW:   0    0.50 INCH OR MORE:   4
MIN  0 OR BELOW:   0    1.00 INCH OR MORE:   2

[HDD (BASE 65) ]
TOTAL THIS MO.     1    CLEAR  (SCALE 0-3)  24
DPTR FM NORMAL   -34    PTCLDY (SCALE 4-7)   6
TOTAL FM JUL 1     1    CLOUDY (SCALE 8-10)  0
DPTR FM NORMAL   -35

[CDD (BASE 65) ]
TOTAL THIS MO.   230
DPTR FM NORMAL    38    [PRESSURE DATA]
TOTAL FM JAN 1  2916    HIGHEST SLP M ON M
DPTR FM NORMAL   232    LOWEST  SLP 29.67 ON 13

[REMARKS]
