000
CXUS54 KHGX 231506
CF6DWH
PRELIMINARY LOCAL CLIMATOLOGICAL DATA (WS FORM: F-6)

                                          STATION:   HOUSTON/D.W._HOOKS
                                          MONTH:     NOVEMBER
                                          YEAR:      2014
                                          LATITUDE:   30  4 N
                                          LONGITUDE:  95 33 W

  TEMPERATURE IN F:       :PCPN:    SNOW:  WIND      :SUNSHINE: SKY     :PK WND
================================================================================
1   2   3   4   5  6A  6B    7    8   9   10  11  12  13   14  15   16   17  18
                                     12Z  AVG MX 2MIN
DY MAX MIN AVG DEP HDD CDD  WTR  SNW DPTH SPD SPD DIR MIN PSBL S-S WX    SPD DR
================================================================================

 1  66  41  54 -11  11   0 0.00  0.0    0  4.6 16  80   M    M   0        20  80
 2  72  39  56  -9   9   0 0.00  0.0    0  6.9 15 120   M    M   0        20 120
 3  80  53  67   3   0   2 0.00  0.0    0  6.7 18 140   M    M   2        25 140
 4  81  59  70   6   0   5    T  0.0    0  3.9 16 140   M    M   4 1      21 130
 5  72  63  68   4   0   3 0.78  0.0    0  5.8 13 270   M    M   9 1      17 280
 6  66  54  60  -3   5   0 0.16  0.0    0  5.2 14 360   M    M   5        17  20
 7  63  48  56  -7   9   0 0.00  0.0    0  3.2 13  80   M    M   0        16  80
 8  74  48  61  -1   4   0 0.01    M    0  2.8 13 330   M    M   3        18 330
 9  73  44  59  -3   6   0 0.00  0.0    0  2.1  7 310   M    M   0        12  10
10  80  43  62   0   3   0 0.00  0.0    0  6.7 21 190   M    M   1 12     26 170
11  69  48  59  -2   6   0    T    M    0  7.7 18 310   M    M   8 1      25 300
12  56  41  49 -12  16   0 0.00  0.0    0 10.7 17 350   M    M   6        25  10
13  45  35  40 -21  25   0 0.20  0.0    0  9.8 17 340   M    M   9        25 340
14  46  31  39 -21  26   0 0.00  0.0    0  3.3 10  90   M    M   9        14  80
15  52  42  47 -13  18   0 0.16  0.0    0  7.5 14 100   M    M  10 1      17 100
16  56  41  49 -11  16   0 0.28    M    0  5.1 23 330   M    M   9 1      32 350
17  51  35  43 -16  22   0 0.00  0.0    0  9.8 22 330   M    M   3        32 330
18  54  30  42 -17  23   0 0.00  0.0    0  2.1 12  80   M    M   0        16  20
19  70  29  50  -9  15   0 0.00  0.0    0  3.5 16 260   M    M   3 18     22 260
20  75  43  59   1   6   0 0.13    M    0  4.1 15 160   M    M   7 12     24 150
21  67  61  64   6   1   0 0.21  0.0    0  8.3 15 130   M    M   9 1      21 140
22  67  57  62   4   3   0 0.51  0.0    0  7.1 13 120   M    M  10 13     18 130
================================================================================
SM 1435  985       224  10  2.44     0.0 126.9          M      107
================================================================================
AV 65.2 44.8                               5.8 FASTST   M    M   5    MAX(MPH)
                                 MISC ---->  # 23 330               # 32  350
================================================================================
NOTES:
# LAST OF SEVERAL OCCURRENCES

COLUMN 17 PEAK WIND IN M.P.H.

PRELIMINARY LOCAL CLIMATOLOGICAL DATA (WS FORM: F-6) , PAGE 2

                                          STATION:  HOUSTON/D.W._HOOKS
                                          MONTH:    NOVEMBER
                                          YEAR:     2014
                                          LATITUDE:   30  4 N
                                          LONGITUDE:  95 33 W

[TEMPERATURE DATA]      [PRECIPITATION DATA]       SYMBOLS USED IN COLUMN 16

AVERAGE MONTHLY: 55.0   TOTAL FOR MONTH:   2.44    1 = FOG OR MIST
DPTR FM NORMAL:  -6.3   DPTR FM NORMAL:   -1.13    2 = FOG REDUCING VISIBILITY
HIGHEST:    81 ON  4    GRTST 24HR  0.91 ON  5- 6      TO 1/4 MILE OR LESS
LOWEST:     29 ON 19                               3 = THUNDER
                        SNOW, ICE PELLETS, HAIL    4 = ICE PELLETS
                        TOTAL MONTH:   0.0 INCH    5 = HAIL
                        GRTST 24HR     0.0         6 = FREEZING RAIN OR DRIZZLE
                        GRTST DEPTH:   0           7 = DUSTSTORM OR SANDSTORM:
                                                       VSBY 1/2 MILE OR LESS
                                                   8 = SMOKE OR HAZE
[NO. OF DAYS WITH]      [WEATHER - DAYS WITH]      9 = BLOWING SNOW
                                                   X = TORNADO
MAX 32 OR BELOW:   0    0.01 INCH OR MORE:   9
MAX 90 OR ABOVE:   0    0.10 INCH OR MORE:   8
MIN 32 OR BELOW:   3    0.50 INCH OR MORE:   2
MIN  0 OR BELOW:   0    1.00 INCH OR MORE:   0

[HDD (BASE 65) ]
TOTAL THIS MO.   224    CLEAR  (SCALE 0-3)  10
DPTR FM NORMAL   107    PTCLDY (SCALE 4-7)   5
TOTAL FM JUL 1   225    CLOUDY (SCALE 8-10)  7
DPTR FM NORMAL    70

[CDD (BASE 65) ]
TOTAL THIS MO.    10
DPTR FM NORMAL   -24    [PRESSURE DATA]
TOTAL FM JAN 1  2927    HIGHEST SLP M ON M
DPTR FM NORMAL   207    LOWEST  SLP 29.69 ON 22

[REMARKS]
