000
CXUS54 KHGX 011415
CF6DWH
PRELIMINARY LOCAL CLIMATOLOGICAL DATA (WS FORM: F-6)

                                          STATION:   HOUSTON/D.W._HOOKS
                                          MONTH:     AUGUST
                                          YEAR:      2014
                                          LATITUDE:   30  4 N
                                          LONGITUDE:  95 33 W

  TEMPERATURE IN F:       :PCPN:    SNOW:  WIND      :SUNSHINE: SKY     :PK WND
================================================================================
1   2   3   4   5  6A  6B    7    8   9   10  11  12  13   14  15   16   17  18
                                     12Z  AVG MX 2MIN
DY MAX MIN AVG DEP HDD CDD  WTR  SNW DPTH SPD SPD DIR MIN PSBL S-S WX    SPD DR
================================================================================

 1  86  72  79  -4   0  14 0.01  0.0    0  5.0 12 360   M    M   5 1      15 320
 2  81  69  75  -8   0  10 0.00  0.0    0  3.2  8 340   M    M   5 1       M  M
 3  88  71  80  -3   0  15 0.00  0.0    0  3.2 10 360   M    M   5 1      14  80
 4  93  75  84   1   0  19 0.00  0.0    0  3.9 17 110   M    M   5 1      23 110
 5  93  75  84   1   0  19 0.01  0.0    0  3.4 20 190   M    M   1 13     24 200
 6  93  74  84   1   0  19 0.01  0.0    0  4.1 12 130   M    M   2 18     15 130
 7  95  76  86   3   0  21 0.00  0.0    0  6.4 14 220   M    M   2 18     18 190
 8  97  79  88   5   0  23 0.00  0.0    0  4.8 16 160   M    M   3        26 150
 9  96  78  87   4   0  22    T  0.0    0  3.8 15 140   M    M   2        20 150
10  97  77  87   4   0  22 0.00  0.0    0  2.5 14 200   M    M   2 13     21 190
11  98  76  87   4   0  22 0.01  0.0    0  3.1 20 330   M    M   1        29 330
12  97  75  86   3   0  21 0.00  0.0    0  3.2 13 330   M    M   1        17 320
13  94  72  83   0   0  18 0.00  0.0    0  5.0 12  80   M    M   0        15  80
14  93  71  82  -1   0  17 0.00  0.0    0  4.3 13 140   M    M   2        17  30
15  98  75  87   4   0  22 0.00  0.0    0  3.6 12 130   M    M   3 18     17 180
16  97  79  88   5   0  23 0.00  0.0    0  7.3 17 140   M    M   2        25 120
17  97  79  88   5   0  23 0.05  0.0    0  7.4 16 190   M    M   2        23 190
18  95  78  87   4   0  22 0.04  0.0    0  5.5 22 260   M    M   1 13     32 260
19  93  74  84   1   0  19 0.08  0.0    0  4.8 15  80   M    M   2 13     22 100
20  95  73  84   1   0  19    T  0.0    0  4.5 21 190   M    M   2 138    29 180
21  96  76  86   3   0  21 0.00  0.0    0  6.0 16 190   M    M   2 1      25 200
22  97  74  86   4   0  21 0.00  0.0    0  4.6 13 130   M    M   1 12     17 120
23  98  72  85   3   0  20 0.00  0.0    0  3.7 13 130   M    M   1 1      20 140
24  98  72  85   3   0  20 0.00  0.0    0  2.1  8 150   M    M   1 1      26 210
25  98  72  85   3   0  20 0.00  0.0    0  3.5 17 120   M    M   1 1      24 120
26  96  75  86   4   0  21 0.00  0.0    0  4.2 13  70   M    M   2        18  70
27  97  73  85   3   0  20 0.00  0.0    0  5.4 17 120   M    M   3 1      22 120
28  91  75  83   1   0  18 0.00  0.0    0  6.0 16 130   M    M   2        23 120
29  90  76  83   1   0  18    T  0.0    0  6.3 17  80   M    M   1        23  80
30  94  73  84   3   0  19 0.00  0.0    0  3.5 14 130   M    M   3        21 140
31  84  73  79  -2   0  14 0.16  0.0    0  4.4 15 190   M    M   2 1      21 190
================================================================================
SM 2915 2309         0 602  0.37     0.0 138.7          M       67
================================================================================
AV 94.0 74.5                               4.5 FASTST   M    M   2    MAX(MPH)
                                 MISC ---->  # 22 260               # 32  260
================================================================================
NOTES:
# LAST OF SEVERAL OCCURRENCES

COLUMN 17 PEAK WIND IN M.P.H.

PRELIMINARY LOCAL CLIMATOLOGICAL DATA (WS FORM: F-6) , PAGE 2

                                          STATION:  HOUSTON/D.W._HOOKS
                                          MONTH:    AUGUST
                                          YEAR:     2014
                                          LATITUDE:   30  4 N
                                          LONGITUDE:  95 33 W

[TEMPERATURE DATA]      [PRECIPITATION DATA]       SYMBOLS USED IN COLUMN 16

AVERAGE MONTHLY: 84.3   TOTAL FOR MONTH:   0.37    1 = FOG OR MIST
DPTR FM NORMAL:   1.7   DPTR FM NORMAL:   -4.33    2 = FOG REDUCING VISIBILITY
HIGHEST:    98 ON 25,24 GRTST 24HR  1.15 ON 31- 1      TO 1/4 MILE OR LESS
LOWEST:     69 ON  2                               3 = THUNDER
                        SNOW, ICE PELLETS, HAIL    4 = ICE PELLETS
                        TOTAL MONTH:   0.0 INCH    5 = HAIL
                        GRTST 24HR     0.0         6 = FREEZING RAIN OR DRIZZLE
                        GRTST DEPTH:   0           7 = DUSTSTORM OR SANDSTORM:
                                                       VSBY 1/2 MILE OR LESS
                                                   8 = SMOKE OR HAZE
[NO. OF DAYS WITH]      [WEATHER - DAYS WITH]      9 = BLOWING SNOW
                                                   X = TORNADO
MAX 32 OR BELOW:   0    0.01 INCH OR MORE:   8
MAX 90 OR ABOVE:  27    0.10 INCH OR MORE:   1
MIN 32 OR BELOW:   0    0.50 INCH OR MORE:   0
MIN  0 OR BELOW:   0    1.00 INCH OR MORE:   0

[HDD (BASE 65) ]
TOTAL THIS MO.     0    CLEAR  (SCALE 0-3)  25
DPTR FM NORMAL     0    PTCLDY (SCALE 4-7)   6
TOTAL FM JUL 1     0    CLOUDY (SCALE 8-10)  0
DPTR FM NORMAL     0

[CDD (BASE 65) ]
TOTAL THIS MO.   602
DPTR FM NORMAL    57    [PRESSURE DATA]
TOTAL FM JAN 1  2216    HIGHEST SLP 30.09 ON 22
DPTR FM NORMAL   114    LOWEST  SLP 29.82 ON 29

[REMARKS]
#FINAL-08-14#
#FINAL-08-14#
