000
CXUS51 KOKX 210703
CF6EWR
PRELIMINARY LOCAL CLIMATOLOGICAL DATA (WS FORM: F-6)

                                          STATION:   NEWARK NJ
                                          MONTH:     JANUARY
                                          YEAR:      2017
                                          LATITUDE:   40 42 N
                                          LONGITUDE:  74 10 W

  TEMPERATURE IN F:       :PCPN:    SNOW:  WIND      :SUNSHINE: SKY     :PK WND
================================================================================
1   2   3   4   5  6A  6B    7    8   9   10  11  12  13   14  15   16   17  18
                                     12Z  AVG MX 2MIN
DY MAX MIN AVG DEP HDD CDD  WTR  SNW DPTH SPD SPD DIR MIN PSBL S-S WX    SPD DR
================================================================================

 1  50  33  42  10  23   0    T  0.0    0  9.3 23 220   M    M   4        32 220
 2  42  32  37   5  28   0 0.29    T    0  8.8 15  40   M    M  10 14     19  40
 3  44  39  42  10  23   0 0.43  0.0    0 12.4 21  30   M    M  10 1      27  30
 4  54  33  44  12  21   0    T  0.0    0 15.0 28 270   M    M   7 1      45 270
 5  33  26  30  -2  35   0    T    T    0 13.7 25 260   M    M   7        32 270
 6  34  25  30  -2  35   0 0.06  1.6    1  8.8 17 330   M    M   8 1      24 320
 7  26  20  23  -9  42   0 0.32  5.8    0 14.0 22 350   M    M  10 18     27 330
 8  26  15  21 -11  44   0 0.00  0.0    5 14.4 28 300   M    M   3        37 280
 9  23  12  18 -14  47   0 0.00  0.0    3  7.3 15 300   M    M   5        22 300
10  44  15  30  -2  35   0 0.00  0.0    2  4.0 14 180   M    M   9        18 180
11  53  40  47  16  18   0 0.57  0.0    0  8.8 23 220   M    M   8 1      30 220
12  67  46  57  26   8   0 0.09    M    0 13.6 23 220   M    M   9 1      32 230
13  61  33  47  16  18   0    T  0.0    0 14.5 26 340   M    M   8        33 320
14  34  28  31   0  34   0 0.10  1.4    0  5.3 14 360   M    M  10 1      17 360
15  41  29  35   4  30   0 0.00  0.0    1  7.1 17 330   M    M   5        22 310
16  44  25  35   4  30   0    T  0.0    T  6.2 14 230   M    M   5        17 240
17  41  38  40   9  25   0 0.53  0.0    0  6.3 14  20   M    M  10 18     21 270
18  42  38  40   9  25   0 0.04  0.0    0  9.3 16  10   M    M   9 1      19  10
19  50  37  44  13  21   0    T  0.0    0  6.8 17 280   M    M   8        25 320
20  45  40  43  12  22   0 0.14  0.0    0  3.5  8 150   M    M  10 1      11 150
================================================================================
SM  854  604       564   0  2.57     8.8 189.1          M      155
================================================================================
AV 42.7 30.2                               9.5 FASTST   M    M   8    MAX(MPH)
                                 MISC ---->  # 28 300                 45    M
================================================================================
NOTES:
# LAST OF SEVERAL OCCURRENCES

COLUMN 17 PEAK WIND IN M.P.H.

PRELIMINARY LOCAL CLIMATOLOGICAL DATA (WS FORM: F-6) , PAGE 2

                                          STATION:  NEWARK NJ
                                          MONTH:    JANUARY
                                          YEAR:     2017
                                          LATITUDE:   40 42 N
                                          LONGITUDE:  74 10 W

[TEMPERATURE DATA]      [PRECIPITATION DATA]       SYMBOLS USED IN COLUMN 16

AVERAGE MONTHLY: 36.5   TOTAL FOR MONTH:   2.57    1 = FOG OR MIST
DPTR FM NORMAL:   5.0   DPTR FM NORMAL:    0.22    2 = FOG REDUCING VISIBILITY
HIGHEST:    67 ON 12    GRTST 24HR  0.61 ON 11-12      TO 1/4 MILE OR LESS
LOWEST:     12 ON  9                               3 = THUNDER
                        SNOW, ICE PELLETS, HAIL    4 = ICE PELLETS
                        TOTAL MONTH:   8.8 INCHES  5 = HAIL
                        GRTST 24HR   5.8 ON   M    6 = FREEZING RAIN OR DRIZZLE
                        GRTST DEPTH:   5 ON  8     7 = DUSTSTORM OR SANDSTORM:
                                                       VSBY 1/2 MILE OR LESS
                                                   8 = SMOKE OR HAZE
[NO. OF DAYS WITH]      [WEATHER - DAYS WITH]      9 = BLOWING SNOW
                                                   X = TORNADO
MAX 32 OR BELOW:   3    0.01 INCH OR MORE:  10
MAX 90 OR ABOVE:   0    0.10 INCH OR MORE:   7
MIN 32 OR BELOW:  10    0.50 INCH OR MORE:   2
MIN  0 OR BELOW:   0    1.00 INCH OR MORE:   0

[HDD (BASE 65) ]
TOTAL THIS MO.   564    CLEAR  (SCALE 0-3)   0
DPTR FM NORMAL  -106    PTCLDY (SCALE 4-7)   9
TOTAL FM JUL 1  2087    CLOUDY (SCALE 8-10) 11
DPTR FM NORMAL  -333

[CDD (BASE 65) ]
TOTAL THIS MO.     0
DPTR FM NORMAL     0    [PRESSURE DATA]
TOTAL FM JAN 1     0    HIGHEST SLP M ON M
DPTR FM NORMAL     0    LOWEST  SLP 29.49 ON  3

[REMARKS]
