178
CXUS51 KOKX 230703
CF6EWR
PRELIMINARY LOCAL CLIMATOLOGICAL DATA (WS FORM: F-6)

                                          STATION:   NEWARK NJ
                                          MONTH:     MARCH
                                          YEAR:      2017
                                          LATITUDE:   40 42 N
                                          LONGITUDE:  74 10 W

  TEMPERATURE IN F:       :PCPN:    SNOW:  WIND      :SUNSHINE: SKY     :PK WND
================================================================================
1   2   3   4   5  6A  6B    7    8   9   10  11  12  13   14  15   16   17  18
                                     12Z  AVG MX 2MIN
DY MAX MIN AVG DEP HDD CDD  WTR  SNW DPTH SPD SPD DIR MIN PSBL S-S WX    SPD DR
================================================================================

 1  73  52  63  25   2   0 0.16  0.0    0 12.3 29 240   M    M  10 13     38 230
 2  65  36  51  13  14   0    T  0.0    0 23.4 43 260   M    M   3        57 270
 3  42  25  34  -4  31   0    T    T    0 15.9 29 260   M    M   3        34 300
 4  32  17  25 -13  40   0 0.00  0.0    0 18.4 32 310   M    M   3        41 300
 5  38  14  26 -13  39   0 0.00  0.0    0 10.8 22 310   M    M   1        28 310
 6  44  22  33  -6  32   0 0.00  0.0    0  6.2 14 140   M    M   6        17 140
 7  57  42  50  11  15   0 0.09  0.0    0  3.4 12 200   M    M  10 1      15 210
 8  62  49  56  16   9   0    T  0.0    0 13.7 37 300   M    M   5        47 300
 9  65  49  57  17   8   0 0.00  0.0    0 15.9 33 270   M    M   3        41 270
10  49  24  37  -3  28   0 0.26  2.4    T 16.4 29 290   M    M   9 1      37 310
11  31  18  25 -15  40   0    T    T    1 17.5 31 320   M    M   6        40 330
12  32  20  26 -15  39   0 0.00  0.0    T 15.7 26 280   M    M   4        34 280
13  37  20  29 -12  36   0    T  0.1    0  7.4 15 300   M    M   6        20  80
14  32  22  27 -14  38   0 1.15  6.9    4 22.6 38  10   M    M   9 349    47 270
15  27  20  24 -18  41   0    T    T    5 19.3 31 270   M    M   7        41 270
16  41  23  32 -10  33   0 0.00  0.0    5 15.3 26 290   M    M   4        33 280
17  47  26  37  -5  28   0 0.00  0.0    4 10.7 20 260   M    M   4        26 260
18  39  28  34  -9  31   0 0.05    T    3  9.2 20  40   M    M  10 1      25  30
19  48  33  41  -2  24   0 0.00  0.0    3 13.5 24  10   M    M   4        28 360
20  55  34  45   2  20   0 0.00  0.0    1 10.4 17 360   M    M   5        24 320
21  62  42  52   8  13   0    T  0.0    0  6.9 17 270   M    M   8        21 260
22  49  24  37  -7  28   0 0.00  0.0    0 19.5 36 340   M    M   2        48 330
================================================================================
SM 1027  640       589   0  1.71     9.4 304.4          M      122
================================================================================
AV 46.7 29.1                              13.8 FASTST   M    M   6    MAX(MPH)
                                 MISC ---->  # 43 260               # 57  270
================================================================================
NOTES:
# LAST OF SEVERAL OCCURRENCES

COLUMN 17 PEAK WIND IN M.P.H.

PRELIMINARY LOCAL CLIMATOLOGICAL DATA (WS FORM: F-6) , PAGE 2

                                          STATION:  NEWARK NJ
                                          MONTH:    MARCH
                                          YEAR:     2017
                                          LATITUDE:   40 42 N
                                          LONGITUDE:  74 10 W

[TEMPERATURE DATA]      [PRECIPITATION DATA]       SYMBOLS USED IN COLUMN 16

AVERAGE MONTHLY: 37.9   TOTAL FOR MONTH:   1.71    1 = FOG OR MIST
DPTR FM NORMAL:  -2.8   DPTR FM NORMAL:   -1.17    2 = FOG REDUCING VISIBILITY
HIGHEST:    73 ON  1    GRTST 24HR  1.15 ON 14-14      TO 1/4 MILE OR LESS
LOWEST:     14 ON  5                               3 = THUNDER
                        SNOW, ICE PELLETS, HAIL    4 = ICE PELLETS
                        TOTAL MONTH:   9.4 INCHES  5 = HAIL
                        GRTST 24HR   6.9 ON   M    6 = FREEZING RAIN OR DRIZZLE
                        GRTST DEPTH:   5 ON 16,15  7 = DUSTSTORM OR SANDSTORM:
                                                       VSBY 1/2 MILE OR LESS
                                                   8 = SMOKE OR HAZE
[NO. OF DAYS WITH]      [WEATHER - DAYS WITH]      9 = BLOWING SNOW
                                                   X = TORNADO
MAX 32 OR BELOW:   5    0.01 INCH OR MORE:   5
MAX 90 OR ABOVE:   0    0.10 INCH OR MORE:   3
MIN 32 OR BELOW:  14    0.50 INCH OR MORE:   1
MIN  0 OR BELOW:   0    1.00 INCH OR MORE:   1

[HDD (BASE 65) ]
TOTAL THIS MO.   589    CLEAR  (SCALE 0-3)   3
DPTR FM NORMAL    54    PTCLDY (SCALE 4-7)  13
TOTAL FM JUL 1  3598    CLOUDY (SCALE 8-10)  6
DPTR FM NORMAL  -572

[CDD (BASE 65) ]
TOTAL THIS MO.     0
DPTR FM NORMAL     0    [PRESSURE DATA]
TOTAL FM JAN 1     0    HIGHEST SLP M ON M
DPTR FM NORMAL     0    LOWEST  SLP 29.15 ON 14

[REMARKS]
