000
CXUS51 KOKX 010701
CF6EWR
PRELIMINARY LOCAL CLIMATOLOGICAL DATA (WS FORM: F-6)

                                          STATION:   NEWARK NJ
                                          MONTH:     JULY
                                          YEAR:      2014
                                          LATITUDE:   40 42 N
                                          LONGITUDE:  74 10 W

  TEMPERATURE IN F:       :PCPN:    SNOW:  WIND      :SUNSHINE: SKY     :PK WND
================================================================================
1   2   3   4   5  6A  6B    7    8   9   10  11  12  13   14  15   16   17  18
                                     12Z  AVG MX 2MIN
DY MAX MIN AVG DEP HDD CDD  WTR  SNW DPTH SPD SPD DIR MIN PSBL S-S WX    SPD DR
================================================================================

 1  95  71  83   7   0  18 0.00  0.0    0 10.7 21 230   M    M   6 8      28 230
 2  96  73  85   9   0  20 1.11  0.0    0  8.1 22  30   M    M   7 13     32 250
 3  88  70  79   2   0  14 1.41  0.0    0  5.7 26 340   M    M   8 13     33 340
 4  76  66  71  -6   0   6 0.08  0.0    0 14.4 24 310   M    M   8 1      35 360
 5  84  62  73  -4   0   8 0.00  0.0    0 11.7 24 310   M    M   2        26 270
 6  88  61  75  -2   0  10 0.00  0.0    0 10.4 23 230   M    M   4        29 240
 7  93  72  83   6   0  18    T  0.0    0 15.7 28 230   M    M   6 3      37 240
 8  95  72  84   7   0  19 0.20  0.0    0 13.3 27 200   M    M   7 3      45 230
 9  90  71  81   4   0  16 0.00  0.0    0  9.3 22 230   M    M   6        28 240
10  85  71  78   1   0  13    T  0.0    0  6.5 14 130   M    M   8        20 160
11  86  70  78   1   0  13 0.00  0.0    0  7.0 16  30   M    M   6        20  30
12  85  69  77  -1   0  12 0.00  0.0    0  7.3 15 190   M    M   5        22 150
13  86  71  79   1   0  14 0.62  0.0    0 10.2 26 280   M    M   8 13     32 290
14  85  72  79   1   0  14 0.60  0.0    0  5.2 16 150   M    M   8 13     20 150
15  88  72  80   2   0  15 0.46  0.0    0  5.3 18 310   M    M   9 138    29 210
16  84  70  77  -1   0  12    T  0.0    0  7.7 16 360   M    M   9        22 290
17  84  65  75  -3   0  10 0.00  0.0    0  8.4 18 250   M    M   6        23 270
18  83  64  74  -4   0   9 0.00  0.0    0  6.7 13 360   M    M   5        18 320
19  78  68  73  -5   0   8 0.00  0.0    0  5.6 13 160   M    M   9        16 150
20  79  67  73  -5   0   8    T  0.0    0  7.5 14 160   M    M   7        18 160
21  85  66  76  -2   0  11 0.00  0.0    0  4.9 13 220   M    M   4        17 230
22  90  67  79   1   0  14 0.00  0.0    0  8.5 20 200   M    M   4        24 200
23  92  71  82   4   0  17 0.19  0.0    0  9.4 30 250   M    M   6 3      38 250
24  83  71  77  -1   0  12 0.00  0.0    0  9.7 16 350   M    M   8        22 310
25  85  66  76  -2   0  11 0.00  0.0    0  8.7 16 200   M    M   5        21 210
26  82  66  74  -4   0   9 0.18  0.0    0  8.6 15 200   M    M   8        18 190
27  90  69  80   2   0  15 0.04  0.0    0  8.3 17 240   M    M   8 13     22 240
28  85  67  76  -1   0  11 0.21  0.0    0 12.4 26 250   M    M   7 13     35 250
29  78  63  71  -6   0   6 0.00  0.0    0  9.2 17 330   M    M   6        23 290
30  82  63  73  -4   0   8 0.00  0.0    0  6.8 16 250   M    M   5        20 240
31  86  63  75  -2   0  10    T  0.0    0  7.6 18 240   M    M   5        23 200
================================================================================
SM 2666 2109         0 381  5.10     0.0 270.8          M      200
================================================================================
AV 86.0 68.0                               8.7 FASTST   M    M   6    MAX(MPH)
                                 MISC ---->  # 30 250                 45    M
================================================================================
NOTES:
# LAST OF SEVERAL OCCURRENCES

COLUMN 17 PEAK WIND IN M.P.H.

PRELIMINARY LOCAL CLIMATOLOGICAL DATA (WS FORM: F-6) , PAGE 2

                                          STATION:  NEWARK NJ
                                          MONTH:    JULY
                                          YEAR:     2014
                                          LATITUDE:   40 42 N
                                          LONGITUDE:  74 10 W

[TEMPERATURE DATA]      [PRECIPITATION DATA]       SYMBOLS USED IN COLUMN 16

AVERAGE MONTHLY: 77.0   TOTAL FOR MONTH:   5.10    1 = FOG OR MIST
DPTR FM NORMAL:  -0.4   DPTR FM NORMAL:    0.34    2 = FOG REDUCING VISIBILITY
HIGHEST:    96 ON  2    GRTST 24HR  1.45 ON  3- 4      TO 1/4 MILE OR LESS
LOWEST:     61 ON  6                               3 = THUNDER
                        SNOW, ICE PELLETS, HAIL    4 = ICE PELLETS
                        TOTAL MONTH:   0.0 INCH    5 = HAIL
                        GRTST 24HR     0.0         6 = FREEZING RAIN OR DRIZZLE
                        GRTST DEPTH:   0           7 = DUSTSTORM OR SANDSTORM:
                                                       VSBY 1/2 MILE OR LESS
                                                   8 = SMOKE OR HAZE
[NO. OF DAYS WITH]      [WEATHER - DAYS WITH]      9 = BLOWING SNOW
                                                   X = TORNADO
MAX 32 OR BELOW:   0    0.01 INCH OR MORE:  11
MAX 90 OR ABOVE:   8    0.10 INCH OR MORE:   9
MIN 32 OR BELOW:   0    0.50 INCH OR MORE:   4
MIN  0 OR BELOW:   0    1.00 INCH OR MORE:   2

[HDD (BASE 65) ]
TOTAL THIS MO.     0    CLEAR  (SCALE 0-3)   1
DPTR FM NORMAL     0    PTCLDY (SCALE 4-7)  23
TOTAL FM JUL 1     0    CLOUDY (SCALE 8-10)  7
DPTR FM NORMAL     0

[CDD (BASE 65) ]
TOTAL THIS MO.   381
DPTR FM NORMAL    -2    [PRESSURE DATA]
TOTAL FM JAN 1   689    HIGHEST SLP M ON M
DPTR FM NORMAL    -9    LOWEST  SLP 29.52 ON 28

[REMARKS]
#FINAL-07-14#
