000
CXUS51 KOKX 270702
CF6EWR
PRELIMINARY LOCAL CLIMATOLOGICAL DATA (WS FORM: F-6)

                                          STATION:   NEWARK NJ
                                          MONTH:     APRIL
                                          YEAR:      2017
                                          LATITUDE:   40 42 N
                                          LONGITUDE:  74 10 W

  TEMPERATURE IN F:       :PCPN:    SNOW:  WIND      :SUNSHINE: SKY     :PK WND
================================================================================
1   2   3   4   5  6A  6B    7    8   9   10  11  12  13   14  15   16   17  18
                                     12Z  AVG MX 2MIN
DY MAX MIN AVG DEP HDD CDD  WTR  SNW DPTH SPD SPD DIR MIN PSBL S-S WX    SPD DR
================================================================================

 1  50  36  43  -5  22   0 0.02  0.0    0 15.6 26 360   M    M   9 1      35  30
 2  65  41  53   5  12   0 0.00  0.0    0 11.1 24 320   M    M   5        30 300
 3  62  44  53   5  12   0 0.04  0.0    0  5.3 15  90   M    M   7        19  90
 4  53  47  50   1  15   0 1.22  0.0    0  8.1 18 130   M    M  10 1      25 110
 5  63  45  54   5  11   0 0.00  0.0    0  5.5 15 120   M    M   9 18     21 120
 6  50  42  46  -3  19   0 0.76  0.0    0 12.6 23  30   M    M   9 13     27  30
 7  50  40  45  -5  20   0    T  0.0    0 18.1 32 290   M    M   8        39 290
 8  60  40  50   0  15   0    T  0.0    0 15.4 29 290   M    M   4        42 280
 9  70  40  55   4  10   0 0.00  0.0    0  7.8 18 230   M    M   4        22 250
10  82  48  65  14   0   0 0.00  0.0    0  9.3 23 230   M    M   7        29 230
11  84  56  70  19   0   5 0.00  0.0    0  8.2 16 240   M    M   7        25 260
12  78  59  69  17   0   4 0.03  0.0    0  7.9 22 350   M    M   6 3      28 340
13  66  48  57   5   8   0 0.00  0.0    0 13.2 23 320   M    M   6        31 320
14  64  44  54   2  11   0 0.00  0.0    0  7.0 13  30   M    M   4        16 150
15  67  47  57   4   8   0    T  0.0    0  7.9 17 190   M    M   7        23 180
16  87  58  73  20   0   8 0.05  0.0    0 15.0 40 270   M    M   6        51 260
17  75  58  67  13   0   2 0.00  0.0    0 15.0 26 360   M    M   6        33 350
18  64  48  56   2   9   0 0.00  0.0    0 10.9 22 340   M    M   4        30 330
19  52  46  49  -5  16   0    T  0.0    0 10.2 20 130   M    M   9        27 120
20  67  51  59   5   6   0 0.05  0.0    0  4.7 14 100   M    M   9 18     17 150
21  57  49  53  -2  12   0 0.14  0.0    0  8.6 14 100   M    M  10 1      21 110
22  57  50  54  -1  11   0 0.04  0.0    0  9.2 21 340   M    M  10 1      28 340
23  65  44  55  -1  10   0 0.00  0.0    0  7.2 15  10   M    M   6        17  20
24  59  47  53  -3  12   0    T  0.0    0  4.5 12  70   M    M   9        15  80
25  56  51  54  -2  11   0 0.88  0.0    0 15.1 29  40   M    M  10 1      34  50
26  62  53  58   2   7   0 0.10  0.0    0  8.7 20  20   M    M  10 1      24  30
================================================================================
SM 1665 1232       257  19  3.33     0.0 262.1          M      191
================================================================================
AV 64.0 47.4                              10.1 FASTST   M    M   7    MAX(MPH)
                                 MISC ---->  # 40 270               # 51  260
================================================================================
NOTES:
# LAST OF SEVERAL OCCURRENCES

COLUMN 17 PEAK WIND IN M.P.H.

PRELIMINARY LOCAL CLIMATOLOGICAL DATA (WS FORM: F-6) , PAGE 2

                                          STATION:  NEWARK NJ
                                          MONTH:    APRIL
                                          YEAR:     2017
                                          LATITUDE:   40 42 N
                                          LONGITUDE:  74 10 W

[TEMPERATURE DATA]      [PRECIPITATION DATA]       SYMBOLS USED IN COLUMN 16

AVERAGE MONTHLY: 55.7   TOTAL FOR MONTH:   3.33    1 = FOG OR MIST
DPTR FM NORMAL:   3.6   DPTR FM NORMAL:   -0.34    2 = FOG REDUCING VISIBILITY
HIGHEST:    87 ON 16    GRTST 24HR  2.06 ON 31- 1      TO 1/4 MILE OR LESS
LOWEST:     36 ON  1                               3 = THUNDER
                        SNOW, ICE PELLETS, HAIL    4 = ICE PELLETS
                        TOTAL MONTH:   0.0 INCH    5 = HAIL
                        GRTST 24HR     0.0         6 = FREEZING RAIN OR DRIZZLE
                        GRTST DEPTH:   0           7 = DUSTSTORM OR SANDSTORM:
                                                       VSBY 1/2 MILE OR LESS
                                                   8 = SMOKE OR HAZE
[NO. OF DAYS WITH]      [WEATHER - DAYS WITH]      9 = BLOWING SNOW
                                                   X = TORNADO
MAX 32 OR BELOW:   0    0.01 INCH OR MORE:  11
MAX 90 OR ABOVE:   0    0.10 INCH OR MORE:   5
MIN 32 OR BELOW:   0    0.50 INCH OR MORE:   3
MIN  0 OR BELOW:   0    1.00 INCH OR MORE:   1

[HDD (BASE 65) ]
TOTAL THIS MO.   257    CLEAR  (SCALE 0-3)   0
DPTR FM NORMAL   -86    PTCLDY (SCALE 4-7)  15
TOTAL FM JUL 1  4038    CLOUDY (SCALE 8-10) 11
DPTR FM NORMAL  -649

[CDD (BASE 65) ]
TOTAL THIS MO.    19
DPTR FM NORMAL    14    [PRESSURE DATA]
TOTAL FM JAN 1    19    HIGHEST SLP M ON M
DPTR FM NORMAL    13    LOWEST  SLP 29.19 ON  6

[REMARKS]
