000
CXUS51 KOKX 260703
CF6EWR
PRELIMINARY LOCAL CLIMATOLOGICAL DATA (WS FORM: F-6)

                                          STATION:   NEWARK NJ
                                          MONTH:     MAY
                                          YEAR:      2016
                                          LATITUDE:   40 42 N
                                          LONGITUDE:  74 10 W

  TEMPERATURE IN F:       :PCPN:    SNOW:  WIND      :SUNSHINE: SKY     :PK WND
================================================================================
1   2   3   4   5  6A  6B    7    8   9   10  11  12  13   14  15   16   17  18
                                     12Z  AVG MX 2MIN
DY MAX MIN AVG DEP HDD CDD  WTR  SNW DPTH SPD SPD DIR MIN PSBL S-S WX    SPD DR
================================================================================

 1  51  43  47 -11  18   0 0.21  0.0    0  6.9 14 130   M    M  10 1      18 160
 2  61  40  51  -7  14   0 0.14  0.0    0  4.5 12 350   M    M  10 1      13 360
 3  55  51  53  -6  12   0 0.59  0.0    0  6.5 14  40   M    M  10 18     16  40
 4  58  46  52  -7  13   0 0.01  0.0    0  9.5 18  40   M    M  10 18     24  40
 5  59  46  53  -6  12   0    T  0.0    0 12.9 18  30   M    M  10 1      24  30
 6  54  49  52  -8  13   0 0.62  0.0    0 10.5 20  30   M    M  10 1      28  90
 7  59  48  54  -6  11   0 0.10  0.0    0  5.1 12  50   M    M   9 1      16 100
 8  68  47  58  -2   7   0 0.11  0.0    0 10.2 30 310   M    M   7 1      40 300
 9  75  45  60   0   5   0 0.00  0.0    0 12.7 29 260   M    M   6        38 250
10  62  46  54  -7  11   0 0.00  0.0    0  8.8 18 240   M    M   8        23 250
11  74  49  62   1   3   0 0.00  0.0    0  6.0 16 240   M    M   7        20 240
12  77  54  66   5   0   1 0.00  0.0    0  5.4 14 110   M    M   6        18 100
13  66  58  62   0   3   0 0.29  0.0    0  4.3 12 260   M    M   9 18     15 250
14  76  56  66   4   0   1    T  0.0    0  9.7 32 260   M    M   6        44 260
15  59  44  52 -10  13   0    T  0.0    0 16.1 38 270   M    M   5        48 270
16  69  40  55  -8  10   0 0.00  0.0    0 15.5 30 260   M    M   3        41 270
17  66  52  59  -4   6   0    T  0.0    0  9.3 18 220   M    M   9        25 260
18  67  50  59  -4   6   0    T  0.0    0  7.1 15 150   M    M   8        23  30
19  72  54  63  -1   2   0 0.00  0.0    0  3.8 14 120   M    M   7        20 130
20  76  52  64   0   1   0 0.00  0.0    0  5.6 13 330   M    M   5        18 330
21  64  54  59  -5   6   0 0.08  0.0    0  4.6 14 140   M    M   9        18 110
22  70  52  61  -3   4   0 0.04  0.0    0  6.4 12 150   M    M   8        15 360
23  76  53  65   0   0   0 0.01  0.0    0  5.9 14 140   M    M   6        18 130
24  77  58  68   3   0   3 0.05  0.0    0  4.7 13  40   M    M   9        20 260
25  91  57  74   8   0   9 0.00  0.0    0  8.0 20 240   M    M   3        24 260
================================================================================
SM 1682 1244       170  14  2.25     0.0 200.0          M      190
================================================================================
AV 67.3 49.8                               8.0 FASTST   M    M   8    MAX(MPH)
                                 MISC ---->  # 38 270               # 48  270
================================================================================
NOTES:
# LAST OF SEVERAL OCCURRENCES

COLUMN 17 PEAK WIND IN M.P.H.

PRELIMINARY LOCAL CLIMATOLOGICAL DATA (WS FORM: F-6) , PAGE 2

                                          STATION:  NEWARK NJ
                                          MONTH:    MAY
                                          YEAR:     2016
                                          LATITUDE:   40 42 N
                                          LONGITUDE:  74 10 W

[TEMPERATURE DATA]      [PRECIPITATION DATA]       SYMBOLS USED IN COLUMN 16

AVERAGE MONTHLY: 58.5   TOTAL FOR MONTH:   2.25    1 = FOG OR MIST
DPTR FM NORMAL:  -3.2   DPTR FM NORMAL:   -0.99    2 = FOG REDUCING VISIBILITY
HIGHEST:    91 ON 25    GRTST 24HR  0.73 ON  2- 3      TO 1/4 MILE OR LESS
LOWEST:     40 ON 16, 2                            3 = THUNDER
                        SNOW, ICE PELLETS, HAIL    4 = ICE PELLETS
                        TOTAL MONTH:   0.0 INCH    5 = HAIL
                        GRTST 24HR     0.0         6 = FREEZING RAIN OR DRIZZLE
                        GRTST DEPTH:   0           7 = DUSTSTORM OR SANDSTORM:
                                                       VSBY 1/2 MILE OR LESS
                                                   8 = SMOKE OR HAZE
[NO. OF DAYS WITH]      [WEATHER - DAYS WITH]      9 = BLOWING SNOW
                                                   X = TORNADO
MAX 32 OR BELOW:   0    0.01 INCH OR MORE:  12
MAX 90 OR ABOVE:   1    0.10 INCH OR MORE:   7
MIN 32 OR BELOW:   0    0.50 INCH OR MORE:   2
MIN  0 OR BELOW:   0    1.00 INCH OR MORE:   0

[HDD (BASE 65) ]
TOTAL THIS MO.   170    CLEAR  (SCALE 0-3)   2
DPTR FM NORMAL    47    PTCLDY (SCALE 4-7)  11
TOTAL FM JUL 1  3899    CLOUDY (SCALE 8-10) 12
DPTR FM NORMAL  -944

[CDD (BASE 65) ]
TOTAL THIS MO.    14
DPTR FM NORMAL   -27    [PRESSURE DATA]
TOTAL FM JAN 1    32    HIGHEST SLP M ON M
DPTR FM NORMAL   -21    LOWEST  SLP 29.59 ON 14

[REMARKS]
