000
CXUS54 KJAN 311200
CF6HKS
PRELIMINARY LOCAL CLIMATOLOGICAL DATA (WS FORM: F-6)

                                          STATION:   JACKSON HAWKINS
                                          MONTH:     JANUARY
                                          YEAR:      2015
                                          LATITUDE:   32 20 N
                                          LONGITUDE:  90 14 W

  TEMPERATURE IN F:       :PCPN:    SNOW:  WIND      :SUNSHINE: SKY     :PK WND
================================================================================
1   2   3   4   5  6A  6B    7    8   9   10  11  12  13   14  15   16   17  18
                                     12Z  AVG MX 2MIN
DY MAX MIN AVG DEP HDD CDD  WTR  SNW DPTH SPD SPD DIR MIN PSBL S-S WX    SPD DR
================================================================================

 1  46  34  40  -7  25   0 0.30  0.0    0  5.1 13 310   M    M   6 1      17 100
 2  58  44  51   4  14   0 0.30  0.0    0  6.4 13 130   M    M  10 12     16 110
 3  70  58  64  17   1   0 1.51  0.0    0  8.6 18 150   M    M   9 13     25 150
 4  60  34  47   1  18   0    T  0.0    0  8.8 20 280   M    M   5 1      26 270
 5  47  28  38  -8  27   0 0.00  0.0    0  4.8 13  20   M    M   0        20  20
 6  59  26  43  -3  22   0 0.00  0.0    0  3.3 10 310   M    M   0        16 320
 7  45  20  33 -13  32   0 0.00  0.0    0  9.9 21 350   M    M   0        32 360
 8  34  13  24 -22  41   0 0.00  0.0    0  6.2 14  30   M    M   0        21  20
 9  40  28  34 -12  31   0 0.00  0.0    0  5.8 13  20   M    M   7        18  10
10  46  25  36 -10  29   0 0.00  0.0    0  5.1 14  90   M    M   2        18 100
11  62  37  50   4  15   0 0.06  0.0    0  8.2 17 130   M    M   9 1      22 140
12  58  40  49   3  16   0 0.47  0.0    0  7.1 14 320   M    M   9 12     19 340
13  41  34  38  -8  27   0    T  0.0    0  6.6 12  10   M    M  10 1      17  10
14  40  33  37  -9  28   0 0.00  0.0    0  4.0  9  40   M    M   8 1      13  30
15  44  29  37  -9  28   0 0.06  0.0    0  3.2  8 330   M    M   7 1      12 330
16  57  25  41  -5  24   0 0.00  0.0    0  1.3  7 100   M    M   0 18     11  50
17  62  30  46   0  19   0 0.00  0.0    0  6.0 17 170   M    M   0 1      22 170
18  66  35  51   5  14   0 0.00  0.0    0  3.7 14 230   M    M   0        17 240
19  70  31  51   5  14   0 0.00  0.0    0  4.4 16 260   M    M   0        20 260
20  69  37  53   7  12   0 0.00  0.0    0  3.3 10 260   M    M   1 1      18 190
21  65  43  54   8  11   0 0.00  0.0    0  5.2 12  10   M    M   0        16  40
22  54  40  47   0  18   0 0.99  0.0    0  8.5 17  70   M    M   9 1      27  60
23  42  37  40  -7  25   0 0.35    M    0  8.7 16 310   M    M  10 1      22 300
24  55  31  43  -4  22   0 0.00  0.0    0  5.6 16 260   M    M   1 1      19 260
25  68  36  52   5  13   0 0.00  0.0    0 11.5 29 270   M    M   1        40 280
26  55  44  50   3  15   0 0.00  0.0    0  8.7 17 330   M    M   4        26 330
27  67  43  55   8  10   0 0.00  0.0    0  6.3 16 300   M    M   0 8      22 300
28  68  40  54   7  11   0 0.00  0.0    0  6.3  9 130   M    M   0         M  M
29  74  43  59  12   6   0 0.00  0.0    M 10.1 22 270   M    M   2        29 350
30  57  38  48   1  17   0 0.00  0.0    0  5.8 15  40   M    M   0        22  40
================================================================================
SM 1679 1036       585   0  4.04     0.0 188.5          M      110
================================================================================
AV 56.0 34.5                               6.3 FASTST   M    M   4    MAX(MPH)
                                 MISC ---->  # 29 270               # 40  280
================================================================================
NOTES:
# LAST OF SEVERAL OCCURRENCES

COLUMN 17 PEAK WIND IN M.P.H.

PRELIMINARY LOCAL CLIMATOLOGICAL DATA (WS FORM: F-6) , PAGE 2

                                          STATION:  JACKSON HAWKINS
                                          MONTH:    JANUARY
                                          YEAR:     2015
                                          LATITUDE:   32 20 N
                                          LONGITUDE:  90 14 W

[TEMPERATURE DATA]      [PRECIPITATION DATA]       SYMBOLS USED IN COLUMN 16

AVERAGE MONTHLY: 45.2   TOTAL FOR MONTH:   4.04    1 = FOG OR MIST
DPTR FM NORMAL:  -1.2   DPTR FM NORMAL:   -0.79    2 = FOG REDUCING VISIBILITY
HIGHEST:    74 ON 29    GRTST 24HR  1.51 ON  2- 3      TO 1/4 MILE OR LESS
LOWEST:     13 ON  8                               3 = THUNDER
                        SNOW, ICE PELLETS, HAIL    4 = ICE PELLETS
                        TOTAL MONTH:   0.0 INCH    5 = HAIL
                        GRTST 24HR     0.0         6 = FREEZING RAIN OR DRIZZLE
                        GRTST DEPTH:   0           7 = DUSTSTORM OR SANDSTORM:
                                                       VSBY 1/2 MILE OR LESS
                                                   8 = SMOKE OR HAZE
[NO. OF DAYS WITH]      [WEATHER - DAYS WITH]      9 = BLOWING SNOW
                                                   X = TORNADO
MAX 32 OR BELOW:   0    0.01 INCH OR MORE:   8
MAX 90 OR ABOVE:   0    0.10 INCH OR MORE:   6
MIN 32 OR BELOW:  11    0.50 INCH OR MORE:   2
MIN  0 OR BELOW:   0    1.00 INCH OR MORE:   1

[HDD (BASE 65) ]
TOTAL THIS MO.   585    CLEAR  (SCALE 0-3)  17
DPTR FM NORMAL    25    PTCLDY (SCALE 4-7)   6
TOTAL FM JUL 1  1493    CLOUDY (SCALE 8-10)  7
DPTR FM NORMAL    55

[CDD (BASE 65) ]
TOTAL THIS MO.     0
DPTR FM NORMAL     0    [PRESSURE DATA]
TOTAL FM JAN 1     0    HIGHEST SLP M ON M
DPTR FM NORMAL     0    LOWEST  SLP 29.74 ON 25

[REMARKS]
