000
CXUS54 KHGX 011415
CF6HOU
PRELIMINARY LOCAL CLIMATOLOGICAL DATA (WS FORM: F-6)

                                          STATION:   HOUSTON/HOBBY AIRPORT
                                          MONTH:     SEPTEMBER
                                          YEAR:      2014
                                          LATITUDE:   29 38 N
                                          LONGITUDE:  95 17 W

  TEMPERATURE IN F:       :PCPN:    SNOW:  WIND      :SUNSHINE: SKY     :PK WND
================================================================================
1   2   3   4   5  6A  6B    7    8   9   10  11  12  13   14  15   16   17  18
                                     12Z  AVG MX 2MIN
DY MAX MIN AVG DEP HDD CDD  WTR  SNW DPTH SPD SPD DIR MIN PSBL S-S WX    SPD DR
================================================================================

 1  93  77  85   2   0  20 0.00  0.0    0  6.0 16 150   M    M   5        22 170
 2  92  79  86   3   0  21    T  0.0    0  7.5 18 160   M    M   5 3      24 160
 3  93  79  86   3   0  21 0.02  0.0    0  6.1 16 110   M    M   4        22 120
 4  94  79  87   4   0  22    T  0.0    0  4.7 15 160   M    M   6 8      21 110
 5  94  78  86   4   0  21 0.01  0.0    0  4.1 29  70   M    M   5 3      39  60
 6  92  77  85   3   0  20    T  0.0    0  2.8 14 160   M    M   6 3      18 160
 7  90  74  82   0   0  17 0.02  0.0    0  4.5 20 160   M    M   7 3      25 160
 8  92  74  83   1   0  18 0.00  0.0    0  3.5 12 110   M    M   3        15 120
 9  93  74  84   2   0  19 0.00  0.0    0  5.4 16 170   M    M   3        21 160
10  95  77  86   4   0  21    T  0.0    0  7.4 17 200   M    M   3        23 190
11  96  77  87   6   0  22    T  0.0    0  5.2 15 150   M    M   4        20 160
12  88  76  82   1   0  17 0.25  0.0    0  4.8 16 360   M    M   6 13     22 110
13  78  68  73  -8   0   8 0.01  0.0    0 12.3 21  30   M    M  10 1      24  40
14  77  66  72  -9   0   7 0.00  0.0    0  7.9 14  20   M    M  10 1      16  40
15  91  71  81   1   0  16 0.00  0.0    0  5.3 14  90   M    M   5        17 100
16  89  76  83   3   0  18 1.42  0.0    0  4.1 15 140   M    M   7 13     21 150
17  89  75  82   2   0  17 0.37  0.0    0  2.3 16 280   M    M   8 13     18 270
18  79  75  77  -3   0  12 1.52  0.0    0  4.6 14 140   M    M   9 13     17 140
19  82  74  78  -1   0  13 0.93  0.0    0  3.2  9 100   M    M   8 1      12 100
20  89  74  82   3   0  17 0.00  0.0    0  6.5 16 100   M    M   4        21 110
21  91  75  83   4   0  18 0.00  0.0    0  5.6 15  50   M    M   3        24  50
22  93  73  83   4   0  18    T  0.0    0  6.2 18  50   M    M   4        23  40
23  84  66  75  -3   0  10 0.00  0.0    0  8.4 14  40   M    M   5        18  30
24  85  67  76  -2   0  11 0.00  0.0    0  6.1 12  30   M    M   7        16  70
25  80  72  76  -2   0  11 0.07  0.0    0  8.5 17  60   M    M   7 1      21  70
26  84  70  77  -1   0  12 0.00  0.0    0  5.9 14  90   M    M   6        20  70
27  84  72  78   1   0  13    T  0.0    0  5.4 15  90   M    M   9        21  80
28  86  73  80   3   0  15 0.37  0.0    0  6.1 22  40   M    M   8 1      26  40
29  88  72  80   3   0  15 0.00  0.0    0  4.3 13  60   M    M   4        18  50
30  88  73  81   5   0  16    T  0.0    0  3.5 12 110   M    M   5        15 150
================================================================================
SM 2649 2213         0 486  4.99     0.0 168.2          M      176
================================================================================
AV 88.3 73.8                               5.6 FASTST   M    M   6    MAX(MPH)
                                 MISC ---->  # 29  70               # 39   60
================================================================================
NOTES:
# LAST OF SEVERAL OCCURRENCES

COLUMN 17 PEAK WIND IN M.P.H.

PRELIMINARY LOCAL CLIMATOLOGICAL DATA (WS FORM: F-6) , PAGE 2

                                          STATION:  HOUSTON/HOBBY AIRPORT
                                          MONTH:    SEPTEMBER
                                          YEAR:     2014
                                          LATITUDE:   29 38 N
                                          LONGITUDE:  95 17 W

[TEMPERATURE DATA]      [PRECIPITATION DATA]       SYMBOLS USED IN COLUMN 16

AVERAGE MONTHLY: 81.0   TOTAL FOR MONTH:   4.99    1 = FOG OR MIST
DPTR FM NORMAL:   0.9   DPTR FM NORMAL:   -0.22    2 = FOG REDUCING VISIBILITY
HIGHEST:    96 ON 11    GRTST 24HR  1.86 ON 18-19      TO 1/4 MILE OR LESS
LOWEST:     66 ON 23,14                            3 = THUNDER
                        SNOW, ICE PELLETS, HAIL    4 = ICE PELLETS
                        TOTAL MONTH:   0.0 INCH    5 = HAIL
                        GRTST 24HR     0.0         6 = FREEZING RAIN OR DRIZZLE
                        GRTST DEPTH:   0           7 = DUSTSTORM OR SANDSTORM:
                                                       VSBY 1/2 MILE OR LESS
                                                   8 = SMOKE OR HAZE
[NO. OF DAYS WITH]      [WEATHER - DAYS WITH]      9 = BLOWING SNOW
                                                   X = TORNADO
MAX 32 OR BELOW:   0    0.01 INCH OR MORE:  11
MAX 90 OR ABOVE:  14    0.10 INCH OR MORE:   6
MIN 32 OR BELOW:   0    0.50 INCH OR MORE:   3
MIN  0 OR BELOW:   0    1.00 INCH OR MORE:   2

[HDD (BASE 65) ]
TOTAL THIS MO.     0    CLEAR  (SCALE 0-3)   2
DPTR FM NORMAL     0    PTCLDY (SCALE 4-7)  23
TOTAL FM JUL 1     0    CLOUDY (SCALE 8-10)  5
DPTR FM NORMAL     0

[CDD (BASE 65) ]
TOTAL THIS MO.   486
DPTR FM NORMAL    34    [PRESSURE DATA]
TOTAL FM JAN 1  2790    HIGHEST SLP 30.20 ON 14
DPTR FM NORMAL    -3    LOWEST  SLP 29.79 ON 30

[REMARKS]
#FINAL-09-14#
#FINAL-09-14#
