000
CXUS54 KHGX 011415
CF6HOU
PRELIMINARY LOCAL CLIMATOLOGICAL DATA (WS FORM: F-6)

                                          STATION:   HOUSTON/HOBBY AIRPORT
                                          MONTH:     AUGUST
                                          YEAR:      2014
                                          LATITUDE:   29 38 N
                                          LONGITUDE:  95 17 W

  TEMPERATURE IN F:       :PCPN:    SNOW:  WIND      :SUNSHINE: SKY     :PK WND
================================================================================
1   2   3   4   5  6A  6B    7    8   9   10  11  12  13   14  15   16   17  18
                                     12Z  AVG MX 2MIN
DY MAX MIN AVG DEP HDD CDD  WTR  SNW DPTH SPD SPD DIR MIN PSBL S-S WX    SPD DR
================================================================================

 1  89  74  82  -2   0  17 0.85  0.0    0  8.5 21 240   M    M   6 13     26 230
 2  83  72  78  -6   0  13 0.00  0.0    0  7.0 12 340   M    M   6         M  M
 3  90  73  82  -2   0  17 0.00  0.0    0  4.8 12  20   M    M   7        16  10
 4  93  77  85   1   0  20    T  0.0    0  5.4 24  50   M    M   5 1      30  50
 5  94  78  86   2   0  21    T  0.0    0  4.7 15 120   M    M   5        18 140
 6  93  77  85   1   0  20    T  0.0    0  5.5 16 160   M    M   4        20 160
 7  95  77  86   2   0  21 0.00  0.0    0  7.3 17 200   M    M   4        22 170
 8  97  77  87   3   0  22 0.00  0.0    0  7.6 18 180   M    M   4        23 180
 9  94  78  86   2   0  21 0.16  0.0    0  4.8 20 230   M    M   5 3      31 240
10  93  78  86   2   0  21 0.01  0.0    0  4.6 14 210   M    M   7 3      18 180
11  98  75  87   3   0  22    T  0.0    0  3.9 22 240   M    M   6 3      28 300
12  97  75  86   2   0  21 0.00  0.0    0  5.5 15  30   M    M   5        20 330
13  95  77  86   2   0  21 0.00  0.0    0  3.0 13  10   M    M   5        13  10
14  93  77  85   1   0  20 0.00  0.0    0  7.0 15 110   M    M   3        21 130
15  94  77  86   2   0  21 0.00  0.0    0  5.4 16 130   M    M   4        21 150
16  97  78  88   4   0  23 0.00  0.0    0  8.9 17 190   M    M   5 3      23 180
17  97  78  88   4   0  23 0.00  0.0    0  9.9 18 180   M    M   5        26 210
18  95  78  87   3   0  22 0.00  0.0    0  6.2 18 150   M    M   6 3      24 250
19  95  77  86   2   0  21 0.13  0.0    0  6.9 26 170   M    M   7 3      33 150
20  94  77  86   2   0  21 0.36  0.0    0  5.6 40 240   M    M   6 38     47 230
21  96  79  88   4   0  23 0.00  0.0    0  7.6 18 220   M    M   3        23 210
22  97  77  87   3   0  22 0.00  0.0    0  5.4 14 160   M    M   3        18 150
23  95  76  86   2   0  21    T  0.0    0  4.0 14 160   M    M   4 3      17 160
24  97  76  87   3   0  22 0.00  0.0    0  3.3 14 120   M    M   3        17 120
25  98  77  88   4   0  23 0.00  0.0    0  4.2 23  80   M    M   5        35  80
26  94  78  86   2   0  21 0.23  0.0    0  5.1 30  70   M    M   6        38  70
27  92  79  86   2   0  21 0.00  0.0    0  8.2 20  40   M    M   5 3      28  80
28  86  77  82  -2   0  17 0.01  0.0    0  5.4 13  90   M    M   6        18 120
29  89  77  83  -1   0  18 0.20  0.0    0  6.6 21 110   M    M   6 138    29 110
30  88  77  83   0   0  18 0.00  0.0    0  4.3 13 160   M    M   7        18 160
31  84  75  80  -3   0  15 1.50  0.0    0  4.2 20 250   M    M   8 13     24 260
================================================================================
SM 2892 2378         0 629  3.45     0.0 180.8          M      161
================================================================================
AV 93.3 76.7                               5.8 FASTST   M    M   5    MAX(MPH)
                                 MISC ---->  # 40 240               # 47  230
================================================================================
NOTES:
# LAST OF SEVERAL OCCURRENCES

COLUMN 17 PEAK WIND IN M.P.H.

PRELIMINARY LOCAL CLIMATOLOGICAL DATA (WS FORM: F-6) , PAGE 2

                                          STATION:  HOUSTON/HOBBY AIRPORT
                                          MONTH:    AUGUST
                                          YEAR:     2014
                                          LATITUDE:   29 38 N
                                          LONGITUDE:  95 17 W

[TEMPERATURE DATA]      [PRECIPITATION DATA]       SYMBOLS USED IN COLUMN 16

AVERAGE MONTHLY: 85.0   TOTAL FOR MONTH:   3.45    1 = FOG OR MIST
DPTR FM NORMAL:   0.8   DPTR FM NORMAL:   -1.61    2 = FOG REDUCING VISIBILITY
HIGHEST:    98 ON 25,11 GRTST 24HR  1.50 ON 31-31      TO 1/4 MILE OR LESS
LOWEST:     72 ON  2                               3 = THUNDER
                        SNOW, ICE PELLETS, HAIL    4 = ICE PELLETS
                        TOTAL MONTH:   0.0 INCH    5 = HAIL
                        GRTST 24HR     0.0         6 = FREEZING RAIN OR DRIZZLE
                        GRTST DEPTH:   0           7 = DUSTSTORM OR SANDSTORM:
                                                       VSBY 1/2 MILE OR LESS
                                                   8 = SMOKE OR HAZE
[NO. OF DAYS WITH]      [WEATHER - DAYS WITH]      9 = BLOWING SNOW
                                                   X = TORNADO
MAX 32 OR BELOW:   0    0.01 INCH OR MORE:   9
MAX 90 OR ABOVE:  25    0.10 INCH OR MORE:   7
MIN 32 OR BELOW:   0    0.50 INCH OR MORE:   2
MIN  0 OR BELOW:   0    1.00 INCH OR MORE:   1

[HDD (BASE 65) ]
TOTAL THIS MO.     0    CLEAR  (SCALE 0-3)   1
DPTR FM NORMAL     0    PTCLDY (SCALE 4-7)  30
TOTAL FM JUL 1     0    CLOUDY (SCALE 8-10)  0
DPTR FM NORMAL     0

[CDD (BASE 65) ]
TOTAL THIS MO.   629
DPTR FM NORMAL    35    [PRESSURE DATA]
TOTAL FM JAN 1  2304    HIGHEST SLP 30.10 ON 22
DPTR FM NORMAL   -37    LOWEST  SLP 29.83 ON 29

[REMARKS]
#FINAL-08-14#
#FINAL-08-14#
