000
CXUS54 KMAF 311100
CF6MDD
PRELIMINARY LOCAL CLIMATOLOGICAL DATA (WS FORM: F-6)

                                          STATION:   Midland Airpark
                                          MONTH:     MAY
                                          YEAR:      2016
                                          LATITUDE:   32  2 N
                                          LONGITUDE: 102  6 W

  TEMPERATURE IN F:       :PCPN:    SNOW:  WIND      :SUNSHINE: SKY     :PK WND
================================================================================
1   2   3   4   5  6A  6B    7    8   9   10  11  12  13   14  15   16   17  18
                                     12Z  AVG MX 2MIN
DY MAX MIN AVG DEP HDD CDD  WTR  SNW DPTH SPD SPD DIR MIN PSBL S-S WX    SPD DR
================================================================================

 1  64  52  58   M   7   0 0.00  0.0    0 15.3 23  40   M    M   8 8      33  40
 2  72  47  60   M   5   0 0.01    M    0  7.3 12  10   M    M   4 8      18  30
 3  82  51  67   M   0   2 0.00  0.0    0  6.8 15  70   M    M   1        24  30
 4  86  50  68   M   0   3 0.00  0.0    0  3.2 10  40   M    M   0 8       M  M
 5  89  54  72   M   0   7 0.00  0.0    0  7.3 15 150   M    M   0        20 150
 6  92  61  77   M   0  12 0.00  0.0    0 16.8 29 140   M    M   0        36 140
 7  94  65  80   M   0  15 0.02  0.0    0 17.0 22 150   M    M   1        33 140
 8  95  68  82   M   0  17 0.00  0.0    0 14.8 24 160   M    M   1        33 160
 9  88  64  76   M   0  11 0.00  0.0    0 15.3 27 250   M    M   1        38 250
10  96  65  81   M   0  16 0.00  0.0    0  9.7 16 220   M    M   0        27 230
11  96  69  83   M   0  18 0.00  0.0    0  8.9 14 200   M    M   2 1      22 230
12  81  64  73   M   0   8 0.00  0.0    0 11.5 24  50   M    M   5        31  50
13  92  67  80   M   0  15 0.00  0.0    0  9.4 18 180   M    M   4        24 180
14  73  59  66   M   0   1 0.00  0.0    0 14.1 22  70   M    M   4        29  70
15  74  56  65   M   0   0 0.01  0.0    0 11.0 18 130   M    M   9 3      25 130
16  96  61  79   M   0  14 0.00  0.0    0 12.2 22 180   M    M   1        30 180
17  75  55  65   M   0   0 0.00  0.0    0 17.2 23  50   M    M   7 138    32 190
18  55  52  54   M  11   0 0.13  0.0    0 10.3 16  40   M    M  10 1      20  40
19  70  55  63   M   2   0 0.01  0.0    0  4.0  8 120   M    M   7 1       M  M
20  92  56  74   M   0   9 0.00  0.0    0  8.2 15 160   M    M   3 1      18 160
21  93  68  81   M   0  16 0.00  0.0    0 14.4 20 140   M    M   3        25 180
22  97  73  85   M   0  20 0.00  0.0    0 14.3 25 130   M    M   5 3      36 130
23 100  76  88   M   0  23 0.00  0.0    0 12.9 22 170   M    M   4 3      29 160
24 100  74  87   M   0  22 0.00  0.0    0 12.6 18 180   M    M   3        27 180
25 100  74  87   M   0  22 0.00  0.0    0 12.7 23 170   M    M   1 8      31 170
26  98  75  87   M   0  22 0.00  0.0    0 11.4 20 250   M    M   1        29 250
27  91  65  78   M   0  13 0.00  0.0    0 10.6 21 260   M    M   0        28 260
28  97  60  79   M   0  14 0.00  0.0    0  8.2 17 140   M    M   2 3      29  50
29  85  63  74   M   0   9 0.00  0.0    0 15.0 29  30   M    M   5 38     38  30
30  94  60  77   M   0  12 0.19  0.0    0 11.0 50 310   M    M   5 3      56 310
================================================================================
SM 2617 1859        25 321  0.37     0.0 343.4          M       97
================================================================================
AV 87.2 62.0                              11.4 FASTST   M    M   3    MAX(MPH)
                                 MISC ---->  # 50 310                 56    M
================================================================================
NOTES:
# LAST OF SEVERAL OCCURRENCES

COLUMN 17 PEAK WIND IN M.P.H.

PRELIMINARY LOCAL CLIMATOLOGICAL DATA (WS FORM: F-6) , PAGE 2

                                          STATION:  Midland Airpark
                                          MONTH:    MAY
                                          YEAR:     2016
                                          LATITUDE:   32  2 N
                                          LONGITUDE: 102  6 W

[TEMPERATURE DATA]      [PRECIPITATION DATA]       SYMBOLS USED IN COLUMN 16

AVERAGE MONTHLY: 74.6   TOTAL FOR MONTH:   0.37    1 = FOG OR MIST
DPTR FM NORMAL:     M   DPTR FM NORMAL:       M    2 = FOG REDUCING VISIBILITY
HIGHEST:   100 ON 25,24 GRTST 24HR  0.19 ON 30-30      TO 1/4 MILE OR LESS
LOWEST:     47 ON  2                               3 = THUNDER
                        SNOW, ICE PELLETS, HAIL    4 = ICE PELLETS
                        TOTAL MONTH:   0.0 INCH    5 = HAIL
                        GRTST 24HR     0.0         6 = FREEZING RAIN OR DRIZZLE
                        GRTST DEPTH:   0           7 = DUSTSTORM OR SANDSTORM:
                                                       VSBY 1/2 MILE OR LESS
                                                   8 = SMOKE OR HAZE
[NO. OF DAYS WITH]      [WEATHER - DAYS WITH]      9 = BLOWING SNOW
                                                   X = TORNADO
MAX 32 OR BELOW:   0    0.01 INCH OR MORE:   6
MAX 90 OR ABOVE:  17    0.10 INCH OR MORE:   2
MIN 32 OR BELOW:   0    0.50 INCH OR MORE:   0
MIN  0 OR BELOW:   0    1.00 INCH OR MORE:   0

[HDD (BASE 65) ]
TOTAL THIS MO.    25    CLEAR  (SCALE 0-3)  16
DPTR FM NORMAL     M    PTCLDY (SCALE 4-7)  11
TOTAL FM JUL 1  1845    CLOUDY (SCALE 8-10)  3
DPTR FM NORMAL     M

[CDD (BASE 65) ]
TOTAL THIS MO.   321
DPTR FM NORMAL     M    [PRESSURE DATA]
TOTAL FM JAN 1   522    HIGHEST SLP M ON M
DPTR FM NORMAL     M    LOWEST  SLP M ON M

[REMARKS]
