000
CXUS55 KBOI 241002
CF6MYL
PRELIMINARY LOCAL CLIMATOLOGICAL DATA (WS FORM: F-6)

                                          STATION:   MCCALL ID
                                          MONTH:     OCTOBER
                                          YEAR:      2014
                                          LATITUDE:   44 52 N
                                          LONGITUDE: 116  6 W

  TEMPERATURE IN F:       :PCPN:    SNOW:  WIND      :SUNSHINE: SKY     :PK WND
================================================================================
1   2   3   4   5  6A  6B    7    8   9   10  11  12  13   14  15   16   17  18
                                     12Z  AVG MX 2MIN
DY MAX MIN AVG DEP HDD CDD  WTR  SNW DPTH SPD SPD DIR MIN PSBL S-S WX    SPD DR
================================================================================

 1  55  31  43  -2  22   0    T    M    M  2.5 13 250   M    M   4 1      16 240
 2  59  32  46   2  19   0 0.00    M    M  3.2 13 240   M    M   3 1      18 270
 3  65  29  47   3  18   0 0.00    M    M  2.0  9 340   M    M   0        13 360
 4  70  30  50   6  15   0 0.00    M    M  2.7 13 270   M    M   2 8      16 270
 5  72  36  54  11  11   0 0.00    M    M  2.7 15 240   M    M   0        21 260
 6  74  37  56  13   9   0 0.00    M    M  2.2 10 290   M    M   0        14 300
 7  73  37  55  12  10   0 0.00    M    M  1.8 10 180   M    M   0        12 210
 8  74  35  55  13  10   0 0.00    M    M  2.4 14 300   M    M   0        17 250
 9  69  36  53  11  12   0 0.00    M    M  3.9 12 290   M    M   0 8      15 280
10  67  35  51   9  14   0 0.00    M    M  3.0 13 280   M    M   0 8      17 280
11  60  37  49   8  16   0 0.03    M    M  4.4 21 240   M    M   4        28 250
12  53  33  43   2  22   0    T    M    M  4.0 13 330   M    M   5        16 330
13  62  31  47   6  18   0 0.00    M    M  3.5 15 170   M    M   1        18 160
14  65  40  53  13  12   0 0.00    M    M  4.6 20 180   M    M   2        24 170
15  57  32  45   5  20   0 0.06    M    M  9.2 30 180   M    M   7 1      36 200
16  50  27  39  -1  26   0 0.00    M    M  1.2 12 190   M    M   4 12     14 180
17  63  26  45   5  20   0 0.00    M    M  2.0 10 170   M    M   2 1      13 140
18  64  31  48   9  17   0 0.00    M    M  2.4 10 280   M    M   0 8      13 270
19  69  28  49  10  16   0 0.00    M    M  2.5 15 170   M    M   0        19 180
20  69  30  50  11  15   0 0.00    M    M  4.4 18 170   M    M   1        24 190
21  49  32  41   3  24   0 0.32    M    M  4.6 16 180   M    M   9 1      20 170
22  52  31  42   4  23   0 0.01    M    M  7.4 23 170   M    M  10 12     29 150
23  46  41  44   6  21   0 0.84    M    M  8.7 17 160   M    M  10 1      23 150
================================================================================
SM 1437  757       390   0  1.26    M     85.3          M       64
================================================================================
AV 62.5 32.9                               3.7 FASTST   M    M   3    MAX(MPH)
                                 MISC ---->  # 30 180               # 36  200
================================================================================
NOTES:
# LAST OF SEVERAL OCCURRENCES

COLUMN 17 PEAK WIND IN M.P.H.

PRELIMINARY LOCAL CLIMATOLOGICAL DATA (WS FORM: F-6) , PAGE 2

                                          STATION:  MCCALL ID
                                          MONTH:    OCTOBER
                                          YEAR:     2014
                                          LATITUDE:   44 52 N
                                          LONGITUDE: 116  6 W

[TEMPERATURE DATA]      [PRECIPITATION DATA]       SYMBOLS USED IN COLUMN 16

AVERAGE MONTHLY: 47.7   TOTAL FOR MONTH:   1.26    1 = FOG OR MIST
DPTR FM NORMAL:   6.6   DPTR FM NORMAL:    0.35    2 = FOG REDUCING VISIBILITY
HIGHEST:    74 ON  8, 6 GRTST 24HR  0.84 ON 23-23      TO 1/4 MILE OR LESS
LOWEST:     26 ON 17                               3 = THUNDER
                        SNOW, ICE PELLETS, HAIL    4 = ICE PELLETS
                        TOTAL MONTH:    M          5 = HAIL
                        GRTST 24HR    M  ON   M    6 = FREEZING RAIN OR DRIZZLE
                        GRTST DEPTH:  M  ON   M    7 = DUSTSTORM OR SANDSTORM:
                                                       VSBY 1/2 MILE OR LESS
                                                   8 = SMOKE OR HAZE
[NO. OF DAYS WITH]      [WEATHER - DAYS WITH]      9 = BLOWING SNOW
                                                   X = TORNADO
MAX 32 OR BELOW:   0    0.01 INCH OR MORE:   5
MAX 90 OR ABOVE:   0    0.10 INCH OR MORE:   2
MIN 32 OR BELOW:  13    0.50 INCH OR MORE:   1
MIN  0 OR BELOW:   0    1.00 INCH OR MORE:   0

[HDD (BASE 65) ]
TOTAL THIS MO.   390    CLEAR  (SCALE 0-3)  14
DPTR FM NORMAL  -159    PTCLDY (SCALE 4-7)   6
TOTAL FM JUL 1   758    CLOUDY (SCALE 8-10)  3
DPTR FM NORMAL  -556

[CDD (BASE 65) ]
TOTAL THIS MO.     0
DPTR FM NORMAL     0    [PRESSURE DATA]
TOTAL FM JAN 1   185    HIGHEST SLP M ON M
DPTR FM NORMAL   160    LOWEST  SLP 29.51 ON 14

[REMARKS]
