000
CXUS55 KBOI 301002
CF6MYL
PRELIMINARY LOCAL CLIMATOLOGICAL DATA (WS FORM: F-6)

                                          STATION:   MCCALL ID
                                          MONTH:     MARCH
                                          YEAR:      2017
                                          LATITUDE:   44 52 N
                                          LONGITUDE: 116  6 W

  TEMPERATURE IN F:       :PCPN:    SNOW:  WIND      :SUNSHINE: SKY     :PK WND
================================================================================
1   2   3   4   5  6A  6B    7    8   9   10  11  12  13   14  15   16   17  18
                                     12Z  AVG MX 2MIN
DY MAX MIN AVG DEP HDD CDD  WTR  SNW DPTH SPD SPD DIR MIN PSBL S-S WX    SPD DR
================================================================================

 1  33  14  24  -1  41   0    T    M    M  3.6 17 170   M    M   8        22 170
 2  37   6  22  -3  43   0 0.00    M    M  1.6  7 330   M    M   1 1       7 320
 3  42  14  28   2  37   0 0.10    M    M  5.7 25 190   M    M   7 18     33 180
 4  36  27  32   6  33   0 0.75    M    M  8.4 16 170   M    M  10 12     22 150
 5  33  11  22  -4  43   0 0.25    M    M  7.4 26 170   M    M   8 12     33 170
 6  24  14  19  -7  46   0 0.19    M    M  7.9 20 160   M    M   9 1      23 160
 7  33  15  24  -3  41   0 0.39    M    M  9.8 24 160   M    M  10 1      29 160
 8  42  33  38  11  27   0 0.01    M    M 15.0 23 190   M    M  10 1      31 210
 9  41  36  39  12  26   0 0.33    M    M  5.8 15 160   M    M  10 1      19 170
10  46  28  37   9  28   0 0.13    M    M  3.2 10 160   M    M   4 12     14 150
11  43  19  31   3  34   0 0.10    M    M  3.3 20 190   M    M   5 12     24 200
12  47  26  37   9  28   0 0.00    M    M  2.5  8 160   M    M   2 12      9 170
13  48  25  37   9  28   0    T    M    M  0.9  8 320   M    M   7 8       9 320
14  53  35  44  15  21   0    T    M    M  3.3 15 170   M    M   5        18 170
15  47  33  40  11  25   0 0.37    M    M  4.9 20 190   M    M   9 1      23 200
16  42  28  35   6  30   0 0.19    M    M  5.6 18 280   M    M   4 13     25 270
17  50  25  38   9  27   0    T    M    M  1.7 20 170   M    M   8        26 180
18  46  34  40  10  25   0 0.19    M    M  6.4 23 130   M    M   9 1      27 130
19  43  35  39   9  26   0 0.52    M    M  1.9 10 150   M    M   9 1      14 160
20  49  34  42  12  23   0 0.11    M    M  2.5 10 140   M    M   9 12     12 130
21  46  32  39   9  26   0 0.51    M    M  2.4 18 270   M    M   9 1      26 260
22  43  28  36   5  29   0    T    M    M  3.2 25 180   M    M   6 12     30 180
23  47  27  37   6  28   0 0.00    M    M  5.4 13 340   M    M   1        19 330
24  39  24  32   1  33   0 0.30    M    M  6.7 23 160   M    M   7 1      29 160
25  41  27  34   3  31   0    T    M    M  3.6 15 170   M    M   6 12     17 180
26  42  25  34   2  31   0 0.06    M    M  3.1 23 180   M    M   9 1      26 180
27  42  27  35   3  30   0 0.31    M    M  4.8 14 270   M    M   8 1      22 280
28  42  21  32   0  33   0 0.00    M    M  2.9  9 240   M    M   4        12 250
29  40  33  37   5  28   0 0.72    M    M  4.2 13 150   M    M  10 1      17 170
================================================================================
SM 1217  736       901   0  5.53    M    137.7          M      204
================================================================================
AV 42.0 25.4                               4.7 FASTST   M    M   7    MAX(MPH)
                                 MISC ---->  # 26 170               # 33  180
================================================================================
NOTES:
# LAST OF SEVERAL OCCURRENCES

COLUMN 17 PEAK WIND IN M.P.H.

PRELIMINARY LOCAL CLIMATOLOGICAL DATA (WS FORM: F-6) , PAGE 2

                                          STATION:  MCCALL ID
                                          MONTH:    MARCH
                                          YEAR:     2017
                                          LATITUDE:   44 52 N
                                          LONGITUDE: 116  6 W

[TEMPERATURE DATA]      [PRECIPITATION DATA]       SYMBOLS USED IN COLUMN 16

AVERAGE MONTHLY: 33.7   TOTAL FOR MONTH:   5.53    1 = FOG OR MIST
DPTR FM NORMAL:   4.9   DPTR FM NORMAL:    3.50    2 = FOG REDUCING VISIBILITY
HIGHEST:    53 ON 14    GRTST 24HR  0.75 ON  4- 4      TO 1/4 MILE OR LESS
LOWEST:      6 ON  2                               3 = THUNDER
                        SNOW, ICE PELLETS, HAIL    4 = ICE PELLETS
                        TOTAL MONTH:    M          5 = HAIL
                        GRTST 24HR    M  ON   M    6 = FREEZING RAIN OR DRIZZLE
                        GRTST DEPTH:  M  ON   M    7 = DUSTSTORM OR SANDSTORM:
                                                       VSBY 1/2 MILE OR LESS
                                                   8 = SMOKE OR HAZE
[NO. OF DAYS WITH]      [WEATHER - DAYS WITH]      9 = BLOWING SNOW
                                                   X = TORNADO
MAX 32 OR BELOW:   1    0.01 INCH OR MORE:  19
MAX 90 OR ABOVE:   0    0.10 INCH OR MORE:  17
MIN 32 OR BELOW:  21    0.50 INCH OR MORE:   4
MIN  0 OR BELOW:   0    1.00 INCH OR MORE:   0

[HDD (BASE 65) ]
TOTAL THIS MO.   901    CLEAR  (SCALE 0-3)   3
DPTR FM NORMAL  -149    PTCLDY (SCALE 4-7)  14
TOTAL FM JUL 1  7104    CLOUDY (SCALE 8-10) 12
DPTR FM NORMAL  -621

[CDD (BASE 65) ]
TOTAL THIS MO.     0
DPTR FM NORMAL     0    [PRESSURE DATA]
TOTAL FM JAN 1     0    HIGHEST SLP M ON M
DPTR FM NORMAL     0    LOWEST  SLP 29.48 ON  5

[REMARKS]
