000
CXUS55 KBOI 231002
CF6MYL
PRELIMINARY LOCAL CLIMATOLOGICAL DATA (WS FORM: F-6)

                                          STATION:   MCCALL ID
                                          MONTH:     SEPTEMBER
                                          YEAR:      2014
                                          LATITUDE:   44 52 N
                                          LONGITUDE: 116  6 W

  TEMPERATURE IN F:       :PCPN:    SNOW:  WIND      :SUNSHINE: SKY     :PK WND
================================================================================
1   2   3   4   5  6A  6B    7    8   9   10  11  12  13   14  15   16   17  18
                                     12Z  AVG MX 2MIN
DY MAX MIN AVG DEP HDD CDD  WTR  SNW DPTH SPD SPD DIR MIN PSBL S-S WX    SPD DR
================================================================================

 1  69  35  52  -4  13   0 0.00    M    M  3.0 14 310   M    M   0        20 310
 2  75  37  56   1   9   0 0.00    M    M  5.8 22 180   M    M   0        28 170
 3  62  43  53  -2  12   0 0.00    M    M  6.5 14 250   M    M   1        19 300
 4  69  31  50  -5  15   0 0.00    M    M  4.1 12 360   M    M   0        16 200
 5  76  35  56   2   9   0 0.00    M    M  3.2 12 300   M    M   0        15 360
 6  78  37  58   4   7   0 0.00    M    M  2.9 16 160   M    M   0        20 170
 7  84  38  61   7   4   0 0.00    M    M  4.3 17 180   M    M   0        22 170
 8  80  39  60   7   5   0 0.00    M    M  3.2 17 260   M    M   0        22 260
 9  69  37  53   0  12   0 0.00    M    M  5.8 16 300   M    M   0        21 270
10  65  37  51  -2  14   0 0.00    M    M  6.8 17  10   M    M   1        23 360
11  64  36  50  -2  15   0 0.00    M    M  7.1 15 330   M    M   0 8      21 320
12  67  29  48  -4  17   0 0.00    M    M  3.5 14 180   M    M   0        19 190
13  77  32  55   3  10   0 0.00    M    M  3.4 14 250   M    M   0 8      18 240
14  80  35  58   7   7   0 0.00    M    M  3.0 16 300   M    M   0        21 290
15  82  38  60   9   5   0 0.00    M    M  3.1 18 180   M    M   0        24 180
16  80  47  64  14   1   0    T    M    M  5.3 18 160   M    M   2        23 160
17  80  49  65  15   0   0 0.00    M    M  2.0 14 190   M    M   1        18 170
18  77  51  64  14   1   0    T    M    M  6.8 23 180   M    M   6 8      33 220
19  74  39  57   8   8   0 0.00    M    M  4.0 12 270   M    M   0 8      16 230
20  81  42  62  13   3   0 0.00    M    M  3.2  9 360   M    M   0        13 360
21  79  43  61  13   4   0 0.00    M    M  2.5 12 310   M    M   0        14 310
22  75  51  63  15   2   0 0.00    M    M  2.5 15 310   M    M   4        20 300
================================================================================
SM 1643  861       173   0    T     M     92.0          M       15
================================================================================
AV 74.7 39.1                               4.2 FASTST   M    M   1    MAX(MPH)
                                 MISC ---->  # 23 180               # 33  220
================================================================================
NOTES:
# LAST OF SEVERAL OCCURRENCES

COLUMN 17 PEAK WIND IN M.P.H.

PRELIMINARY LOCAL CLIMATOLOGICAL DATA (WS FORM: F-6) , PAGE 2

                                          STATION:  MCCALL ID
                                          MONTH:    SEPTEMBER
                                          YEAR:     2014
                                          LATITUDE:   44 52 N
                                          LONGITUDE: 116  6 W

[TEMPERATURE DATA]      [PRECIPITATION DATA]       SYMBOLS USED IN COLUMN 16

AVERAGE MONTHLY: 56.9   TOTAL FOR MONTH:      T    1 = FOG OR MIST
DPTR FM NORMAL:   4.9   DPTR FM NORMAL:   -0.62    2 = FOG REDUCING VISIBILITY
HIGHEST:    84 ON  7    GRTST 24HR  0.03 ON 31- 1      TO 1/4 MILE OR LESS
LOWEST:     29 ON 12                               3 = THUNDER
                        SNOW, ICE PELLETS, HAIL    4 = ICE PELLETS
                        TOTAL MONTH:    M          5 = HAIL
                        GRTST 24HR    M  ON   M    6 = FREEZING RAIN OR DRIZZLE
                        GRTST DEPTH:  M  ON   M    7 = DUSTSTORM OR SANDSTORM:
                                                       VSBY 1/2 MILE OR LESS
                                                   8 = SMOKE OR HAZE
[NO. OF DAYS WITH]      [WEATHER - DAYS WITH]      9 = BLOWING SNOW
                                                   X = TORNADO
MAX 32 OR BELOW:   0    0.01 INCH OR MORE:   0
MAX 90 OR ABOVE:   0    0.10 INCH OR MORE:   0
MIN 32 OR BELOW:   3    0.50 INCH OR MORE:   0
MIN  0 OR BELOW:   0    1.00 INCH OR MORE:   0

[HDD (BASE 65) ]
TOTAL THIS MO.   173    CLEAR  (SCALE 0-3)  20
DPTR FM NORMAL  -114    PTCLDY (SCALE 4-7)   2
TOTAL FM JUL 1   289    CLOUDY (SCALE 8-10)  0
DPTR FM NORMAL  -326

[CDD (BASE 65) ]
TOTAL THIS MO.     0
DPTR FM NORMAL     0    [PRESSURE DATA]
TOTAL FM JAN 1   185    HIGHEST SLP M ON M
DPTR FM NORMAL   160    LOWEST  SLP 29.58 ON M

[REMARKS]
