000
CXUS53 KOAX 301000
CF6OMA
PRELIMINARY LOCAL CLIMATOLOGICAL DATA (WS FORM: F-6)

                                          STATION:   OMAHA EPPLEY, NEBRASKA
                                          MONTH:     APRIL
                                          YEAR:      2017
                                          LATITUDE:   41 17 N
                                          LONGITUDE:  95 54 W

  TEMPERATURE IN F:       :PCPN:    SNOW:  WIND      :SUNSHINE: SKY     :PK WND
================================================================================
1   2   3   4   5  6A  6B    7    8   9   10  11  12  13   14  15   16   17  18
                                     12Z  AVG MX 2MIN
DY MAX MIN AVG DEP HDD CDD  WTR  SNW DPTH SPD SPD DIR MIN PSBL S-S WX    SPD DR
================================================================================

 1  51  40  46   0  19   0    T  0.0    0  5.6 15 130   M    M  10        18 140
 2  54  45  50   4  15   0 0.06  0.0    0  5.6 15 140   M    M  10 18     17 140
 3  56  49  53   6  12   0 0.04  0.0    0  9.0 16 350   M    M  10 12     19 360
 4  60  48  54   7  11   0    T  0.0    0 10.8 22  60   M    M  10        26  50
 5  61  43  52   4  13   0 0.00  0.0    0 12.6 25 360   M    M   9        32 360
 6  59  36  48   0  17   0 0.00  0.0    0 11.5 22 340   M    M   2        30 330
 7  65  34  50   2  15   0 0.00  0.0    0 13.6 28 160   M    M   5        33 180
 8  77  53  65  16   0   0 0.00  0.0    0 15.6 23 180   M    M   8        29 170
 9  82  53  68  19   0   3 0.01  0.0    0 12.5 32 310   M    M   8 3      38 320
10  57  38  48  -2  17   0    T  0.0    0 11.6 25 320   M    M   8        31 320
11  63  30  47  -3  18   0 0.00  0.0    0  5.4 14 140   M    M   2        18 130
12  73  46  60  10   5   0 0.06  0.0    0 10.5 24 140   M    M   8        29 150
13  80  49  65  14   0   0    T  0.0    0  6.0 15 160   M    M   5 3      19 160
14  71  60  66  15   0   1 0.33  0.0    0 13.6 29 140   M    M   9 138    38 140
15  79  58  69  17   0   4    T  0.0    0 10.4 21 340   M    M   6 3      28 170
16  73  47  60   8   5   0 0.00  0.0    0  9.0 21 350   M    M   6        26 350
17  73  43  58   6   7   0 0.00  0.0    0  6.8 18 150   M    M   3        22 150
18  72  58  65  12   0   0 0.32  0.0    0 10.4 24 180   M    M   8 13     31 190
19  80  50  65  12   0   0 0.10  0.0    0 11.5 23 320   M    M   9 3      28 320
20  62  45  54   0  11   0 0.01  0.0    0 12.6 26 330   M    M   7        33 330
21  60  39  50  -4  15   0 0.00  0.0    0  9.2 21  20   M    M   9        25  10
22  69  39  54   0  11   0 0.00  0.0    0  8.2 18 360   M    M   7        24 360
23  73  40  57   2   8   0 0.00  0.0    0 10.3 25 180   M    M   3        30 190
24  76  53  65  10   0   0 0.00  0.0    0 18.7 36 170   M    M   7        42 160
25  62  42  52  -3  13   0 0.06  0.0    0 15.0 24 330   M    M   9 18     34 330
26  45  37  41 -15  24   0    T  0.0    0 17.4 26 320   M    M  10 1      33 320
27  59  36  48  -8  17   0 0.00  0.0    0  7.6 18 320   M    M   8        24 320
28  49  38  44 -12  21   0 0.45  0.0    0 11.7 25  40   M    M  10 18     34  50
29  47  41  44 -13  21   0 0.03  0.0    0 17.4 30  40   M    M  10 18     40  50
================================================================================
SM 1888 1290       295   8  1.47     0.0 320.1          M      216
================================================================================
AV 65.1 44.5                              11.0 FASTST   M    M   7    MAX(MPH)
                                 MISC ---->  # 36 170               # 42  160
================================================================================
NOTES:
# LAST OF SEVERAL OCCURRENCES

COLUMN 17 PEAK WIND IN M.P.H.

PRELIMINARY LOCAL CLIMATOLOGICAL DATA (WS FORM: F-6) , PAGE 2

                                          STATION:  OMAHA EPPLEY, NEBRASKA
                                          MONTH:    APRIL
                                          YEAR:     2017
                                          LATITUDE:   41 17 N
                                          LONGITUDE:  95 54 W

[TEMPERATURE DATA]      [PRECIPITATION DATA]       SYMBOLS USED IN COLUMN 16

AVERAGE MONTHLY: 54.8   TOTAL FOR MONTH:   1.47    1 = FOG OR MIST
DPTR FM NORMAL:   3.3   DPTR FM NORMAL:   -1.37    2 = FOG REDUCING VISIBILITY
HIGHEST:    82 ON  9    GRTST 24HR  0.45 ON 28-28      TO 1/4 MILE OR LESS
LOWEST:     30 ON 11                               3 = THUNDER
                        SNOW, ICE PELLETS, HAIL    4 = ICE PELLETS
                        TOTAL MONTH:   0.0 INCH    5 = HAIL
                        GRTST 24HR     0.0         6 = FREEZING RAIN OR DRIZZLE
                        GRTST DEPTH:   0           7 = DUSTSTORM OR SANDSTORM:
                                                       VSBY 1/2 MILE OR LESS
                                                   8 = SMOKE OR HAZE
[NO. OF DAYS WITH]      [WEATHER - DAYS WITH]      9 = BLOWING SNOW
                                                   X = TORNADO
MAX 32 OR BELOW:   0    0.01 INCH OR MORE:  11
MAX 90 OR ABOVE:   0    0.10 INCH OR MORE:   4
MIN 32 OR BELOW:   1    0.50 INCH OR MORE:   0
MIN  0 OR BELOW:   0    1.00 INCH OR MORE:   0

[HDD (BASE 65) ]
TOTAL THIS MO.   295    CLEAR  (SCALE 0-3)   2
DPTR FM NORMAL  -108    PTCLDY (SCALE 4-7)  15
TOTAL FM JUL 1  4785    CLOUDY (SCALE 8-10) 12
DPTR FM NORMAL -1207

[CDD (BASE 65) ]
TOTAL THIS MO.     8
DPTR FM NORMAL    -5    [PRESSURE DATA]
TOTAL FM JAN 1     8    HIGHEST SLP M ON M
DPTR FM NORMAL    -6    LOWEST  SLP 29.41 ON  9

[REMARKS]
