000
CXUS51 KAKQ 281010
CF6ORF
PRELIMINARY LOCAL CLIMATOLOGICAL DATA (WS FORM: F-6)

                                          STATION:   NORFOLK VA
                                          MONTH:     JANUARY
                                          YEAR:      2015
                                          LATITUDE:   36 54 N
                                          LONGITUDE:  76 12 W

  TEMPERATURE IN F:       :PCPN:    SNOW:  WIND      :SUNSHINE: SKY     :PK WND
================================================================================
1   2   3   4   5  6A  6B    7    8   9   10  11  12  13   14  15   16   17  18
                                     12Z  AVG MX 2MIN
DY MAX MIN AVG DEP HDD CDD  WTR  SNW DPTH SPD SPD DIR MIN PSBL S-S WX    SPD DR
================================================================================

 1  50  25  38  -3  27   0 0.00  0.0    0 10.1 23 240   M    M   0        29 230
 2  52  40  46   5  19   0 0.00  0.0    0  5.9 21 230   M    M   4        28 230
 3  55  42  49   8  16   0 0.07  0.0    0  6.3 14 190   M    M   9 128    19 200
 4  75  55  65  24   0   0 0.06  0.0    0 16.1 29 200   M    M   7 1      39 240
 5  61  37  49   8  16   0 0.00  0.0    0  9.6 17  20   M    M   0        25 260
 6  51  33  42   2  23   0 0.00  0.0    0  7.4 17 230   M    M   0        25 220
 7  40  19  30 -10  35   0 0.00  0.0    0 10.0 22 340   M    M   4        36 320
 8  25  14  20 -20  45   0 0.00  0.0    0  9.6 24 340   M    M   0        37 310
 9  46  22  34  -6  31   0 0.00  0.0    0 10.6 22 230   M    M   3        26 230
10  35  18  27 -13  38   0 0.00  0.0    0  5.7 16 360   M    M   0        20 350
11  47  17  32  -8  33   0 0.00  0.0    0  3.0 10  80   M    M   1        13 130
12  60  39  50  10  15   0 1.07  0.0    0  4.6 16 350   M    M  10 12     22 350
13  41  32  37  -3  28   0 0.04    T    0 19.3 29  20   M    M  10 1      35  20
14  36  32  34  -6  31   0 0.42    T    0 16.1 22  10   M    M  10 1      31  10
15  38  32  35  -5  30   0 0.00  0.0    0  5.8 14 350   M    M   9 18     17 360
16  51  34  43   3  22   0 0.00  0.0    0  6.9 15  10   M    M   3 1      22 310
17  44  32  38  -2  27   0 0.00  0.0    0  9.1 20  30   M    M   1        23  30
18  59  42  51  11  14   0 0.94    M    0 10.7 25 170   M    M   7 1      32 170
19  50  35  43   3  22   0 0.00  0.0    0  5.8 12  40   M    M   2        16 260
20  57  35  46   6  19   0 0.00  0.0    0  5.5 17  20   M    M   0        19  20
21  47  36  42   2  23   0 0.00  0.0    0 10.7 20 360   M    M   5 18     26  10
22  47  32  40   0  25   0 0.00  0.0    0  2.4 13  20   M    M   5 128    15  20
23  50  30  40   0  25   0 0.14  0.0    0  6.6 16  90   M    M   6        20 100
24  59  37  48   8  17   0 0.77  0.0    0  8.1 17 170   M    M   8        25 270
25  52  34  43   3  22   0 0.00  0.0    0  6.5 12 260   M    M   0        17 260
26  46  34  40   0  25   0 0.01    T    0  8.1 17 350   M    M   6        26 350
27  38  31  35  -5  30   0 0.06  1.0    0 10.4 20 350   M    M   7        28 350
================================================================================
SM 1312  869       658   0  3.58     1.0 230.9          M      117
================================================================================
AV 48.6 32.2                               8.6 FASTST   M    M   4    MAX(MPH)
                                 MISC ---->  # 29 200               # 39  240
================================================================================
NOTES:
# LAST OF SEVERAL OCCURRENCES

COLUMN 17 PEAK WIND IN M.P.H.

PRELIMINARY LOCAL CLIMATOLOGICAL DATA (WS FORM: F-6) , PAGE 2

                                          STATION:  NORFOLK VA
                                          MONTH:    JANUARY
                                          YEAR:     2015
                                          LATITUDE:   36 54 N
                                          LONGITUDE:  76 12 W

[TEMPERATURE DATA]      [PRECIPITATION DATA]       SYMBOLS USED IN COLUMN 16

AVERAGE MONTHLY: 40.4   TOTAL FOR MONTH:   3.58    1 = FOG OR MIST
DPTR FM NORMAL:   0.2   DPTR FM NORMAL:    0.62    2 = FOG REDUCING VISIBILITY
HIGHEST:    75 ON  4    GRTST 24HR  1.08 ON 12-13      TO 1/4 MILE OR LESS
LOWEST:     14 ON  8                               3 = THUNDER
                        SNOW, ICE PELLETS, HAIL    4 = ICE PELLETS
                        TOTAL MONTH:   1.0 INCH    5 = HAIL
                        GRTST 24HR   1.0 ON 27-27  6 = FREEZING RAIN OR DRIZZLE
                        GRTST DEPTH:   0           7 = DUSTSTORM OR SANDSTORM:
                                                       VSBY 1/2 MILE OR LESS
                                                   8 = SMOKE OR HAZE
[NO. OF DAYS WITH]      [WEATHER - DAYS WITH]      9 = BLOWING SNOW
                                                   X = TORNADO
MAX 32 OR BELOW:   1    0.01 INCH OR MORE:  10
MAX 90 OR ABOVE:   0    0.10 INCH OR MORE:   5
MIN 32 OR BELOW:  13    0.50 INCH OR MORE:   3
MIN  0 OR BELOW:   0    1.00 INCH OR MORE:   1

[HDD (BASE 65) ]
TOTAL THIS MO.   658    CLEAR  (SCALE 0-3)  12
DPTR FM NORMAL   -12    PTCLDY (SCALE 4-7)  10
TOTAL FM JUL 1  1814    CLOUDY (SCALE 8-10)  5
DPTR FM NORMAL   -35

[CDD (BASE 65) ]
TOTAL THIS MO.     0
DPTR FM NORMAL     0    [PRESSURE DATA]
TOTAL FM JAN 1     0    HIGHEST SLP M ON M
DPTR FM NORMAL     0    LOWEST  SLP 29.39 ON 24

[REMARKS]
