000
CXUS51 KAKQ 011010
CF6ORF
PRELIMINARY LOCAL CLIMATOLOGICAL DATA (WS FORM: F-6)

                                          STATION:   NORFOLK VA
                                          MONTH:     JUNE
                                          YEAR:      2015
                                          LATITUDE:   36 54 N
                                          LONGITUDE:  76 12 W

  TEMPERATURE IN F:       :PCPN:    SNOW:  WIND      :SUNSHINE: SKY     :PK WND
================================================================================
1   2   3   4   5  6A  6B    7    8   9   10  11  12  13   14  15   16   17  18
                                     12Z  AVG MX 2MIN
DY MAX MIN AVG DEP HDD CDD  WTR  SNW DPTH SPD SPD DIR MIN PSBL S-S WX    SPD DR
================================================================================

 1  92  72  82  11   0  17 0.00  0.0    0 11.9 20 140   M    M   2        24 170
 2  84  64  74   2   0   9 3.01  0.0    0  8.9 18 340   M    M   7 123    28 340
 3  66  64  65  -7   0   0 0.04  0.0    0 13.5 21  30   M    M  10 1      25  50
 4  69  64  67  -5   0   2 1.19  0.0    0 10.8 16  70   M    M   9 12     25  80
 5  69  64  67  -5   0   2    T  0.0    0  8.6 16  10   M    M  10 18     22 360
 6  77  64  71  -2   0   6 0.00  0.0    0  7.0 21  40   M    M   6        27  40
 7  76  62  69  -4   0   4 0.00  0.0    0  7.3 15  80   M    M   1        19 100
 8  88  60  74   1   0   9 0.00  0.0    0 13.1 24 210   M    M   0 8      30 210
 9  87  70  79   5   0  14 0.24  0.0    0 10.1 18 240   M    M   4 18     25 270
10  85  72  79   5   0  14 0.00  0.0    0  7.3 14 210   M    M   1        18 100
11  90  73  82   8   0  17 0.00  0.0    0  9.2 17 210   M    M   2        21 190
12  93  74  84  10   0  19 0.00  0.0    0 11.9 20 230   M    M   1        26 200
13  94  77  86  11   0  21    T  0.0    0  5.5 16 360   M    M   1        22 360
14  90  77  84   9   0  19 0.01  0.0    0  5.5 14  30   M    M   0        20 150
15  97  75  86  11   0  21 0.00  0.0    0  4.8 13  30   M    M   0        17  30
16  98  78  88  12   0  23 0.01  0.0    0  6.9 12 260   M    M   0        21 280
17  83  74  79   3   0  14 0.00  0.0    0  9.8 17  70   M    M   0        21  30
18  92  72  82   6   0  17 0.13  0.0    0  7.0 14 240   M    M   0 1      19 220
19  93  76  85   9   0  20 0.00  0.0    0  5.5 13 240   M    M   0        18 240
20  91  73  82   5   0  17 0.60  0.0    0 11.6 32 240   M    M   1 1      49 260
21  94  74  84   7   0  19    T  0.0    0  9.8 22 230   M    M   1        26 230
22  91  79  85   8   0  20 0.00  0.0    0  6.7 13 160   M    M   0        17 140
23  99  79  89  12   0  24 0.00  0.0    0 12.2 24 230   M    M   1        29 220
24  84  72  78   0   0  13 1.40  0.0    0  7.4 23  10   M    M   3 1      31  10
25  88  68  78   0   0  13 0.76  0.0    0  7.5 22 270   M    M   4 1      34 280
26  80  69  75  -3   0  10 0.37  0.0    0  7.5 17 220   M    M   7 1      22  80
27  86  73  80   2   0  15 0.58  0.0    0  7.5 22 140   M    M   7 18     38 140
28  82  72  77  -1   0  12 0.00  0.0    0  8.8 20 240   M    M   6        25 230
29  82  65  74  -4   0   9 0.00  0.0    0  6.6 14  60   M    M   0        17  60
30  92  73  83   4   0  18 0.00  0.0    0 10.1 24 210   M    M   1        30 190
================================================================================
SM 2592 2129         0 418  8.34     0.0 260.3          M       85
================================================================================
AV 86.4 71.0                               8.7 FASTST   M    M   3    MAX(MPH)
                                 MISC ---->  # 32 240               # 49  260
================================================================================
NOTES:
# LAST OF SEVERAL OCCURRENCES

COLUMN 17 PEAK WIND IN M.P.H.

PRELIMINARY LOCAL CLIMATOLOGICAL DATA (WS FORM: F-6) , PAGE 2

                                          STATION:  NORFOLK VA
                                          MONTH:    JUNE
                                          YEAR:     2015
                                          LATITUDE:   36 54 N
                                          LONGITUDE:  76 12 W

[TEMPERATURE DATA]      [PRECIPITATION DATA]       SYMBOLS USED IN COLUMN 16

AVERAGE MONTHLY: 78.7   TOTAL FOR MONTH:   8.34    1 = FOG OR MIST
DPTR FM NORMAL:   3.4   DPTR FM NORMAL:    4.08    2 = FOG REDUCING VISIBILITY
HIGHEST:    99 ON 23    GRTST 24HR  3.01 ON  2- 2      TO 1/4 MILE OR LESS
LOWEST:     60 ON  8                               3 = THUNDER
                        SNOW, ICE PELLETS, HAIL    4 = ICE PELLETS
                        TOTAL MONTH:   0.0 INCH    5 = HAIL
                        GRTST 24HR     0.0         6 = FREEZING RAIN OR DRIZZLE
                        GRTST DEPTH:   0           7 = DUSTSTORM OR SANDSTORM:
                                                       VSBY 1/2 MILE OR LESS
                                                   8 = SMOKE OR HAZE
[NO. OF DAYS WITH]      [WEATHER - DAYS WITH]      9 = BLOWING SNOW
                                                   X = TORNADO
MAX 32 OR BELOW:   0    0.01 INCH OR MORE:  12
MAX 90 OR ABOVE:  14    0.10 INCH OR MORE:   9
MIN 32 OR BELOW:   0    0.50 INCH OR MORE:   6
MIN  0 OR BELOW:   0    1.00 INCH OR MORE:   3

[HDD (BASE 65) ]
TOTAL THIS MO.     0    CLEAR  (SCALE 0-3)  20
DPTR FM NORMAL    -6    PTCLDY (SCALE 4-7)   7
TOTAL FM JUL 1  3599    CLOUDY (SCALE 8-10)  3
DPTR FM NORMAL   222

[CDD (BASE 65) ]
TOTAL THIS MO.   418
DPTR FM NORMAL   103    [PRESSURE DATA]
TOTAL FM JAN 1   654    HIGHEST SLP 30.17 ON  7
DPTR FM NORMAL   173    LOWEST  SLP 29.68 ON 28

[REMARKS]
#FINAL-06-15#
