000
CXUS51 KAKQ 241010
CF6ORF
PRELIMINARY LOCAL CLIMATOLOGICAL DATA (WS FORM: F-6)

                                          STATION:   NORFOLK VA
                                          MONTH:     APRIL
                                          YEAR:      2014
                                          LATITUDE:   36 54 N
                                          LONGITUDE:  76 12 W

  TEMPERATURE IN F:       :PCPN:    SNOW:  WIND      :SUNSHINE: SKY     :PK WND
================================================================================
1   2   3   4   5  6A  6B    7    8   9   10  11  12  13   14  15   16   17  18
                                     12Z  AVG MX 2MIN
DY MAX MIN AVG DEP HDD CDD  WTR  SNW DPTH SPD SPD DIR MIN PSBL S-S WX    SPD DR
================================================================================

 1  60  43  52  -2  13   0 0.00  0.0    0  6.9 12 140   M    M   0        16 110
 2  71  45  58   4   7   0 0.00  0.0    0  7.3 16  10   M    M   0        20  10
 3  60  48  54  -1  11   0 0.00  0.0    0  6.8 16 350   M    M   2        21 350
 4  85  48  67  12   0   2 0.00  0.0    0  8.1 26 210   M    M   2 1      34 220
 5  73  49  61   6   4   0 0.00  0.0    0  9.6 18 220   M    M   1 18     23  20
 6  52  43  48  -8  17   0 0.00  0.0    0 10.2 21  20   M    M   1        26  10
 7  71  46  59   3   6   0 0.86  0.0    0  8.7 20 210   M    M   9 1      23 200
 8  70  52  61   5   4   0 0.05  0.0    0 11.6 28 200   M    M   5 1      36 190
 9  64  50  57   1   8   0    T  0.0    0  6.2 14  20   M    M   4        18  10
10  71  48  60   3   5   0 0.00  0.0    0  7.7 17 200   M    M   0        22 210
11  80  55  68  11   0   3 0.00  0.0    0 17.3 26 220   M    M   0        33 230
12  71  57  64   7   1   0 0.00  0.0    0  9.0 20 220   M    M   0        25 230
13  83  58  71  13   0   6 0.00  0.0    0 12.7 22 200   M    M   0        29 210
14  81  63  72  14   0   7 0.00  0.0    0 14.6 26 200   M    M   2        32 200
15  74  40  57  -1   8   0 2.30  0.0    0 18.2 35 350   M    M   9 1      49 360
16  47  37  42 -16  23   0 0.03  0.0    0 16.8 26  30   M    M   2 1      35  30
17  52  42  47 -12  18   0 0.00  0.0    0 16.3 23  60   M    M   3        29  60
18  51  43  47 -12  18   0 0.00  0.0    0 10.9 17  30   M    M   9        22  40
19  51  46  49 -10  16   0 0.10  0.0    0 10.7 21  30   M    M   9        24  30
20  56  48  52  -8  13   0 0.00  0.0    0 20.0 28  30   M    M   6        37  60
21  61  47  54  -6  11   0 0.00  0.0    0  9.0 18  20   M    M   5        21  10
22  82  44  63   3   2   0 0.00  0.0    0  6.9 17 200   M    M   2 1      23 190
23  67  54  61   1   4   0 0.00  0.0    0 12.0 21 360   M    M   1        29 330
================================================================================
SM 1533 1106       189  18  3.34     0.0 257.5          M       72
================================================================================
AV 66.7 48.1                              11.2 FASTST   M    M   3    MAX(MPH)
                                 MISC ---->  # 35 350               # 49  360
================================================================================
NOTES:
# LAST OF SEVERAL OCCURRENCES

COLUMN 17 PEAK WIND IN M.P.H.

PRELIMINARY LOCAL CLIMATOLOGICAL DATA (WS FORM: F-6) , PAGE 2

                                          STATION:  NORFOLK VA
                                          MONTH:    APRIL
                                          YEAR:     2014
                                          LATITUDE:   36 54 N
                                          LONGITUDE:  76 12 W

[TEMPERATURE DATA]      [PRECIPITATION DATA]       SYMBOLS USED IN COLUMN 16

AVERAGE MONTHLY: 57.4   TOTAL FOR MONTH:   3.34    1 = FOG OR MIST
DPTR FM NORMAL:   0.1   DPTR FM NORMAL:    0.71    2 = FOG REDUCING VISIBILITY
HIGHEST:    85 ON  4    GRTST 24HR  2.33 ON 15-16      TO 1/4 MILE OR LESS
LOWEST:     37 ON 16                               3 = THUNDER
                        SNOW, ICE PELLETS, HAIL    4 = ICE PELLETS
                        TOTAL MONTH:   0.0 INCH    5 = HAIL
                        GRTST 24HR     0.0         6 = FREEZING RAIN OR DRIZZLE
                        GRTST DEPTH:   0           7 = DUSTSTORM OR SANDSTORM:
                                                       VSBY 1/2 MILE OR LESS
                                                   8 = SMOKE OR HAZE
[NO. OF DAYS WITH]      [WEATHER - DAYS WITH]      9 = BLOWING SNOW
                                                   X = TORNADO
MAX 32 OR BELOW:   0    0.01 INCH OR MORE:   5
MAX 90 OR ABOVE:   0    0.10 INCH OR MORE:   3
MIN 32 OR BELOW:   0    0.50 INCH OR MORE:   2
MIN  0 OR BELOW:   0    1.00 INCH OR MORE:   1

[HDD (BASE 65) ]
TOTAL THIS MO.   189    CLEAR  (SCALE 0-3)  15
DPTR FM NORMAL   -12    PTCLDY (SCALE 4-7)   4
TOTAL FM JUL 1  3374    CLOUDY (SCALE 8-10)  4
DPTR FM NORMAL   112

[CDD (BASE 65) ]
TOTAL THIS MO.    18
DPTR FM NORMAL    -8    [PRESSURE DATA]
TOTAL FM JAN 1    19    HIGHEST SLP M ON M
DPTR FM NORMAL   -14    LOWEST  SLP 29.54 ON  8

[REMARKS]
