000
CXUS54 KEWX 270910
CF6PEZ
PRELIMINARY LOCAL CLIMATOLOGICAL DATA (WS FORM: F-6)

                                          STATION:   PLEASANTON MUNICIPAL AIRPORT
                                          MONTH:     DECEMBER
                                          YEAR:      2014
                                          LATITUDE:   28 57 N
                                          LONGITUDE:  98 31 W

  TEMPERATURE IN F:       :PCPN:    SNOW:  WIND      :SUNSHINE: SKY     :PK WND
================================================================================
1   2   3   4   5  6A  6B    7    8   9   10  11  12  13   14  15   16   17  18
                                     12Z  AVG MX 2MIN
DY MAX MIN AVG DEP HDD CDD  WTR  SNW DPTH SPD SPD DIR MIN PSBL S-S WX    SPD DR
================================================================================

 1  73  45  59   M   6   0    M    M    M  6.6 17  30   M    M   9 12     23  10
 2  53  44  49   M  16   0    M    M    M  3.4  9  10   M    M  10        16  10
 3  59  50  55   M  10   0    M    M    M  0.9  5 320   M    M  10 18      M  M
 4  72  59  66   M   0   1    M    M    M  2.7  6 140   M    M  10 12      M  M
 5  80  58  69   M   0   4    M    M    M  4.6  9 200   M    M   7 1       M  M
 6  72  55  64   M   1   0    M    M    M  5.6 13  40   M    M   1 1      17  30
 7  65  51  58   M   7   0    M    M    M  5.5  9  40   M    M   8         M  M
 8  69  49  59   M   6   0    M    M    M  3.7 10  40   M    M   6        16  40
 9  70  41  56   M   9   0    M    M    M  1.2  6 140   M    M   2 1       M  M
10  71  48  60   M   5   0    M    M    M  3.2 10 150   M    M   9        17 170
11  72  60  66   M   0   1    M    M    M  4.1 12 130   M    M  10         M  M
12  74  61  68   M   0   3    M    M    M  6.3 13 160   M    M   9        18 140
13  76  51  64   M   1   0    M    M    M  4.3 12 130   M    M   5 12      M  M
14  77  58  68   M   0   3    M    M    M  6.2 15 170   M    M   8 1      25 170
15  78  54  66   M   0   1    M    M    M  2.9  7 340   M    M   5 1       M  M
16  63  49  56   M   9   0    M    M    M  5.9 13  50   M    M   7        18  30
17  62  52  57   M   8   0    M    M    M  6.4 10  60   M    M   9         M  M
18  67  54  61   M   4   0    M    M    M  4.8  8  20   M    M   9 13      M  M
19  66  52  59   M   6   0    M    M    M  8.7 14  30   M    M   7        24  10
20  56  49  53   M  12   0    M    M    M  5.1 10  20   M    M  10        16  20
21  57  51  54   M  11   0    M    M    M  1.0  5 210   M    M  10 1       M  M
22  73  54  64   M   1   0    M    M    M  2.5  8 250   M    M   5 1       M  M
23  61  42  52   M  13   0    M    M    M  9.4 20 340   M    M   3 1      30 340
24  59  34  47   M  18   0    M    M    M  7.7 18 290   M    M   0        23 290
25  67  28  48   M  17   0    M    M    M  6.3 17 160   M    M   1        24 170
26  76  56  66   M   0   1 0.00  0.0    0  4.6  9 130   M    M   6 1       M  M
================================================================================
SM 1768 1305       160  14  0.00     0.0 123.6          M      176
================================================================================
AV 68.0 50.2                               4.8 FASTST   M    M   7    MAX(MPH)
                                 MISC ---->    20   M                 30    M
================================================================================
NOTES:
# LAST OF SEVERAL OCCURRENCES

COLUMN 17 PEAK WIND IN M.P.H.

PRELIMINARY LOCAL CLIMATOLOGICAL DATA (WS FORM: F-6) , PAGE 2

                                          STATION:  PLEASANTON MUNICIPAL AIRPORT
                                          MONTH:    DECEMBER
                                          YEAR:     2014
                                          LATITUDE:   28 57 N
                                          LONGITUDE:  98 31 W

[TEMPERATURE DATA]      [PRECIPITATION DATA]       SYMBOLS USED IN COLUMN 16

AVERAGE MONTHLY: 59.1   TOTAL FOR MONTH:   0.00    1 = FOG OR MIST
DPTR FM NORMAL:     M   DPTR FM NORMAL:       M    2 = FOG REDUCING VISIBILITY
HIGHEST:    80 ON  5    GRTST 24HR  0.00 ON 26-26      TO 1/4 MILE OR LESS
LOWEST:     28 ON 25                               3 = THUNDER
                        SNOW, ICE PELLETS, HAIL    4 = ICE PELLETS
                        TOTAL MONTH:   0.0 INCH    5 = HAIL
                        GRTST 24HR     0.0         6 = FREEZING RAIN OR DRIZZLE
                        GRTST DEPTH:   0           7 = DUSTSTORM OR SANDSTORM:
                                                       VSBY 1/2 MILE OR LESS
                                                   8 = SMOKE OR HAZE
[NO. OF DAYS WITH]      [WEATHER - DAYS WITH]      9 = BLOWING SNOW
                                                   X = TORNADO
MAX 32 OR BELOW:   0    0.01 INCH OR MORE:   0
MAX 90 OR ABOVE:   0    0.10 INCH OR MORE:   0
MIN 32 OR BELOW:   1    0.50 INCH OR MORE:   0
MIN  0 OR BELOW:   0    1.00 INCH OR MORE:   0

[HDD (BASE 65) ]
TOTAL THIS MO.   160    CLEAR  (SCALE 0-3)   5
DPTR FM NORMAL     M    PTCLDY (SCALE 4-7)   9
TOTAL FM JUL 1   409    CLOUDY (SCALE 8-10) 12
DPTR FM NORMAL     M

[CDD (BASE 65) ]
TOTAL THIS MO.    14
DPTR FM NORMAL     M    [PRESSURE DATA]
TOTAL FM JAN 1  3443    HIGHEST SLP M ON M
DPTR FM NORMAL     M    LOWEST  SLP M ON M

[REMARKS]
