000
CXUS53 KMKX 200657
CF6RAC
PRELIMINARY LOCAL CLIMATOLOGICAL DATA (WS FORM: F-6)

                                          STATION:   RACINE WI
                                          MONTH:     OCTOBER
                                          YEAR:      2014
                                          LATITUDE:   42 45 N
                                          LONGITUDE:  87 49 W

  TEMPERATURE IN F:       :PCPN:    SNOW:  WIND      :SUNSHINE: SKY     :PK WND
================================================================================
1   2   3   4   5  6A  6B    7    8   9   10  11  12  13   14  15   16   17  18
                                     12Z  AVG MX 2MIN
DY MAX MIN AVG DEP HDD CDD  WTR  SNW DPTH SPD SPD DIR MIN PSBL S-S WX    SPD DR
================================================================================

 1  64  56  60   3   5   0 0.00  0.0    0 11.5 20 120   M    M   8        25 150
 2  72  62  67  11   0   2 0.02  0.0    0  9.3 18 160   M    M   7 18     24 160
 3  65  44  55  -1  10   0 1.72  0.0    0 11.6 23 270   M    M   9 1      37 270
 4  47  38  43 -13  22   0 0.01    M    0 10.5 18 270   M    M   9        28 260
 5  55  35  45 -10  20   0 0.00  0.0    0  9.0 20 240   M    M   4        30 230
 6  58  46  52  -3  13   0    T    M    M  5.5 16 250   M    M   6        25 230
 7  65  47  56   1   9   0    T    M    M  9.2 16 260   M    M   2        23 250
 8  65  42  54   0  11   0    T    M    M  8.6 24 260   M    M   0        36 260
 9  59  38  49  -5  16   0 0.00  0.0    0  4.3 15 300   M    M   0        19 310
10  56  36  46  -8  19   0 0.00  0.0    0  6.2 15  20   M    M   1        19  10
11  58  37  48  -5  17   0 0.00  0.0    0  6.4 15 140   M    M   0        17 150
12  58  38  48  -5  17   0 0.06  0.0    0  9.7 20 140   M    M   4 1      24 140
13  65  56  61   9   4   0 1.18  0.0    0  8.0 22 160   M    M  10 18     32 150
14  65  51  58   6   7   0 0.56  0.0    0 12.3 29  10   M    M  10 1      38 360
15  55  50  53   1  12   0 0.06  0.0    0 10.2 21  20   M    M  10 1      27  20
16  58  50  54   2  11   0    T    M    M  5.4 13 350   M    M   7 1      18  10
17  60  48  54   3  11   0    T    M    M 11.0 21 300   M    M   6 1      29 290
18  49  33  41 -10  24   0 0.08    M    M  8.4 22 350   M    M   7 1      27 340
19  55  36  46  -4  19   0    T    M    M 10.7 18 210   M    M   0        26 220
================================================================================
SM 1129  843       247   2  3.69     0.0 167.8          M      100
================================================================================
AV 59.4 44.4                               8.8 FASTST   M    M   5    MAX(MPH)
                                 MISC ---->  # 29  10               # 38  360
================================================================================
NOTES:
# LAST OF SEVERAL OCCURRENCES

COLUMN 17 PEAK WIND IN M.P.H.

PRELIMINARY LOCAL CLIMATOLOGICAL DATA (WS FORM: F-6) , PAGE 2

                                          STATION:  RACINE WI
                                          MONTH:    OCTOBER
                                          YEAR:     2014
                                          LATITUDE:   42 45 N
                                          LONGITUDE:  87 49 W

[TEMPERATURE DATA]      [PRECIPITATION DATA]       SYMBOLS USED IN COLUMN 16

AVERAGE MONTHLY: 51.9   TOTAL FOR MONTH:   3.69    1 = FOG OR MIST
DPTR FM NORMAL:  -1.7   DPTR FM NORMAL:    2.00    2 = FOG REDUCING VISIBILITY
HIGHEST:    72 ON  2    GRTST 24HR  1.74 ON  2- 3      TO 1/4 MILE OR LESS
LOWEST:     33 ON 18                               3 = THUNDER
                        SNOW, ICE PELLETS, HAIL    4 = ICE PELLETS
                        TOTAL MONTH:   0.0 INCH    5 = HAIL
                        GRTST 24HR     0.0         6 = FREEZING RAIN OR DRIZZLE
                        GRTST DEPTH:   0           7 = DUSTSTORM OR SANDSTORM:
                                                       VSBY 1/2 MILE OR LESS
                                                   8 = SMOKE OR HAZE
[NO. OF DAYS WITH]      [WEATHER - DAYS WITH]      9 = BLOWING SNOW
                                                   X = TORNADO
MAX 32 OR BELOW:   0    0.01 INCH OR MORE:   8
MAX 90 OR ABOVE:   0    0.10 INCH OR MORE:   3
MIN 32 OR BELOW:   0    0.50 INCH OR MORE:   3
MIN  0 OR BELOW:   0    1.00 INCH OR MORE:   2

[HDD (BASE 65) ]
TOTAL THIS MO.   247    CLEAR  (SCALE 0-3)   6
DPTR FM NORMAL    22    PTCLDY (SCALE 4-7)   8
TOTAL FM JUL 1   428    CLOUDY (SCALE 8-10)  5
DPTR FM NORMAL    58

[CDD (BASE 65) ]
TOTAL THIS MO.     2
DPTR FM NORMAL    -4    [PRESSURE DATA]
TOTAL FM JAN 1   429    HIGHEST SLP M ON M
DPTR FM NORMAL  -151    LOWEST  SLP 29.44 ON M

[REMARKS]
