000
CXUS53 KMKX 290701
CF6RAC
PRELIMINARY LOCAL CLIMATOLOGICAL DATA (WS FORM: F-6)

                                          STATION:   RACINE WI
                                          MONTH:     JANUARY
                                          YEAR:      2015
                                          LATITUDE:   42 45 N
                                          LONGITUDE:  87 49 W

  TEMPERATURE IN F:       :PCPN:    SNOW:  WIND      :SUNSHINE: SKY     :PK WND
================================================================================
1   2   3   4   5  6A  6B    7    8   9   10  11  12  13   14  15   16   17  18
                                     12Z  AVG MX 2MIN
DY MAX MIN AVG DEP HDD CDD  WTR  SNW DPTH SPD SPD DIR MIN PSBL S-S WX    SPD DR
================================================================================

 1  30  14  22  -2  43   0 0.00  0.0    0 10.7 22 250   M    M   5        29 240
 2  33  18  26   2  39   0 0.00  0.0    0  4.9 10 210   M    M   0        13 210
 3  34  30  32   8  33   0 0.36    M    M  5.7 12 140   M    M   9 12     14 150
 4  33  -2  16  -8  49   0 0.05    M    M 12.2 23 310   M    M   7 18     33 300
 5   3  -8  -2 -25  67   0    T    M    0  9.3 16 250   M    M   3 1      22 300
 6   9  -3   3 -20  62   0    T    M    0 10.5 21 330   M    M   1 8      30 300
 7   6  -6   0 -23  65   0    T    M    0 14.4 22 320   M    M   1 8      31 310
 8  16  -8   4 -19  61   0    T    M    M 14.9 25 310   M    M   5 89     36 310
 9   9  -1   4 -19  61   0    T    M    M 12.9 22 300   M    M   2 8      30 310
10  23  -3  10 -13  55   0 0.00    M    M 11.8 18 200   M    M   4        30 240
11  30  18  24   1  41   0 0.00    M    M  6.4 13 250   M    M   1        19 230
12  23  13  18  -5  47   0    T    M    0 11.9 24 350   M    M   8        31 340
13  20   7  14  -9  51   0    T    M    0  7.6 18  60   M    M   9        23  50
14  20   0  10 -12  55   0 0.00  0.0    0  7.6 14 230   M    M   7        19 230
15  35  19  27   5  38   0 0.00  0.0    0 10.4 18 260   M    M   5        26 270
16  32  27  30   8  35   0 0.00  0.0    0  9.1 18 150   M    M   8        24 140
17  44  31  38  16  27   0 0.00  0.0    0 13.8 24 220   M    M   3 18     32 240
18  42  35  39  17  26   0 0.00  0.0    0  8.9 18 300   M    M   9        26 310
19  35  29  32  10  33   0 0.00  0.0    M  6.3 10  50   M    M   9        12  40
20  35  30  33  11  32   0 0.06    M    M 11.6 18  40   M    M  10 1      23  40
21  32  27  30   8  35   0 0.02    M    M  7.8 17 360   M    M  10 1      21  10
22  33  27  30   8  35   0 0.00  0.0    0  7.2 17 230   M    M   9 8      25 220
23  32  27  30   8  35   0    T    M    0 12.3 21 220   M    M   8 8      27 230
24  42  30  36  14  29   0 0.00  0.0    0  6.9 14 260   M    M   9        18 240
25  34  23  29   7  36   0    T    M    0 16.9 26  40   M    M   7 1      34  30
26  28  17  23   1  42   0    T    M    M  4.9 12 130   M    M   9 18     14 150
27  30  24  27   5  38   0    T    M    M  6.7 14  60   M    M   7 18     16  50
28  34  18  26   4  39   0    T    M    M 11.1 26 160   M    M   2        35 160
================================================================================
SM  777  433      1209   0  0.49     0.0 274.7          M      167
================================================================================
AV 27.8 15.5                               9.8 FASTST   M    M   6    MAX(MPH)
                                 MISC ---->  # 26  40               # 36  310
================================================================================
NOTES:
# LAST OF SEVERAL OCCURRENCES

COLUMN 17 PEAK WIND IN M.P.H.

PRELIMINARY LOCAL CLIMATOLOGICAL DATA (WS FORM: F-6) , PAGE 2

                                          STATION:  RACINE WI
                                          MONTH:    JANUARY
                                          YEAR:     2015
                                          LATITUDE:   42 45 N
                                          LONGITUDE:  87 49 W

[TEMPERATURE DATA]      [PRECIPITATION DATA]       SYMBOLS USED IN COLUMN 16

AVERAGE MONTHLY: 21.6   TOTAL FOR MONTH:   0.49    1 = FOG OR MIST
DPTR FM NORMAL:  -1.0   DPTR FM NORMAL:   -0.60    2 = FOG REDUCING VISIBILITY
HIGHEST:    44 ON 17    GRTST 24HR  0.41 ON  3- 4      TO 1/4 MILE OR LESS
LOWEST:     -8 ON  8, 5                            3 = THUNDER
                        SNOW, ICE PELLETS, HAIL    4 = ICE PELLETS
                        TOTAL MONTH:   0.0 INCH    5 = HAIL
                        GRTST 24HR     0.0         6 = FREEZING RAIN OR DRIZZLE
                        GRTST DEPTH:   0           7 = DUSTSTORM OR SANDSTORM:
                                                       VSBY 1/2 MILE OR LESS
                                                   8 = SMOKE OR HAZE
[NO. OF DAYS WITH]      [WEATHER - DAYS WITH]      9 = BLOWING SNOW
                                                   X = TORNADO
MAX 32 OR BELOW:  16    0.01 INCH OR MORE:   4
MAX 90 OR ABOVE:   0    0.10 INCH OR MORE:   1
MIN 32 OR BELOW:  27    0.50 INCH OR MORE:   0
MIN  0 OR BELOW:   8    1.00 INCH OR MORE:   0

[HDD (BASE 65) ]
TOTAL THIS MO.  1209    CLEAR  (SCALE 0-3)   8
DPTR FM NORMAL    22    PTCLDY (SCALE 4-7)  11
TOTAL FM JUL 1  3812    CLOUDY (SCALE 8-10)  9
DPTR FM NORMAL    95

[CDD (BASE 65) ]
TOTAL THIS MO.     0
DPTR FM NORMAL     0    [PRESSURE DATA]
TOTAL FM JAN 1     0    HIGHEST SLP M ON M
DPTR FM NORMAL     0    LOWEST  SLP 29.52 ON 17

[REMARKS]
