000
CXUS53 KMKX 290650
CF6RAC
PRELIMINARY LOCAL CLIMATOLOGICAL DATA (WS FORM: F-6)

                                          STATION:   RACINE WI
                                          MONTH:     JUNE
                                          YEAR:      2015
                                          LATITUDE:   42 45 N
                                          LONGITUDE:  87 49 W

  TEMPERATURE IN F:       :PCPN:    SNOW:  WIND      :SUNSHINE: SKY     :PK WND
================================================================================
1   2   3   4   5  6A  6B    7    8   9   10  11  12  13   14  15   16   17  18
                                     12Z  AVG MX 2MIN
DY MAX MIN AVG DEP HDD CDD  WTR  SNW DPTH SPD SPD DIR MIN PSBL S-S WX    SPD DR
================================================================================

 1  57  41  49 -11  16   0 0.00  0.0    0  8.7 17  40   M    M   0        22  40
 2  65  40  53  -8  12   0 0.00  0.0    0  5.3 12 120   M    M   0        14 150
 3  68  48  58  -3   7   0 0.00  0.0    0  7.7 16 140   M    M   0        20 130
 4  82  55  69   7   0   4 0.00  0.0    0  6.8 16 210   M    M   4 8      21 220
 5  62  49  56  -6   9   0 0.00  0.0    0 14.3 23  10   M    M   6 12     30  10
 6  63  48  56  -6   9   0 0.00  0.0    0  6.9 16  10   M    M   4        22  20
 7  81  52  67   4   0   2 0.17  0.0    0  9.9 25 220   M    M   4 138    33 220
 8  82  59  71   8   0   6 0.06  0.0    0  7.3 25  30   M    M   2 13     32  30
 9  84  59  72   8   0   7 0.00  0.0    0  8.1 16 220   M    M   2 38     23 210
10  84  57  71   7   0   6 0.00  0.0    0  8.2 18 300   M    M   0        25 300
11  65  53  59  -5   6   0 0.31  0.0    0 10.0 22 350   M    M   4 1      28 350
12  57  52  55 -10  10   0 0.36  0.0    0  9.0 20 360   M    M   9 123    24  20
13  73  55  64  -1   1   0 0.38  0.0    0  3.9 13 140   M    M   8 123    21 120
14  78  56  67   1   0   2 0.30  0.0    0  3.1 10  10   M    M   8 128    13 360
15  80  61  71   5   0   6 0.38    M    M  4.7 15  10   M    M   7 1      19  10
16  65  51  58  -8   7   0    T  0.0    0  9.9 20  20   M    M   1        26 360
17  69  50  60  -7   5   0 0.00    M    M  5.2 10 110   M    M   2        14  70
18  83  53  68   1   0   3 0.00  0.0    0 10.5 23 360   M    M   4 18     32 360
19  63  50  57 -10   8   0 0.00  0.0    0  9.0 17  10   M    M   0        22  10
20  71  50  61  -7   4   0    T  0.0    0  5.3 17 160   M    M   2        23 150
21  82  63  73   5   0   8 0.00  0.0    0  7.0 17 170   M    M   2        20 160
22  82  63  73   5   0   8 0.44  0.0    0  9.0 33 190   M    M   4 138    50 180
23  77  58  68  -1   0   3 0.00  0.0    0  8.2 18 330   M    M   0        26 330
24  79  57  68  -1   0   3 0.00  0.0    0  5.7 14 160   M    M   2        17 160
25  70  57  64  -5   1   0 0.07  0.0    0  6.0 13  10   M    M   6 18     16  10
26  66  55  61  -8   4   0 0.00    M    M  9.8 17  10   M    M   4 1      24  10
27  72  53  63  -7   2   0 0.00    M    M  9.7 17  10   M    M   1        23  20
28  73  50  62  -8   3   0    T    M    M  4.4 15 100   M    M   2        17 100
================================================================================
SM 2033 1495       104  58  2.47     0.0 213.6          M       88
================================================================================
AV 72.6 53.4                               7.6 FASTST   M    M   3    MAX(MPH)
                                 MISC ---->  # 33 190               # 50  180
================================================================================
NOTES:
# LAST OF SEVERAL OCCURRENCES

COLUMN 17 PEAK WIND IN M.P.H.

PRELIMINARY LOCAL CLIMATOLOGICAL DATA (WS FORM: F-6) , PAGE 2

                                          STATION:  RACINE WI
                                          MONTH:    JUNE
                                          YEAR:     2015
                                          LATITUDE:   42 45 N
                                          LONGITUDE:  87 49 W

[TEMPERATURE DATA]      [PRECIPITATION DATA]       SYMBOLS USED IN COLUMN 16

AVERAGE MONTHLY: 63.0   TOTAL FOR MONTH:   2.47    1 = FOG OR MIST
DPTR FM NORMAL:  -2.5   DPTR FM NORMAL:   -1.25    2 = FOG REDUCING VISIBILITY
HIGHEST:    84 ON 10, 9 GRTST 24HR  0.67 ON 11-12      TO 1/4 MILE OR LESS
LOWEST:     40 ON  2                               3 = THUNDER
                        SNOW, ICE PELLETS, HAIL    4 = ICE PELLETS
                        TOTAL MONTH:   0.0 INCH    5 = HAIL
                        GRTST 24HR     0.0         6 = FREEZING RAIN OR DRIZZLE
                        GRTST DEPTH:   0           7 = DUSTSTORM OR SANDSTORM:
                                                       VSBY 1/2 MILE OR LESS
                                                   8 = SMOKE OR HAZE
[NO. OF DAYS WITH]      [WEATHER - DAYS WITH]      9 = BLOWING SNOW
                                                   X = TORNADO
MAX 32 OR BELOW:   0    0.01 INCH OR MORE:   9
MAX 90 OR ABOVE:   0    0.10 INCH OR MORE:   7
MIN 32 OR BELOW:   0    0.50 INCH OR MORE:   0
MIN  0 OR BELOW:   0    1.00 INCH OR MORE:   0

[HDD (BASE 65) ]
TOTAL THIS MO.   104    CLEAR  (SCALE 0-3)  15
DPTR FM NORMAL    24    PTCLDY (SCALE 4-7)  12
TOTAL FM JUL 1  7281    CLOUDY (SCALE 8-10)  1
DPTR FM NORMAL   387

[CDD (BASE 65) ]
TOTAL THIS MO.    58
DPTR FM NORMAL   -36    [PRESSURE DATA]
TOTAL FM JAN 1    76    HIGHEST SLP M ON M
DPTR FM NORMAL   -34    LOWEST  SLP 29.59 ON M

[REMARKS]
