000
CXUS53 KMKX 210646
CF6RAC
PRELIMINARY LOCAL CLIMATOLOGICAL DATA (WS FORM: F-6)

                                          STATION:   RACINE WI
                                          MONTH:     MAY
                                          YEAR:      2015
                                          LATITUDE:   42 45 N
                                          LONGITUDE:  87 49 W

  TEMPERATURE IN F:       :PCPN:    SNOW:  WIND      :SUNSHINE: SKY     :PK WND
================================================================================
1   2   3   4   5  6A  6B    7    8   9   10  11  12  13   14  15   16   17  18
                                     12Z  AVG MX 2MIN
DY MAX MIN AVG DEP HDD CDD  WTR  SNW DPTH SPD SPD DIR MIN PSBL S-S WX    SPD DR
================================================================================

 1  60  38  49  -1  16   0 0.00    M    M  6.5 12 140   M    M   0        15 130
 2  73  49  61  11   4   0 0.00    M    M  8.1 18 160   M    M   4        22 170
 3  80  56  68  18   0   3    T    M    M 10.0 24 210   M    M   5        33 200
 4  69  49  59   8   6   0 0.00  0.0    0  7.5 21 270   M    M   2        26 270
 5  52  45  49  -2  16   0 0.66    M    0  8.7 18  50   M    M  10 1      24  40
 6  61  45  53   2  12   0 0.00  0.0    0  4.2  9  40   M    M   9 128    11  80
 7  74  44  59   7   6   0 0.00  0.0    0  8.4 21 160   M    M   1 18     27 230
 8  79  59  69  17   0   4 1.56  0.0    0  7.8 17 170   M    M   5 13     23 180
 9  60  45  53   1  12   0 0.11    M    0 16.5 26 360   M    M   9 1      33  10
10  45  41  43 -10  22   0 0.10    M    0 16.1 23  10   M    M  10 123    30 360
11  69  45  57   4   8   0 0.15    M    M  6.9  8 170   M    M   8 12     11 170
12  55  44  50  -3  15   0 0.01    M    0   M   M   M   M    M   9         M  M
13  50  35  43 -11  22   0 0.00  0.0    0  5.5 10  10   M    M   1        14  60
14  58  41  50  -4  15   0 0.12    M    0 10.3 16 130   M    M   3        23 140
15  75  47  61   7   4   0    T    M    0  6.0 15 260   M    M   7 18     19 260
16  68  50  59   4   6   0 0.04  0.0    0  4.2  9 130   M    M   7 128    12  40
17  73  51  62   7   3   0    T  0.0    0 10.8 23 170   M    M   6 128    33 160
18  78  49  64   9   1   0 0.00  0.0    0 13.5 24 260   M    M   1        33 260
19  50  36  43 -13  22   0 0.00  0.0    0  8.6 18 350   M    M   8        25 340
20  50  37  44 -12  21   0 0.00    M    M  3.9 10 260   M    M   5        13 260
================================================================================
SM 1279  906       211   7  2.75     0.0 163.5          M      110
================================================================================
AV 64.0 45.3                               8.6 FASTST   M    M   6    MAX(MPH)
                                 MISC ---->  # 26 360               # 33  200
================================================================================
NOTES:
# LAST OF SEVERAL OCCURRENCES

COLUMN 17 PEAK WIND IN M.P.H.

PRELIMINARY LOCAL CLIMATOLOGICAL DATA (WS FORM: F-6) , PAGE 2

                                          STATION:  RACINE WI
                                          MONTH:    MAY
                                          YEAR:     2015
                                          LATITUDE:   42 45 N
                                          LONGITUDE:  87 49 W

[TEMPERATURE DATA]      [PRECIPITATION DATA]       SYMBOLS USED IN COLUMN 16

AVERAGE MONTHLY: 54.6   TOTAL FOR MONTH:   2.75    1 = FOG OR MIST
DPTR FM NORMAL:   1.8   DPTR FM NORMAL:    0.54    2 = FOG REDUCING VISIBILITY
HIGHEST:    80 ON  3    GRTST 24HR  1.67 ON  8- 9      TO 1/4 MILE OR LESS
LOWEST:     35 ON 13                               3 = THUNDER
                        SNOW, ICE PELLETS, HAIL    4 = ICE PELLETS
                        TOTAL MONTH:   0.0 INCH    5 = HAIL
                        GRTST 24HR     0.0         6 = FREEZING RAIN OR DRIZZLE
                        GRTST DEPTH:   0           7 = DUSTSTORM OR SANDSTORM:
                                                       VSBY 1/2 MILE OR LESS
                                                   8 = SMOKE OR HAZE
[NO. OF DAYS WITH]      [WEATHER - DAYS WITH]      9 = BLOWING SNOW
                                                   X = TORNADO
MAX 32 OR BELOW:   0    0.01 INCH OR MORE:   8
MAX 90 OR ABOVE:   0    0.10 INCH OR MORE:   6
MIN 32 OR BELOW:   0    0.50 INCH OR MORE:   2
MIN  0 OR BELOW:   0    1.00 INCH OR MORE:   1

[HDD (BASE 65) ]
TOTAL THIS MO.   211    CLEAR  (SCALE 0-3)   6
DPTR FM NORMAL   -36    PTCLDY (SCALE 4-7)   7
TOTAL FM JUL 1  7116    CLOUDY (SCALE 8-10)  7
DPTR FM NORMAL   388

[CDD (BASE 65) ]
TOTAL THIS MO.     7
DPTR FM NORMAL     4    [PRESSURE DATA]
TOTAL FM JAN 1     7    HIGHEST SLP M ON M
DPTR FM NORMAL     3    LOWEST  SLP 29.68 ON 17

[REMARKS]
