000
CXUS53 KMKX 300659
CF6RAC
PRELIMINARY LOCAL CLIMATOLOGICAL DATA (WS FORM: F-6)

                                          STATION:   RACINE WI
                                          MONTH:     APRIL
                                          YEAR:      2016
                                          LATITUDE:   42 45 N
                                          LONGITUDE:  87 49 W

  TEMPERATURE IN F:       :PCPN:    SNOW:  WIND      :SUNSHINE: SKY     :PK WND
================================================================================
1   2   3   4   5  6A  6B    7    8   9   10  11  12  13   14  15   16   17  18
                                     12Z  AVG MX 2MIN
DY MAX MIN AVG DEP HDD CDD  WTR  SNW DPTH SPD SPD DIR MIN PSBL S-S WX    SPD DR
================================================================================

 1  50  36  43   3  22   0 0.07    M    M  6.0 21 240   M    M   8        29 260
 2  39  26  33  -7  32   0 0.03    M    M 12.3 31 330   M    M   6 128    40 320
 3  71  26  49   8  16   0    T    M    M 16.3 32  10   M    M   5        44  20
 4  35  25  30 -11  35   0    T    M    M 13.8 28  10   M    M   9        37 360
 5  41  21  31 -11  34   0 0.04    M    0 11.0 23 160   M    M   4        31 160
 6  48  38  43   1  22   0 0.70    M    0  9.7 22 170   M    M  10 13     30 160
 7  39  34  37  -5  28   0 0.05    M    0  9.2 20 340   M    M  10 1      24 350
 8  41  25  33  -9  32   0 0.13    M    0 10.3 31  10   M    M   9 18     39  20
 9  34  21  28 -15  37   0 0.00  0.0    0 12.2 21 160   M    M   1        27 170
10  50  34  42  -1  23   0 0.31    M    0 14.1 28 160   M    M  10        36 140
11  50  34  42  -1  23   0 0.00  0.0    0  9.9 22 310   M    M   2 1      31 310
12  41  30  36  -8  29   0 0.00    M    M  7.9 15 120   M    M   1        19 120
13  46  37  42  -2  23   0 0.00    M    M  7.9 16 110   M    M   9        19 110
14  53  36  45   1  20   0 0.00    M    M  7.0 16 160   M    M   0        22 170
15  57  35  46   1  19   0 0.00  0.0    0  6.7 13 140   M    M   0        18 130
16  66  37  52   7  13   0 0.00  0.0    0  4.0  9  40   M    M   0        11 110
17  65  40  53   8  12   0 0.00  0.0    0  2.4  8 110   M    M   0        10 110
18  75  42  59  13   6   0 0.00  0.0    0  6.6 23  10   M    M   0        30 360
19  50  40  45  -1  20   0 0.02    M    0 13.5 23  20   M    M   6        28  10
20  58  44  51   5  14   0 0.11    M    0  7.1 16 120   M    M   5 1      20 110
21  65  47  56   9   9   0 0.01    M    0  5.9 13 170   M    M   5 128    16 160
22  54  40  47   0  18   0 0.00  0.0    0 17.2 29  10   M    M   5 128    38  10
23  51  39  45  -2  20   0 0.00  0.0    0  7.0 14  20   M    M   0        20  10
24  61  36  49   1  16   0 0.00  0.0    0  8.1 18 150   M    M   2        22 150
25  77  47  62  14   3   0 0.17    M    0 10.4 26 210   M    M   5 1238   35 200
26  47  40  44  -4  21   0 0.00  0.0    0 16.0 25  10   M    M  10 1      33  20
27  49  40  45  -4  20   0 0.12  0.0    0 14.1 22  30   M    M   4        29  30
28  48  39  44  -5  21   0 0.33  0.0    0 12.1 22  70   M    M  10 18     27  70
29  48  40  44  -5  21   0 0.01    M    M  9.3 18  30   M    M   7 1      23  20
================================================================================
SM 1509 1029       609   0  2.10     0.0 288.0          M      143
================================================================================
AV 52.0 35.5                               9.9 FASTST   M    M   5    MAX(MPH)
                                 MISC ---->  # 32  10               # 44   20
================================================================================
NOTES:
# LAST OF SEVERAL OCCURRENCES

COLUMN 17 PEAK WIND IN M.P.H.

PRELIMINARY LOCAL CLIMATOLOGICAL DATA (WS FORM: F-6) , PAGE 2

                                          STATION:  RACINE WI
                                          MONTH:    APRIL
                                          YEAR:     2016
                                          LATITUDE:   42 45 N
                                          LONGITUDE:  87 49 W

[TEMPERATURE DATA]      [PRECIPITATION DATA]       SYMBOLS USED IN COLUMN 16

AVERAGE MONTHLY: 43.8   TOTAL FOR MONTH:   2.10    1 = FOG OR MIST
DPTR FM NORMAL:  -0.9   DPTR FM NORMAL:   -1.31    2 = FOG REDUCING VISIBILITY
HIGHEST:    77 ON 25    GRTST 24HR  0.91 ON 31- 1      TO 1/4 MILE OR LESS
LOWEST:     21 ON  9, 5                            3 = THUNDER
                        SNOW, ICE PELLETS, HAIL    4 = ICE PELLETS
                        TOTAL MONTH:   0.0 INCH    5 = HAIL
                        GRTST 24HR     0.0         6 = FREEZING RAIN OR DRIZZLE
                        GRTST DEPTH:   0           7 = DUSTSTORM OR SANDSTORM:
                                                       VSBY 1/2 MILE OR LESS
                                                   8 = SMOKE OR HAZE
[NO. OF DAYS WITH]      [WEATHER - DAYS WITH]      9 = BLOWING SNOW
                                                   X = TORNADO
MAX 32 OR BELOW:   0    0.01 INCH OR MORE:  14
MAX 90 OR ABOVE:   0    0.10 INCH OR MORE:   7
MIN 32 OR BELOW:   7    0.50 INCH OR MORE:   1
MIN  0 OR BELOW:   0    1.00 INCH OR MORE:   0

[HDD (BASE 65) ]
TOTAL THIS MO.   609    CLEAR  (SCALE 0-3)  10
DPTR FM NORMAL    19    PTCLDY (SCALE 4-7)  11
TOTAL FM JUL 1  5627    CLOUDY (SCALE 8-10)  8
DPTR FM NORMAL  -838

[CDD (BASE 65) ]
TOTAL THIS MO.     0
DPTR FM NORMAL     0    [PRESSURE DATA]
TOTAL FM JAN 1     0    HIGHEST SLP M ON M
DPTR FM NORMAL     0    LOWEST  SLP 29.45 ON  3

[REMARKS]
