000
CXUS53 KMKX 230652
CF6RAC
PRELIMINARY LOCAL CLIMATOLOGICAL DATA (WS FORM: F-6)

                                          STATION:   RACINE WI
                                          MONTH:     AUGUST
                                          YEAR:      2016
                                          LATITUDE:   42 45 N
                                          LONGITUDE:  87 49 W

  TEMPERATURE IN F:       :PCPN:    SNOW:  WIND      :SUNSHINE: SKY     :PK WND
================================================================================
1   2   3   4   5  6A  6B    7    8   9   10  11  12  13   14  15   16   17  18
                                     12Z  AVG MX 2MIN
DY MAX MIN AVG DEP HDD CDD  WTR  SNW DPTH SPD SPD DIR MIN PSBL S-S WX    SPD DR
================================================================================

 1  80  62  71  -1   0   6 0.00  0.0    0  4.5 13 100   M    M   0 1      16 100
 2  83  63  73   1   0   8 0.00    M    M  4.9 14 140   M    M   1        17 110
 3  88  70  79   7   0  14 0.00    M    M  5.0 16 140   M    M   1 3      21 140
 4  90  70  80   8   0  15 0.05    M    M  8.4 21 220   M    M   0 1      29 230
 5  83  68  76   4   0  11 0.01  0.0    0  5.4 17 240   M    M   5        24 230
 6  82  63  73   1   0   8 0.00  0.0    0  5.8 12 120   M    M   1        15  60
 7  80  63  72   1   0   7 0.00  0.0    0  6.5 15 100   M    M   3        20  90
 8  81  61  71   0   0   6 0.00  0.0    0  6.2 13 110   M    M   2 8      17 100
 9  86  70  78   7   0  13 0.00  0.0    0  6.9 16 160   M    M   3        20 170
10  87  69  78   7   0  13 0.00  0.0    0  6.2 15 160   M    M   1        20 130
11  94  72  83  12   0  18 0.00  0.0    0  9.5 24 230   M    M   1 3      31 200
12  81  74  78   7   0  13 0.83  0.0    0  5.1 17 210   M    M   9 13     24 210
13  84  68  76   5   0  11 0.01  0.0    0  6.2 15 310   M    M   6 1      19 310
14  85  65  75   4   0  10 0.00  0.0    0  5.4 15  90   M    M   2        18 100
15  80  64  72   1   0   7 0.01  0.0    0  6.7 13 130   M    M   3        16 110
16  86  71  79   8   0  14 0.02  0.0    0  7.2 13 180   M    M   2        20  40
17  86  67  77   7   0  12 0.08  0.0    0  6.7 15 290   M    M   4        20 280
18  85  70  78   8   0  13 0.00  0.0    0  6.2 16 160   M    M   2 12     22 250
19  86  68  77   7   0  12 0.31    M    M  7.0 17 220   M    M   3 13     21 220
20  79  62  71   1   0   6 0.47    M    M  9.2 25 220   M    M   5 13     36 210
21  74  58  66  -4   0   1 0.00    M    M  8.3 16 320   M    M   3        23 270
22  77  55  66  -4   0   1 0.00    M    M  7.6 17 170   M    M   0        22 170
================================================================================
SM 1837 1453         0 219  1.79     0.0 144.9          M       57
================================================================================
AV 83.5 66.0                               6.6 FASTST   M    M   3    MAX(MPH)
                                 MISC ---->  # 25 220               # 36  210
================================================================================
NOTES:
# LAST OF SEVERAL OCCURRENCES

COLUMN 17 PEAK WIND IN M.P.H.

PRELIMINARY LOCAL CLIMATOLOGICAL DATA (WS FORM: F-6) , PAGE 2

                                          STATION:  RACINE WI
                                          MONTH:    AUGUST
                                          YEAR:     2016
                                          LATITUDE:   42 45 N
                                          LONGITUDE:  87 49 W

[TEMPERATURE DATA]      [PRECIPITATION DATA]       SYMBOLS USED IN COLUMN 16

AVERAGE MONTHLY: 74.8   TOTAL FOR MONTH:   1.79    1 = FOG OR MIST
DPTR FM NORMAL:   3.8   DPTR FM NORMAL:   -1.05    2 = FOG REDUCING VISIBILITY
HIGHEST:    94 ON 11    GRTST 24HR  0.84 ON 12-13      TO 1/4 MILE OR LESS
LOWEST:     55 ON 22                               3 = THUNDER
                        SNOW, ICE PELLETS, HAIL    4 = ICE PELLETS
                        TOTAL MONTH:   0.0 INCH    5 = HAIL
                        GRTST 24HR     0.0         6 = FREEZING RAIN OR DRIZZLE
                        GRTST DEPTH:   0           7 = DUSTSTORM OR SANDSTORM:
                                                       VSBY 1/2 MILE OR LESS
                                                   8 = SMOKE OR HAZE
[NO. OF DAYS WITH]      [WEATHER - DAYS WITH]      9 = BLOWING SNOW
                                                   X = TORNADO
MAX 32 OR BELOW:   0    0.01 INCH OR MORE:   9
MAX 90 OR ABOVE:   2    0.10 INCH OR MORE:   3
MIN 32 OR BELOW:   0    0.50 INCH OR MORE:   1
MIN  0 OR BELOW:   0    1.00 INCH OR MORE:   0

[HDD (BASE 65) ]
TOTAL THIS MO.     0    CLEAR  (SCALE 0-3)  15
DPTR FM NORMAL     0    PTCLDY (SCALE 4-7)   6
TOTAL FM JUL 1     5    CLOUDY (SCALE 8-10)  1
DPTR FM NORMAL    -4

[CDD (BASE 65) ]
TOTAL THIS MO.   219
DPTR FM NORMAL    81    [PRESSURE DATA]
TOTAL FM JAN 1   678    HIGHEST SLP M ON M
DPTR FM NORMAL   196    LOWEST  SLP 29.59 ON 20

[REMARKS]
