000
CXUS53 KMPX 231000
CF6RWF
PRELIMINARY LOCAL CLIMATOLOGICAL DATA (WS FORM: F-6)

                                          STATION:   REDWOOD FALLS MN
                                          MONTH:     NOVEMBER
                                          YEAR:      2017
                                          LATITUDE:   44 32 N
                                          LONGITUDE:  95  5 W

  TEMPERATURE IN F:       :PCPN:    SNOW:  WIND      :SUNSHINE: SKY     :PK WND
================================================================================
1   2   3   4   5  6A  6B    7    8   9   10  11  12  13   14  15   16   17  18
                                     12Z  AVG MX 2MIN
DY MAX MIN AVG DEP HDD CDD  WTR  SNW DPTH SPD SPD DIR MIN PSBL S-S WX    SPD DR
================================================================================

 1  40  31  36  -5  29   0    M    M    M 12.5 25 160   M    M  10 1      31 160
 2  41  31  36  -4  29   0    M    M    M 10.1 17 320   M    M   8        24 320
 3  34  26  30 -10  35   0    M    M    M  7.5 20  90   M    M   7        23  90
 4  42  33  38  -1  27   0    M    M    M  8.8 16 160   M    M  10 1      19 150
 5  42  21  32  -6  33   0    M    M    M 11.8 21 320   M    M  10 1      32 320
 6  29  19  24 -14  41   0    M    M    M  2.4  9 240   M    M   7 18     11 250
 7  33  26  30  -7  35   0    M    M    M  8.0 17 260   M    M   8        23 260
 8  46  25  36  -1  29   0    M    M    M  8.1 16 340   M    M   2        23 340
 9  27  11  19 -17  46   0    M    M    M 11.9 22 320   M    M   2        31 320
10  29  11  20 -16  45   0    M    M    M 16.8 28 150   M    M   7        32 140
11  49  22  36   1  29   0    M    M    M  7.5 17 180   M    M   2        23 180
12  40  23  32  -2  33   0    M    M    M  5.6 10 160   M    M   3 18     14 340
13  50  23  37   3  28   0    M    M    M 13.2 28 180   M    M   4 18     34 180
14  48  42  45  12  20   0    M    M    M 10.2 18 140   M    M  10 18     23 160
15  46  23  35   3  30   0    M    M    M 15.8 26 320   M    M   6 1      37 300
16  34  23  29  -3  36   0    M    M    M 13.8 28 150   M    M   7        35 160
17  49  34  42  11  23   0    M    M    M 11.2 28 150   M    M   3        35 150
18  34  18  26  -5  39   0    M    M    M 12.7 24 320   M    M   2        36 340
19  51  17  34   4  31   0    M    M    M  9.5 18 260   M    M   0        24 260
20  50  25  38   9  27   0    M    M    M 10.2 20 310   M    M   0        27 320
21  37  15  26  -3  39   0    M    M    M 16.2 30 320   M    M   2        43 320
22  37  10  24  -4  41   0    M    M    M  9.9 22 180   M    M   3        26 180
================================================================================
SM  888  509       725   0    M     M    233.7          M      113
================================================================================
AV 40.4 23.1                              10.6 FASTST   M    M   5    MAX(MPH)
                                 MISC ---->  # 30 320               # 43  320
================================================================================
NOTES:
# LAST OF SEVERAL OCCURRENCES

COLUMN 17 PEAK WIND IN M.P.H.

PRELIMINARY LOCAL CLIMATOLOGICAL DATA (WS FORM: F-6) , PAGE 2

                                          STATION:  REDWOOD FALLS MN
                                          MONTH:    NOVEMBER
                                          YEAR:     2017
                                          LATITUDE:   44 32 N
                                          LONGITUDE:  95  5 W

[TEMPERATURE DATA]      [PRECIPITATION DATA]       SYMBOLS USED IN COLUMN 16

AVERAGE MONTHLY: 31.8   TOTAL FOR MONTH:      M    1 = FOG OR MIST
DPTR FM NORMAL:  -2.8   DPTR FM NORMAL:       M    2 = FOG REDUCING VISIBILITY
HIGHEST:    51 ON 19    GRTST 24HR  0.00 ON 31- 1      TO 1/4 MILE OR LESS
LOWEST:     10 ON 22                               3 = THUNDER
                        SNOW, ICE PELLETS, HAIL    4 = ICE PELLETS
                        TOTAL MONTH:    M          5 = HAIL
                        GRTST 24HR    M  ON   M    6 = FREEZING RAIN OR DRIZZLE
                        GRTST DEPTH:  M  ON   M    7 = DUSTSTORM OR SANDSTORM:
                                                       VSBY 1/2 MILE OR LESS
                                                   8 = SMOKE OR HAZE
[NO. OF DAYS WITH]      [WEATHER - DAYS WITH]      9 = BLOWING SNOW
                                                   X = TORNADO
MAX 32 OR BELOW:   3    0.01 INCH OR MORE:   0
MAX 90 OR ABOVE:   0    0.10 INCH OR MORE:   0
MIN 32 OR BELOW:  19    0.50 INCH OR MORE:   0
MIN  0 OR BELOW:   0    1.00 INCH OR MORE:   0

[HDD (BASE 65) ]
TOTAL THIS MO.   725    CLEAR  (SCALE 0-3)   9
DPTR FM NORMAL    55    PTCLDY (SCALE 4-7)   9
TOTAL FM JUL 1  1277    CLOUDY (SCALE 8-10)  4
DPTR FM NORMAL  -125

[CDD (BASE 65) ]
TOTAL THIS MO.     0
DPTR FM NORMAL     0    [PRESSURE DATA]
TOTAL FM JAN 1   678    HIGHEST SLP M ON M
DPTR FM NORMAL     9    LOWEST  SLP 29.46 ON 20

[REMARKS]
