000
CXUS53 KMPX 291000
CF6RWF
PRELIMINARY LOCAL CLIMATOLOGICAL DATA (WS FORM: F-6)

                                          STATION:   REDWOOD FALLS MN
                                          MONTH:     MARCH
                                          YEAR:      2017
                                          LATITUDE:   44 32 N
                                          LONGITUDE:  95  5 W

  TEMPERATURE IN F:       :PCPN:    SNOW:  WIND      :SUNSHINE: SKY     :PK WND
================================================================================
1   2   3   4   5  6A  6B    7    8   9   10  11  12  13   14  15   16   17  18
                                     12Z  AVG MX 2MIN
DY MAX MIN AVG DEP HDD CDD  WTR  SNW DPTH SPD SPD DIR MIN PSBL S-S WX    SPD DR
================================================================================

 1  36  24  30   5  35   0    M    M    M 12.1 22 320   M    M   9        30 310
 2  30  17  24  -1  41   0    M    M    M  9.0 18 320   M    M   2        24 330
 3  32  12  22  -4  43   0    M    M    M 12.3 24 140   M    M   5 8      30 140
 4  45  23  34   8  31   0    M    M    M 18.7 35 130   M    M   0        42 140
 5  65  35  50  24  15   0    M    M    M 14.0 29 150   M    M   1        34 140
 6  74  32  53  26  12   0    M    M    M 22.0 39 200   M    M   7 3      50 190
 7  49  28  39  12  26   0    M    M    M 25.5 39 280   M    M   3 1      53 280
 8  36  26  31   3  34   0    M    M    M 19.2 41 280   M    M   2        57 280
 9  32  11  22  -6  43   0    M    M    M  9.4 21 320   M    M   7        30 320
10  20   3  12 -17  53   0    M    M    M  7.6 21 320   M    M   3        29 310
11  24  14  19 -10  46   0    M    M    M  5.3 12  70   M    M  10        16  50
12  20  11  16 -14  49   0    M    M    M 10.7 20  80   M    M   7 128    29  90
13  24  10  17 -13  48   0    M    M    M 13.6 55 210   M    M   4        77 210
14  22  -2  10 -20  55   0    M    M    M   M   M   M   M    M   0         M  M
15  27  -5  11 -20  54   0    M    M    M 13.1 18 150   M    M   2        22 150
16  37  21  29  -2  36   0    M    M    M 16.2 24 140   M    M   5        29 130
17  44  29  37   5  28   0    M    M    M 16.1 35 290   M    M   7 128    44 320
18  44  28  36   4  29   0    M    M    M  9.6 22 320   M    M   5        33 330
19  65  33  49  16  16   0    M    M    M 14.7 30 160   M    M   0        37 160
20  56  35  46  13  19   0    M    M    M  7.8 14 340   M    M   3        21 340
21  41  24  33  -1  32   0    M    M    M 10.5 18 330   M    M   0        27 340
22  37  20  29  -5  36   0    M    M    M 14.7 23 150   M    M   7        28 150
23  44  36  40   5  25   0    M    M    M 15.6 28 150   M    M  10 18     34 150
24  45  37  41   6  24   0    M    M    M  8.7 16  20   M    M  10 1      22  20
25  43  36  40   4  25   0    M    M    M  8.1 14  50   M    M  10 8      21  50
26  46  36  41   5  24   0    M    M    M  4.4 10  90   M    M  10 1      15  30
27  59  39  49  12  16   0    M    M    M  3.9  9  80   M    M   5        13  60
28  64  37  51  14  14   0    M    M    M  4.6 13  80   M    M   3 8      17  70
================================================================================
SM 1161  650       909   0    M     M    327.4          M      137
================================================================================
AV 41.5 23.2                              12.1 FASTST   M    M   5    MAX(MPH)
                                 MISC ---->  # 55 210               # 77  210
================================================================================
NOTES:
# LAST OF SEVERAL OCCURRENCES

COLUMN 17 PEAK WIND IN M.P.H.

PRELIMINARY LOCAL CLIMATOLOGICAL DATA (WS FORM: F-6) , PAGE 2

                                          STATION:  REDWOOD FALLS MN
                                          MONTH:    MARCH
                                          YEAR:     2017
                                          LATITUDE:   44 32 N
                                          LONGITUDE:  95  5 W

[TEMPERATURE DATA]      [PRECIPITATION DATA]       SYMBOLS USED IN COLUMN 16

AVERAGE MONTHLY: 32.3   TOTAL FOR MONTH:      M    1 = FOG OR MIST
DPTR FM NORMAL:   1.6   DPTR FM NORMAL:       M    2 = FOG REDUCING VISIBILITY
HIGHEST:    74 ON  6    GRTST 24HR    M  ON   M        TO 1/4 MILE OR LESS
LOWEST:     -5 ON 15                               3 = THUNDER
                        SNOW, ICE PELLETS, HAIL    4 = ICE PELLETS
                        TOTAL MONTH:    M          5 = HAIL
                        GRTST 24HR    M  ON   M    6 = FREEZING RAIN OR DRIZZLE
                        GRTST DEPTH:  M  ON   M    7 = DUSTSTORM OR SANDSTORM:
                                                       VSBY 1/2 MILE OR LESS
                                                   8 = SMOKE OR HAZE
[NO. OF DAYS WITH]      [WEATHER - DAYS WITH]      9 = BLOWING SNOW
                                                   X = TORNADO
MAX 32 OR BELOW:   9    0.01 INCH OR MORE:   0
MAX 90 OR ABOVE:   0    0.10 INCH OR MORE:   0
MIN 32 OR BELOW:  19    0.50 INCH OR MORE:   0
MIN  0 OR BELOW:   2    1.00 INCH OR MORE:   0

[HDD (BASE 65) ]
TOTAL THIS MO.   909    CLEAR  (SCALE 0-3)  11
DPTR FM NORMAL   -48    PTCLDY (SCALE 4-7)  11
TOTAL FM JUL 1  5796    CLOUDY (SCALE 8-10)  6
DPTR FM NORMAL -1181

[CDD (BASE 65) ]
TOTAL THIS MO.     0
DPTR FM NORMAL     0    [PRESSURE DATA]
TOTAL FM JAN 1     0    HIGHEST SLP M ON M
DPTR FM NORMAL     0    LOWEST  SLP 29.09 ON  6

[REMARKS]
