000
CXUS54 KMEG 230637
CF6TUP
PRELIMINARY LOCAL CLIMATOLOGICAL DATA (WS FORM: F-6)

                                          STATION:   TUPELO
                                          MONTH:     JULY
                                          YEAR:      2016
                                          LATITUDE:   34 16 N
                                          LONGITUDE:  88 46 W

  TEMPERATURE IN F:       :PCPN:    SNOW:  WIND      :SUNSHINE: SKY     :PK WND
================================================================================
1   2   3   4   5  6A  6B    7    8   9   10  11  12  13   14  15   16   17  18
                                     12Z  AVG MX 2MIN
DY MAX MIN AVG DEP HDD CDD  WTR  SNW DPTH SPD SPD DIR MIN PSBL S-S WX    SPD DR
================================================================================

 1  93  67  80  -1   0  15 0.00  0.0    0  4.2 13 220   M    M   1        17 230
 2  95  71  83   2   0  18 0.00  0.0    0  3.1 12 340   M    M   0        14 330
 3  96  74  85   4   0  20 0.00  0.0    0  4.8 16 190   M    M   1        25 170
 4  96  73  85   4   0  20 0.22  0.0    0  8.4 20 230   M    M   3 13     29 180
 5  89  74  82   1   0  17 0.20  0.0    0  5.8 21 190   M    M   5 13     28 200
 6  93  74  84   3   0  19 0.00  0.0    0  8.1 16 180   M    M   4        23 200
 7  94  78  86   5   0  21 0.00  0.0    0  8.6 20 190   M    M   1        26 180
 8  95  77  86   5   0  21 0.00  0.0    0  5.9 17 220   M    M   1        23 230
 9  95  73  84   3   0  19 0.06  0.0    0  4.9 17 230   M    M   1 3      25 230
10  87  72  80  -1   0  15 0.13  0.0    0  5.7 15 160   M    M   6 13     17 150
11  89  69  79  -3   0  14 0.41  0.0    0  4.7 23 190   M    M   2 13     33 200
12  92  70  81  -1   0  16 0.00  0.0    0  7.2 22 130   M    M   0        27 110
13  95  72  84   2   0  19 0.00  0.0    0  7.1 17 160   M    M   3        21 150
14  91  72  82   0   0  17 0.15  0.0    0  5.4 18 310   M    M   1 3      25 310
15  93  70  82   0   0  17 0.00  0.0    0  4.0 14 160   M    M   1 3      18 150
16  95  73  84   2   0  19 0.00  0.0    0  3.4 15  70   M    M   2 38     24  60
17  93  72  83   1   0  18 0.00  0.0    0  4.2 12 190   M    M   1        14 140
18  95  75  85   3   0  20 0.00  0.0    0  3.7 14  60   M    M   1        17  60
19  94  75  85   3   0  20 0.65  0.0    0  2.7 18  10   M    M   1 3      23  80
20  97  76  87   5   0  22 0.00  0.0    0  3.9 20 150   M    M   0 3      24 140
21  98  74  86   4   0  21 0.00  0.0    0  3.0 10 350   M    M   1 3      13 310
22  98  76  87   5   0  22 0.00  0.0    0  3.1 18 150   M    M   1 3      28 100
================================================================================
SM 2063 1607         0 410  1.82     0.0 111.9          M       37
================================================================================
AV 93.8 73.0                               5.1 FASTST   M    M   2    MAX(MPH)
                                 MISC ---->  # 23 190               # 33  200
================================================================================
NOTES:
# LAST OF SEVERAL OCCURRENCES

COLUMN 17 PEAK WIND IN M.P.H.

PRELIMINARY LOCAL CLIMATOLOGICAL DATA (WS FORM: F-6) , PAGE 2

                                          STATION:  TUPELO
                                          MONTH:    JULY
                                          YEAR:     2016
                                          LATITUDE:   34 16 N
                                          LONGITUDE:  88 46 W

[TEMPERATURE DATA]      [PRECIPITATION DATA]       SYMBOLS USED IN COLUMN 16

AVERAGE MONTHLY: 83.4   TOTAL FOR MONTH:   1.82    1 = FOG OR MIST
DPTR FM NORMAL:   1.9   DPTR FM NORMAL:   -1.00    2 = FOG REDUCING VISIBILITY
HIGHEST:    98 ON 22,21 GRTST 24HR  0.65 ON 19-19      TO 1/4 MILE OR LESS
LOWEST:     67 ON  1                               3 = THUNDER
                        SNOW, ICE PELLETS, HAIL    4 = ICE PELLETS
                        TOTAL MONTH:   0.0 INCH    5 = HAIL
                        GRTST 24HR     0.0         6 = FREEZING RAIN OR DRIZZLE
                        GRTST DEPTH:   0           7 = DUSTSTORM OR SANDSTORM:
                                                       VSBY 1/2 MILE OR LESS
                                                   8 = SMOKE OR HAZE
[NO. OF DAYS WITH]      [WEATHER - DAYS WITH]      9 = BLOWING SNOW
                                                   X = TORNADO
MAX 32 OR BELOW:   0    0.01 INCH OR MORE:   7
MAX 90 OR ABOVE:  19    0.10 INCH OR MORE:   6
MIN 32 OR BELOW:   0    0.50 INCH OR MORE:   1
MIN  0 OR BELOW:   0    1.00 INCH OR MORE:   0

[HDD (BASE 65) ]
TOTAL THIS MO.     0    CLEAR  (SCALE 0-3)  18
DPTR FM NORMAL     0    PTCLDY (SCALE 4-7)   4
TOTAL FM JUL 1     0    CLOUDY (SCALE 8-10)  0
DPTR FM NORMAL     0

[CDD (BASE 65) ]
TOTAL THIS MO.   410
DPTR FM NORMAL    47    [PRESSURE DATA]
TOTAL FM JAN 1  1179    HIGHEST SLP M ON M
DPTR FM NORMAL   144    LOWEST  SLP 29.86 ON  4

[REMARKS]
