000
CXUS54 KMEG 280632
CF6TUP
PRELIMINARY LOCAL CLIMATOLOGICAL DATA (WS FORM: F-6)

                                          STATION:   TUPELO
                                          MONTH:     JULY
                                          YEAR:      2014
                                          LATITUDE:   34 16 N
                                          LONGITUDE:  88 46 W

  TEMPERATURE IN F:       :PCPN:    SNOW:  WIND      :SUNSHINE: SKY     :PK WND
================================================================================
1   2   3   4   5  6A  6B    7    8   9   10  11  12  13   14  15   16   17  18
                                     12Z  AVG MX 2MIN
DY MAX MIN AVG DEP HDD CDD  WTR  SNW DPTH SPD SPD DIR MIN PSBL S-S WX    SPD DR
================================================================================

 1  92  73  83   2   0  18 0.00  0.0    0  5.4 15 220   M    M   1 8      19  10
 2  92  71  82   1   0  17 0.12  0.0    0  4.0 23 270   M    M   0 13     29 270
 3  84  65  75  -6   0  10 0.00  0.0    0  6.5 14  10   M    M   2 1      20  20
 4  82  61  72  -9   0   7 0.00  0.0    0  7.0 15  70   M    M   2        19  20
 5  87  59  73  -8   0   8 0.00  0.0    0  3.5  9  50   M    M   0        14  50
 6  89  63  76  -5   0  11 0.00  0.0    0  2.6 12 210   M    M   1        15 210
 7  91  66  79  -2   0  14 0.00  0.0    0  6.1 14 210   M    M   3        19 290
 8  90  75  83   2   0  18 0.00  0.0    0  8.5 18 280   M    M   1 3      21 270
 9  85  69  77  -4   0  12 0.70  0.0    0  5.6 28  20   M    M   7 13     39  30
10  89  71  80  -1   0  15 0.00  0.0    0  1.8  9  30   M    M   3 12     14  10
11  91  71  81  -1   0  16 0.00  0.0    0  3.1 10  60   M    M   1        13  50
12  92  70  81  -1   0  16 0.00  0.0    0  2.4  9  10   M    M   0 1      12  10
13  93  72  83   1   0  18 0.00  0.0    0  1.9  9 220   M    M   0 18     13 220
14  94  72  83   1   0  18 0.55  0.0    0  6.2 29 360   M    M   1 138    38 350
15  83  65  74  -8   0   9 0.02  0.0    0  7.6 17  30   M    M   6 1      21  30
16  79  59  69 -13   0   4 0.00  0.0    0  7.3 17  50   M    M   2        22  40
17  79  60  70 -12   0   5 0.00  0.0    0  4.6 10  90   M    M   3        13 140
18  70  64  67 -15   0   2 4.61  0.0    0  6.4 18 100   M    M  10 1      23 100
19  75  65  70 -12   0   5 0.06  0.0    0  4.3 12 270   M    M   9 12     16 260
20  84  64  74  -8   0   9 0.00  0.0    0  1.6  9 100   M    M   5 12     11  90
21  86  66  76  -6   0  11    T  0.0    0  4.6 13  50   M    M   0 18     16  20
22  90  70  80  -2   0  15 0.00  0.0    0  3.5 10 140   M    M   2 18     16 130
23  90  73  82   0   0  17 0.00  0.0    0  3.2 14 280   M    M   1 13     19 270
24  87  66  77  -5   0  12 0.00  0.0    0  5.9 18  30   M    M   2        23  20
25  86  62  74  -8   0   9 0.00  0.0    0  2.8 10  30   M    M   0        13  50
26  92  65  79  -3   0  14 0.00  0.0    0  3.5 10 230   M    M   2 1      15 240
27  92  74  83   1   0  18 0.00  0.0    0  5.8 15 270   M    M   1 18     21 290
================================================================================
SM 2344 1811         0 328  6.06     0.0 125.7          M       65
================================================================================
AV 86.8 67.1                               4.7 FASTST   M    M   2    MAX(MPH)
                                 MISC ---->  # 29 360               # 39   30
================================================================================
NOTES:
# LAST OF SEVERAL OCCURRENCES

COLUMN 17 PEAK WIND IN M.P.H.

PRELIMINARY LOCAL CLIMATOLOGICAL DATA (WS FORM: F-6) , PAGE 2

                                          STATION:  TUPELO
                                          MONTH:    JULY
                                          YEAR:     2014
                                          LATITUDE:   34 16 N
                                          LONGITUDE:  88 46 W

[TEMPERATURE DATA]      [PRECIPITATION DATA]       SYMBOLS USED IN COLUMN 16

AVERAGE MONTHLY: 76.9   TOTAL FOR MONTH:   6.06    1 = FOG OR MIST
DPTR FM NORMAL:  -4.7   DPTR FM NORMAL:    2.64    2 = FOG REDUCING VISIBILITY
HIGHEST:    94 ON 14    GRTST 24HR  4.65 ON 18-19      TO 1/4 MILE OR LESS
LOWEST:     59 ON 16, 5                            3 = THUNDER
                        SNOW, ICE PELLETS, HAIL    4 = ICE PELLETS
                        TOTAL MONTH:   0.0 INCH    5 = HAIL
                        GRTST 24HR     0.0         6 = FREEZING RAIN OR DRIZZLE
                        GRTST DEPTH:   0           7 = DUSTSTORM OR SANDSTORM:
                                                       VSBY 1/2 MILE OR LESS
                                                   8 = SMOKE OR HAZE
[NO. OF DAYS WITH]      [WEATHER - DAYS WITH]      9 = BLOWING SNOW
                                                   X = TORNADO
MAX 32 OR BELOW:   0    0.01 INCH OR MORE:   6
MAX 90 OR ABOVE:  12    0.10 INCH OR MORE:   4
MIN 32 OR BELOW:   0    0.50 INCH OR MORE:   3
MIN  0 OR BELOW:   0    1.00 INCH OR MORE:   1

[HDD (BASE 65) ]
TOTAL THIS MO.     0    CLEAR  (SCALE 0-3)  21
DPTR FM NORMAL     0    PTCLDY (SCALE 4-7)   4
TOTAL FM JUL 1     0    CLOUDY (SCALE 8-10)  2
DPTR FM NORMAL     0

[CDD (BASE 65) ]
TOTAL THIS MO.   328
DPTR FM NORMAL  -120    [PRESSURE DATA]
TOTAL FM JAN 1  1022    HIGHEST SLP M ON M
DPTR FM NORMAL   -98    LOWEST  SLP 29.83 ON 14

[REMARKS]
