502
CDUS44 KCRP 100851
CLICRP

CLIMATE REPORT
NATIONAL WEATHER SERVICE CORPUS CHRISTI TX
250 AM CST WED FEB 10 2016


...................................

...THE CORPUS CHRISTI CLIMATE SUMMARY FOR FEBRUARY 9 2016...

CLIMATE NORMAL PERIOD 1981 TO 2010
CLIMATE RECORD PERIOD 1887 TO 2016


WEATHER ITEM   OBSERVED TIME   RECORD YEAR NORMAL DEPARTURE LAST
                VALUE   (LST)  VALUE       VALUE  FROM      YEAR
                                                  NORMAL
..................................................................
TEMPERATURE (F)
 YESTERDAY
  MAXIMUM         75    427 PM  93    1990  70      5       83
                                      1962
  MINIMUM         37    619 AM  25    1933  49    -12       54
  AVERAGE         56                        59     -3       69

PRECIPITATION (IN)
  YESTERDAY        0.00          0.98 1942   0.06  -0.06     0.00
  MONTH TO DATE    T                         0.52  -0.52     0.79
  SINCE DEC 1      2.97                      3.89  -0.92     3.87
  SINCE JAN 1      2.08                      2.06   0.02     2.83

SNOWFALL (IN)
  YESTERDAY        0.0
  MONTH TO DATE    0.0
  SINCE DEC 1      0.0
  SINCE JUL 1      0.0
  SNOW DEPTH       0

DEGREE DAYS
 HEATING
  YESTERDAY        9                         7      2        0
  MONTH TO DATE   72                        67      5       74
  SINCE DEC 1    504                       593    -89      619
  SINCE JUL 1    578                       694   -116      780

 COOLING
  YESTERDAY        0                         2     -2        4
  MONTH TO DATE    6                        11     -5       11
  SINCE DEC 1     97                        90      7       73
  SINCE JAN 1     19                        41    -22       14
..................................................................


WIND (MPH)
  HIGHEST WIND SPEED    17   HIGHEST WIND DIRECTION     N (350)
  HIGHEST GUST SPEED    22   HIGHEST GUST DIRECTION     N (10)
  AVERAGE WIND SPEED     6.6


SKY COVER
  POSSIBLE SUNSHINE  MM
  AVERAGE SKY COVER 0.3


WEATHER CONDITIONS
 THE FOLLOWING WEATHER WAS RECORDED YESTERDAY.
  NO SIGNIFICANT WEATHER WAS OBSERVED.


RELATIVE HUMIDITY (PERCENT)
 HIGHEST    56          1100 PM
 LOWEST     15           100 PM
 AVERAGE    36

..........................................................


THE CORPUS CHRISTI CLIMATE NORMALS FOR TODAY
                         NORMAL    RECORD    YEAR
 MAXIMUM TEMPERATURE (F)   70        90      1957
 MINIMUM TEMPERATURE (F)   50        26      2011


SUNRISE AND SUNSET
FEBRUARY 10 2016......SUNRISE   711 AM CST   SUNSET   617 PM CST
FEBRUARY 11 2016......SUNRISE   711 AM CST   SUNSET   618 PM CST


-  INDICATES NEGATIVE NUMBERS.
R  INDICATES RECORD WAS SET OR TIED.
MM INDICATES DATA IS MISSING.
T  INDICATES TRACE AMOUNT.

$$

CB
