000
CDUS44 KCRP 300034
CLICRP

CLIMATE REPORT
NATIONAL WEATHER SERVICE CORPUS CHRISTI TX
733 PM CDT SUN MAY 29 2016


...................................

...THE CORPUS CHRISTI CLIMATE SUMMARY FOR MAY 29 2016...
VALID TODAY AS OF 700 PM LOCAL TIME.

CLIMATE NORMAL PERIOD 1981 TO 2010
CLIMATE RECORD PERIOD 1887 TO 2016


WEATHER ITEM   OBSERVED TIME   RECORD YEAR NORMAL DEPARTURE LAST
                VALUE   (LST)  VALUE       VALUE  FROM      YEAR
                                                  NORMAL
..................................................................
TEMPERATURE (F)
 TODAY
  MAXIMUM         89   1126 AM  95    2010  89      0       88
  MINIMUM         78    219 AM  61    1973  72      6       67
  AVERAGE         84                        80      4       78

PRECIPITATION (IN)
  TODAY            0.00          2.42 1929   0.11  -0.11     0.76
  MONTH TO DATE    5.81                      2.85   2.96    14.17
  SINCE MAR 1     15.75                      6.58   9.17    26.66
  SINCE JAN 1     18.04                     10.05   7.99    30.11

SNOWFALL (IN)
  TODAY            0.0
  MONTH TO DATE    0.0
  SINCE MAR 1      0.0
  SINCE JUL 1      0.0
  SNOW DEPTH       0

DEGREE DAYS
 HEATING
  TODAY            0                         0      0        0
  MONTH TO DATE    0                         0      0        0
  SINCE MAR 1     21                        98    -77      116
  SINCE JUL 1    640                       898   -258     1053

 COOLING
  TODAY           19                        16      3       13
  MONTH TO DATE  428                       382     46      417
  SINCE MAR 1    926                       734    192      773
  SINCE JAN 1   1003                       810    193      801
..................................................................


WIND (MPH)
  HIGHEST WIND SPEED    22   HIGHEST WIND DIRECTION     E (110)
  HIGHEST GUST SPEED    28   HIGHEST GUST DIRECTION     E (80)


SKY COVER
  POSSIBLE SUNSHINE  MM
  AVERAGE SKY COVER 0.8


WEATHER CONDITIONS
 THE FOLLOWING WEATHER WAS RECORDED TODAY.
  NO SIGNIFICANT WEATHER WAS OBSERVED.


RELATIVE HUMIDITY (PERCENT)
 HIGHEST    91          1200 AM
 LOWEST     59          1100 AM
 AVERAGE    75

..........................................................


THE CORPUS CHRISTI CLIMATE NORMALS FOR TOMORROW
                         NORMAL    RECORD    YEAR
 MAXIMUM TEMPERATURE (F)   89        95      2013
                                             2003
                                             1994
 MINIMUM TEMPERATURE (F)   72        59      1984


SUNRISE AND SUNSET
MAY 29 2016...........SUNRISE   635 AM CDT   SUNSET   820 PM CDT
MAY 30 2016...........SUNRISE   635 AM CDT   SUNSET   821 PM CDT


-  INDICATES NEGATIVE NUMBERS.
R  INDICATES RECORD WAS SET OR TIED.
MM INDICATES DATA IS MISSING.
T  INDICATES TRACE AMOUNT.




$$
