000
CDUS44 KCRP 282136
CLICRP

CLIMATE REPORT
NATIONAL WEATHER SERVICE CORPUS CHRISTI TX
434 PM CDT SUN AUG 28 2016


...................................

...THE CORPUS CHRISTI CLIMATE SUMMARY FOR AUGUST 28 2016...
VALID AS OF 400 PM LOCAL TIME.

CLIMATE NORMAL PERIOD 1981 TO 2010
CLIMATE RECORD PERIOD 1887 TO 2016


WEATHER ITEM   OBSERVED TIME   RECORD YEAR NORMAL DEPARTURE LAST
                VALUE   (LST)  VALUE       VALUE  FROM      YEAR
                                                  NORMAL
..................................................................
TEMPERATURE (F)
 TODAY
  MAXIMUM         95    326 PM 107    2011  94      1       92
  MINIMUM         75    554 AM  68    2015  75      0       68
  AVERAGE         85                        84      1       80

PRECIPITATION (IN)
  TODAY            0.00          5.05 1953   0.14  -0.14     0.00
  MONTH TO DATE    2.62                      2.46   0.16     2.34
  SINCE JUN 1      5.57                      8.61  -3.04     5.16
  SINCE JAN 1     23.79                     18.88   4.91    35.42

SNOWFALL (IN)
  TODAY            0.0
  MONTH TO DATE    0.0
  SINCE JUN 1      0.0
  SINCE JUL 1      0.0
  SNOW DEPTH       0

DEGREE DAYS
 HEATING
  TODAY            0                         0      0        0
  MONTH TO DATE    0                         0      0        0
  SINCE JUN 1      0                         0      0        0
  SINCE JUL 1      0                         0      0        0

 COOLING
  TODAY           20                        19      1       15
  MONTH TO DATE  597                       556     41      592
  SINCE JUN 1   1826                      1665    161     1776
  SINCE JAN 1   2862                      2506    356     2606
..................................................................


WIND (MPH)
  HIGHEST WIND SPEED    18   HIGHEST WIND DIRECTION     N (350)
  HIGHEST GUST SPEED    23   HIGHEST GUST DIRECTION     N (350)


SKY COVER
  POSSIBLE SUNSHINE  MM
  AVERAGE SKY COVER 0.4


WEATHER CONDITIONS
 THE FOLLOWING WEATHER WAS RECORDED TODAY.
  FOG


RELATIVE HUMIDITY (PERCENT)
 HIGHEST    94           400 AM
 LOWEST     46           300 PM
 AVERAGE    70

..........................................................


THE CORPUS CHRISTI CLIMATE NORMALS FOR TOMORROW
                         NORMAL    RECORD    YEAR
 MAXIMUM TEMPERATURE (F)   93       107      2012
 MINIMUM TEMPERATURE (F)   75        67      2015


SUNRISE AND SUNSET
AUGUST 28 2016........SUNRISE   707 AM CDT   SUNSET   754 PM CDT
AUGUST 29 2016........SUNRISE   708 AM CDT   SUNSET   753 PM CDT


-  INDICATES NEGATIVE NUMBERS.
R  INDICATES RECORD WAS SET OR TIED.
MM INDICATES DATA IS MISSING.
T  INDICATES TRACE AMOUNT.




$$
