000
CDUS44 KCRP 210659
CLICRP

CLIMATE REPORT
NATIONAL WEATHER SERVICE CORPUS CHRISTI TX
156 AM CDT THU AUG 21 2014


...................................

...THE CORPUS CHRISTI CLIMATE SUMMARY FOR AUGUST 20 2014...

CLIMATE NORMAL PERIOD 1981 TO 2010
CLIMATE RECORD PERIOD 1887 TO 2014


WEATHER ITEM   OBSERVED TIME   RECORD YEAR NORMAL DEPARTURE LAST
                VALUE   (LST)  VALUE       VALUE  FROM      YEAR
                                                  NORMAL
..................................................................
TEMPERATURE (F)
 YESTERDAY
  MAXIMUM         96    303 PM 100    1999  95      1       84
                                      1948
  MINIMUM         78    625 AM  70    1913  75      3       76
                                      1908
  AVERAGE         87                        85      2       80

PRECIPITATION (IN)
  YESTERDAY        0.00          1.64 1901   0.10  -0.10     0.26
  MONTH TO DATE    1.04                      1.49  -0.45     0.59
  SINCE JUN 1      3.19                      7.64  -4.45     5.66
  SINCE JAN 1     10.29                     17.91  -7.62    10.39

SNOWFALL (IN)
  YESTERDAY        0.0
  MONTH TO DATE    0.0
  SINCE JUN 1      0.0
  SINCE JUL 1      0.0
  SNOW DEPTH       0

DEGREE DAYS
 HEATING
  YESTERDAY        0                         0      0        0
  MONTH TO DATE    0                         0      0        0
  SINCE JUN 1      0                         0      0        0
  SINCE JUL 1      0                         0      0        0

 COOLING
  YESTERDAY       22                        20      2       15
  MONTH TO DATE  439                       400     39      448
  SINCE JUN 1   1666                      1509    157     1763
  SINCE JAN 1   2472                      2350    122     2781
..................................................................


WIND (MPH)
  HIGHEST WIND SPEED    31   HIGHEST WIND DIRECTION    SE (140)
  HIGHEST GUST SPEED    37   HIGHEST GUST DIRECTION     S (160)
  AVERAGE WIND SPEED    17.4


SKY COVER
  POSSIBLE SUNSHINE  MM
  AVERAGE SKY COVER 0.5


WEATHER CONDITIONS
 THE FOLLOWING WEATHER WAS RECORDED YESTERDAY.
  HAZE


RELATIVE HUMIDITY (PERCENT)
 HIGHEST    91           200 AM
 LOWEST     49           100 PM
 AVERAGE    70

..........................................................


THE CORPUS CHRISTI CLIMATE NORMALS FOR TODAY
                         NORMAL    RECORD    YEAR
 MAXIMUM TEMPERATURE (F)   94       100      1997
 MINIMUM TEMPERATURE (F)   75        69      1986


SUNRISE AND SUNSET
AUGUST 21 2014........SUNRISE   703 AM CDT   SUNSET   802 PM CDT
AUGUST 22 2014........SUNRISE   704 AM CDT   SUNSET   801 PM CDT


-  INDICATES NEGATIVE NUMBERS.
R  INDICATES RECORD WAS SET OR TIED.
MM INDICATES DATA IS MISSING.
T  INDICATES TRACE AMOUNT.

$$

GW
