000
CDUS44 KCRP 231224
CLICRP

CLIMATE REPORT
NATIONAL WEATHER SERVICE CORPUS CHRISTI TX
622 AM CST THU FEB 23 2017


...................................

...THE CORPUS CHRISTI CLIMATE SUMMARY FOR FEBRUARY 22 2017...

CLIMATE NORMAL PERIOD 1981 TO 2010
CLIMATE RECORD PERIOD 1887 TO 2017


WEATHER ITEM   OBSERVED TIME   RECORD YEAR NORMAL DEPARTURE LAST
                VALUE   (LST)  VALUE       VALUE  FROM      YEAR
                                                  NORMAL
..................................................................
TEMPERATURE (F)
 YESTERDAY
  MAXIMUM         86    237 PM  89    1980  72     14       82
  MINIMUM         55    753 AM  27    1978  52      3       67
  AVERAGE         71                        62      9       75

PRECIPITATION (IN)
  YESTERDAY        0.00          0.60 1923   0.07  -0.07     0.07
  MONTH TO DATE    2.57                      1.47   1.10     0.07
  SINCE DEC 1      5.04                      4.84   0.20     3.04
  SINCE JAN 1      2.84                      3.01  -0.17     2.15

SNOWFALL (IN)
  YESTERDAY        0.0
  MONTH TO DATE    0.0
  SINCE DEC 1      0.0
  SINCE JUL 1      0.0
  SNOW DEPTH       0

DEGREE DAYS
 HEATING
  YESTERDAY        0                         5     -5        0
  MONTH TO DATE   26                       145   -119       83
  SINCE DEC 1    330                       671   -341      515
  SINCE JUL 1    348                       772   -424      589

 COOLING
  YESTERDAY        6                         2      4       10
  MONTH TO DATE  128                        37     91       47
  SINCE DEC 1    308                       116    192      138
  SINCE JAN 1    220                        67    153       60
..................................................................


WIND (MPH)
  HIGHEST WIND SPEED    16   HIGHEST WIND DIRECTION    SE (130)
  HIGHEST GUST SPEED    17   HIGHEST GUST DIRECTION    SE (130)
  AVERAGE WIND SPEED     5.5


SKY COVER
  POSSIBLE SUNSHINE  MM
  AVERAGE SKY COVER 0.1


WEATHER CONDITIONS
 THE FOLLOWING WEATHER WAS RECORDED YESTERDAY.
  HAZE


RELATIVE HUMIDITY (PERCENT)
 HIGHEST    86           400 AM
 LOWEST     26           200 PM
 AVERAGE    56

..........................................................


THE CORPUS CHRISTI CLIMATE NORMALS FOR TODAY
                         NORMAL    RECORD    YEAR
 MAXIMUM TEMPERATURE (F)   72        88      1917
 MINIMUM TEMPERATURE (F)   52        27      1976


SUNRISE AND SUNSET
FEBRUARY 23 2017......SUNRISE   700 AM CST   SUNSET   627 PM CST
FEBRUARY 24 2017......SUNRISE   659 AM CST   SUNSET   628 PM CST


-  INDICATES NEGATIVE NUMBERS.
R  INDICATES RECORD WAS SET OR TIED.
MM INDICATES DATA IS MISSING.
T  INDICATES TRACE AMOUNT.




$$
