000
CDUS44 KCRP 240827
CLICRP

CLIMATE REPORT
NATIONAL WEATHER SERVICE CORPUS CHRISTI TX
326 AM CDT THU APR 24 2014


...................................

...THE CORPUS CHRISTI CLIMATE SUMMARY FOR APRIL 23 2014...

CLIMATE NORMAL PERIOD 1981 TO 2010
CLIMATE RECORD PERIOD 1887 TO 2014


WEATHER ITEM   OBSERVED TIME   RECORD YEAR NORMAL DEPARTURE LAST
                VALUE   (LST)  VALUE       VALUE  FROM      YEAR
                                                  NORMAL
..................................................................
TEMPERATURE (F)
 YESTERDAY
  MAXIMUM         88    116 PM 102    1955  83      5       85
  MINIMUM         68    637 AM  48    1998  65      3       71
  AVERAGE         78                        74      4       78

PRECIPITATION (IN)
  YESTERDAY        0.00          7.19 1956   0.07  -0.07     0.00
  MONTH TO DATE    0.45                      1.35  -0.90     0.17
  SINCE MAR 1      2.10                      3.24  -1.14     0.23
  SINCE JAN 1      3.01                      6.71  -3.70     1.92

SNOWFALL (IN)
  YESTERDAY        0.0
  MONTH TO DATE    0.0
  SINCE MAR 1      0.0
  SINCE JUL 1      T
  SNOW DEPTH       0

DEGREE DAYS
 HEATING
  YESTERDAY        0                         0      0        0
  MONTH TO DATE   14                        15     -1        9
  SINCE MAR 1    146                        96     50       73
  SINCE JUL 1   1145                       896    249      525

 COOLING
  YESTERDAY       13                         9      4       13
  MONTH TO DATE  170                       169      1      188
  SINCE MAR 1    254                       284    -30      345
  SINCE JAN 1    331                       360    -29      489
..................................................................


WIND (MPH)
  HIGHEST WIND SPEED    25   HIGHEST WIND DIRECTION    SE (140)
  HIGHEST GUST SPEED    32   HIGHEST GUST DIRECTION    SE (120)
  AVERAGE WIND SPEED    13.8


SKY COVER
  POSSIBLE SUNSHINE  MM
  AVERAGE SKY COVER 0.4


WEATHER CONDITIONS
 THE FOLLOWING WEATHER WAS RECORDED YESTERDAY.
  FOG
  HAZE


RELATIVE HUMIDITY (PERCENT)
 HIGHEST    97           700 AM
 LOWEST     46           200 PM
 AVERAGE    72

..........................................................


THE CORPUS CHRISTI CLIMATE NORMALS FOR TODAY
                         NORMAL    RECORD    YEAR
 MAXIMUM TEMPERATURE (F)   83        94      1953
 MINIMUM TEMPERATURE (F)   65        49      1983


SUNRISE AND SUNSET
APRIL 24 2014.........SUNRISE   656 AM CDT   SUNSET   800 PM CDT
APRIL 25 2014.........SUNRISE   656 AM CDT   SUNSET   801 PM CDT


-  INDICATES NEGATIVE NUMBERS.
R  INDICATES RECORD WAS SET OR TIED.
MM INDICATES DATA IS MISSING.
T  INDICATES TRACE AMOUNT.

$$
