000
CDUS44 KCRP 040741
CLICRP

CLIMATE REPORT
NATIONAL WEATHER SERVICE CORPUS CHRISTI TX

240 AM CDT TUE AUG 4 2015


...................................

...THE CORPUS CHRISTI CLIMATE SUMMARY FOR AUGUST 3 2015...

CLIMATE NORMAL PERIOD 1981 TO 2010
CLIMATE RECORD PERIOD 1887 TO 2015


WEATHER ITEM   OBSERVED TIME   RECORD YEAR NORMAL DEPARTURE LAST
                VALUE   (LST)  VALUE       VALUE  FROM      YEAR
                                                  NORMAL
..................................................................
TEMPERATURE (F)
 YESTERDAY
  MAXIMUM         90    357 PM  99    2011  95     -5       96
                                      1998
  MINIMUM         73    509 AM  67    1949  75     -2       72
  AVERAGE         82                        85     -3       84

PRECIPITATION (IN)
  YESTERDAY        2.09          6.38 1970   0.06   2.03     0.00
  MONTH TO DATE    2.09                      0.17   1.92     0.74
  SINCE JUN 1      4.91                      6.32  -1.41     2.89
  SINCE JAN 1     35.17                     16.59  18.58     9.99

SNOWFALL (IN)
  YESTERDAY        0.0
  MONTH TO DATE    0.0
  SINCE JUN 1      0.0
  SINCE JUL 1      0.0
  SNOW DEPTH       0

DEGREE DAYS
 HEATING
  YESTERDAY        0                         0      0        0
  MONTH TO DATE    0                         0      0        0
  SINCE JUN 1      0                         0      0        0
  SINCE JUL 1      0                         0      0        0

 COOLING
  YESTERDAY       17                        20     -3       19
  MONTH TO DATE   58                        60     -2       58
  SINCE JUN 1   1242                      1169     73     1285
  SINCE JAN 1   2072                      2010     62     2091
..................................................................


WIND (MPH)
  HIGHEST WIND SPEED    26   HIGHEST WIND DIRECTION    NE (60)
  HIGHEST GUST SPEED    33   HIGHEST GUST DIRECTION    SE (120)
  AVERAGE WIND SPEED     9.1


SKY COVER
  POSSIBLE SUNSHINE  MM
  AVERAGE SKY COVER 0.5


WEATHER CONDITIONS
 THE FOLLOWING WEATHER WAS RECORDED YESTERDAY.
  THUNDERSTORM
  HEAVY RAIN
  RAIN
  LIGHT RAIN
  FOG


RELATIVE HUMIDITY (PERCENT)
 HIGHEST    94           300 AM
 LOWEST     55          1000 AM
 AVERAGE    75

..........................................................


THE CORPUS CHRISTI CLIMATE NORMALS FOR TODAY
                         NORMAL    RECORD    YEAR
 MAXIMUM TEMPERATURE (F)   95       100      2011
                                             1990
 MINIMUM TEMPERATURE (F)   75        72      2008
                                             1999
                                             1976


SUNRISE AND SUNSET
AUGUST  4 2015........SUNRISE   654 AM CDT   SUNSET   817 PM CDT
AUGUST  5 2015........SUNRISE   655 AM CDT   SUNSET   817 PM CDT


-  INDICATES NEGATIVE NUMBERS.
R  INDICATES RECORD WAS SET OR TIED.
MM INDICATES DATA IS MISSING.
T  INDICATES TRACE AMOUNT.




$$
