000
CDUS44 KCRP 030645
CLICRP

CLIMATE REPORT
NATIONAL WEATHER SERVICE CORPUS CHRISTI TX
145 AM CDT TUE MAY 3 2016


...THE CORPUS CHRISTI CLIMATE SUMMARY FOR MAY 2 2016...

CLIMATE NORMAL PERIOD 1981 TO 2010
CLIMATE RECORD PERIOD 1887 TO 2016


WEATHER ITEM   OBSERVED TIME   RECORD YEAR NORMAL DEPARTURE LAST
                VALUE   (LST)  VALUE       VALUE  FROM      YEAR
                                                  NORMAL
..................................................................
TEMPERATURE (F)
 YESTERDAY
  MAXIMUM         78   1221 AM  98    1964  84     -6       81
  MINIMUM         66   1159 PM  50    1976  67     -1       59
  AVERAGE         72                        76     -4       70

PRECIPITATION (IN)
  YESTERDAY        T             2.96 1981   0.08  -0.08     0.00
  MONTH TO DATE    T                         0.16  -0.16     0.00
  SINCE MAR 1      9.94                      3.89   6.05    12.49
  SINCE JAN 1     12.23                      7.36   4.87    15.94

SNOWFALL (IN)
  YESTERDAY        0.0
  MONTH TO DATE    0.0
  SINCE MAR 1      0.0
  SINCE JUL 1      0.0
  SNOW DEPTH       0

DEGREE DAYS
 HEATING
  YESTERDAY        0                         0      0        0
  MONTH TO DATE    0                         0      0        0
  SINCE MAR 1     21                        98    -77      116
  SINCE JUL 1    640                       898   -258     1053

 COOLING
  YESTERDAY        7                        11     -4        5
  MONTH TO DATE   26                        22      4       10
  SINCE MAR 1    524                       374    150      366
  SINCE JAN 1    601                       450    151      394
..................................................................


WIND (MPH)
  HIGHEST WIND SPEED    25   HIGHEST WIND DIRECTION     N (360)
  HIGHEST GUST SPEED    31   HIGHEST GUST DIRECTION    NE (30)
  AVERAGE WIND SPEED    17.1


SKY COVER
  POSSIBLE SUNSHINE  MM
  AVERAGE SKY COVER 1.0


WEATHER CONDITIONS
 THE FOLLOWING WEATHER WAS RECORDED YESTERDAY.
  LIGHT RAIN


RELATIVE HUMIDITY (PERCENT)
 HIGHEST    85          1200 AM
 LOWEST     50           300 PM
 AVERAGE    68

..........................................................


THE CORPUS CHRISTI CLIMATE NORMALS FOR TODAY
                         NORMAL    RECORD    YEAR
 MAXIMUM TEMPERATURE (F)   85       103      1984
 MINIMUM TEMPERATURE (F)   67        52      2004


SUNRISE AND SUNSET
MAY  3 2016...........SUNRISE   648 AM CDT   SUNSET   806 PM CDT
MAY  4 2016...........SUNRISE   648 AM CDT   SUNSET   806 PM CDT


-  INDICATES NEGATIVE NUMBERS.
R  INDICATES RECORD WAS SET OR TIED.
MM INDICATES DATA IS MISSING.
T  INDICATES TRACE AMOUNT.

$$

TMT
