000
CDUS44 KCRP 281006
CLICRP

CLIMATE REPORT
NATIONAL WEATHER SERVICE CORPUS CHRISTI TX
406 AM CST SAT FEB 28 2015


...................................

...THE CORPUS CHRISTI CLIMATE SUMMARY FOR FEBRUARY 27 2015...

CLIMATE NORMAL PERIOD 1981 TO 2010
CLIMATE RECORD PERIOD 1887 TO 2015


WEATHER ITEM   OBSERVED TIME   RECORD YEAR NORMAL DEPARTURE LAST
                VALUE   (LST)  VALUE       VALUE  FROM      YEAR
                                                  NORMAL
..................................................................
TEMPERATURE (F)
 YESTERDAY
  MAXIMUM         55    200 PM  96    1954  73    -18       59
  MINIMUM         40    747 AM  24    2002  53    -13       38
  AVERAGE         48                        63    -15       49

PRECIPITATION (IN)
  YESTERDAY        T             1.26 1985   0.08  -0.08     0.00
  MONTH TO DATE    1.02                      1.84  -0.82     0.24
  SINCE DEC 1      4.10                      5.21  -1.11     1.20
  SINCE JAN 1      3.06                      3.38  -0.32     0.91

SNOWFALL (IN)
  YESTERDAY       MM
  MONTH TO DATE    0.0
  SINCE DEC 1      0.0
  SINCE JUL 1      0.0
  SNOW DEPTH       0

DEGREE DAYS
 HEATING
  YESTERDAY       17                         5     12       16
  MONTH TO DATE  216                       170     46      233
  SINCE DEC 1    761                       696     65      842
  SINCE JUL 1    922                       797    125      999

 COOLING
  YESTERDAY        0                         2     -2        0
  MONTH TO DATE   25                        47    -22       74
  SINCE DEC 1     87                       126    -39      112
  SINCE JAN 1     28                        77    -49       76
..................................................................


WIND (MPH)
  HIGHEST WIND SPEED    26   HIGHEST WIND DIRECTION    NE (30)
  HIGHEST GUST SPEED    34   HIGHEST GUST DIRECTION    NE (50)
  AVERAGE WIND SPEED    18.9


SKY COVER
  POSSIBLE SUNSHINE  MM
  AVERAGE SKY COVER 0.9


WEATHER CONDITIONS
 THE FOLLOWING WEATHER WAS RECORDED YESTERDAY.
  LIGHT RAIN
  FOG
  HAZE


RELATIVE HUMIDITY (PERCENT)
 HIGHEST    92          1100 PM
 LOWEST     68           100 PM
 AVERAGE    80

..........................................................


THE CORPUS CHRISTI CLIMATE NORMALS FOR TODAY
                         NORMAL    RECORD    YEAR
 MAXIMUM TEMPERATURE (F)   73        94      1940
 MINIMUM TEMPERATURE (F)   53        30      1890


SUNRISE AND SUNSET
FEBRUARY 28 2015......SUNRISE   656 AM CST   SUNSET   630 PM CST
MARCH  1 2015.........SUNRISE   655 AM CST   SUNSET   630 PM CST


-  INDICATES NEGATIVE NUMBERS.
R  INDICATES RECORD WAS SET OR TIED.
MM INDICATES DATA IS MISSING.
T  INDICATES TRACE AMOUNT.




$$
