000
CDUS44 KCRP 260059
CLICRP

CLIMATE REPORT
NATIONAL WEATHER SERVICE CORPUS CHRISTI TX
757 PM CDT SUN SEP 25 2016


...................................

...THE CORPUS CHRISTI CLIMATE SUMMARY FOR SEPTEMBER 25 2016...
VALID TODAY AS OF 700 PM LOCAL TIME.

CLIMATE NORMAL PERIOD 1981 TO 2010
CLIMATE RECORD PERIOD 1887 TO 2016


WEATHER ITEM   OBSERVED TIME   RECORD YEAR NORMAL DEPARTURE LAST
                VALUE   (LST)  VALUE       VALUE  FROM      YEAR
                                                  NORMAL
..................................................................
TEMPERATURE (F)
 TODAY
  MAXIMUM         90    238 PM 103    2011  88      2       91
  MINIMUM         77    548 AM  57    1989  70      7       74
  AVERAGE         84                        79      5       83

PRECIPITATION (IN)
  TODAY            T             4.17 1913   0.15  -0.15      T
  MONTH TO DATE    0.89                      4.26  -3.37     2.46
  SINCE SEP 1      0.89                      4.26  -3.37     2.46
  SINCE JAN 1     26.18                     23.60   2.58    38.47

SNOWFALL (IN)
  TODAY            0.0
  MONTH TO DATE    0.0
  SINCE SEP 1      0.0
  SINCE JUL 1      0.0
  SNOW DEPTH       0

DEGREE DAYS
 HEATING
  TODAY            0                         0      0        0
  MONTH TO DATE    0                         0      0        0
  SINCE SEP 1      0                         0      0        0
  SINCE JUL 1      0                         0      0        0

 COOLING
  TODAY           19                        14      5       18
  MONTH TO DATE  530                       414    116      446
  SINCE SEP 1    530                       414    116      446
  SINCE JAN 1   3447                      2975    472     3103
..................................................................


WIND (MPH)
  HIGHEST WIND SPEED    24   HIGHEST WIND DIRECTION    SE (120)
  HIGHEST GUST SPEED    32   HIGHEST GUST DIRECTION    SE (130)


SKY COVER
  POSSIBLE SUNSHINE  MM
  AVERAGE SKY COVER 0.7


WEATHER CONDITIONS
 THE FOLLOWING WEATHER WAS RECORDED TODAY.
  THUNDERSTORM
  LIGHT RAIN
  FOG
  HAZE


RELATIVE HUMIDITY (PERCENT)
 HIGHEST    91          1200 AM
 LOWEST     68           100 PM
 AVERAGE    80

..........................................................


THE CORPUS CHRISTI CLIMATE NORMALS FOR TOMORROW
                         NORMAL    RECORD    YEAR
 MAXIMUM TEMPERATURE (F)   88       100      2011
 MINIMUM TEMPERATURE (F)   70        53      2000


SUNRISE AND SUNSET
SEPTEMBER 25 2016.....SUNRISE   720 AM CDT   SUNSET   722 PM CDT
SEPTEMBER 26 2016.....SUNRISE   721 AM CDT   SUNSET   721 PM CDT


-  INDICATES NEGATIVE NUMBERS.
R  INDICATES RECORD WAS SET OR TIED.
MM INDICATES DATA IS MISSING.
T  INDICATES TRACE AMOUNT.




$$
