000
CDUS44 KCRP 280841
CLICRP

CLIMATE REPORT
NATIONAL WEATHER SERVICE CORPUS CHRISTI TX
240 AM CST WED JAN 28 2015


...................................

...THE CORPUS CHRISTI CLIMATE SUMMARY FOR JANUARY 27 2015...

CLIMATE NORMAL PERIOD 1981 TO 2010
CLIMATE RECORD PERIOD 1887 TO 2015


WEATHER ITEM   OBSERVED TIME   RECORD YEAR NORMAL DEPARTURE LAST
                VALUE   (LST)  VALUE       VALUE  FROM      YEAR
                                                  NORMAL
..................................................................
TEMPERATURE (F)
 YESTERDAY
  MAXIMUM         82    328 PM  84    1972  68     14       73
  MINIMUM         45    725 AM  22    1897  48     -3       48
  AVERAGE         64                        58      6       61

PRECIPITATION (IN)
  YESTERDAY        0.00          1.60 1899   0.05  -0.05     0.00
  MONTH TO DATE    1.99                      1.35   0.64     0.67
  SINCE DEC 1      3.03                      3.18  -0.15     0.96
  SINCE JAN 1      1.99                      1.35   0.64     0.67

SNOWFALL (IN)
  YESTERDAY        0.0
  MONTH TO DATE    0.0
  SINCE DEC 1      0.0
  SINCE JUL 1      0.0
  SNOW DEPTH       0

DEGREE DAYS
 HEATING
  YESTERDAY        1                         8     -7        4
  MONTH TO DATE  384                       239    145      258
  SINCE DEC 1    538                       489     49      557
  SINCE JUL 1    699                       590    109      714

 COOLING
  YESTERDAY        0                         1     -1        0
  MONTH TO DATE    2                        27    -25        2
  SINCE DEC 1     61                        76    -15       38
  SINCE JAN 1      2                        27    -25        2
..................................................................


WIND (MPH)
  HIGHEST WIND SPEED    14   HIGHEST WIND DIRECTION     W (270)
  HIGHEST GUST SPEED    18   HIGHEST GUST DIRECTION     W (250)
  AVERAGE WIND SPEED     7.7


SKY COVER
  POSSIBLE SUNSHINE  MM
  AVERAGE SKY COVER 0.2


WEATHER CONDITIONS
 THE FOLLOWING WEATHER WAS RECORDED YESTERDAY.
  NO SIGNIFICANT WEATHER WAS OBSERVED.


RELATIVE HUMIDITY (PERCENT)
 HIGHEST    86           200 AM
 LOWEST     21           300 PM
 AVERAGE    54

..........................................................


THE CORPUS CHRISTI CLIMATE NORMALS FOR TODAY
                         NORMAL    RECORD    YEAR
 MAXIMUM TEMPERATURE (F)   68        83      1977
 MINIMUM TEMPERATURE (F)   48        25      1948


SUNRISE AND SUNSET
JANUARY 28 2015.......SUNRISE   719 AM CST   SUNSET   607 PM CST
JANUARY 29 2015.......SUNRISE   718 AM CST   SUNSET   608 PM CST


-  INDICATES NEGATIVE NUMBERS.
R  INDICATES RECORD WAS SET OR TIED.
MM INDICATES DATA IS MISSING.
T  INDICATES TRACE AMOUNT.




$$
